{"id":22385,"date":"2023-02-01T10:44:02","date_gmt":"2023-02-01T09:44:02","guid":{"rendered":"https:\/\/www.blecha.at\/?page_id=22385"},"modified":"2024-01-31T09:08:07","modified_gmt":"2024-01-31T08:08:07","slug":"t-kusy","status":"publish","type":"page","link":"https:\/\/www.blecha.at\/cs\/produkty\/fittings\/t-kusy\/","title":{"rendered":"T-kusy"},"content":{"rendered":"","protected":false},"excerpt":{"rendered":"","protected":false},"author":2,"featured_media":0,"parent":26611,"menu_order":0,"comment_status":"closed","ping_status":"closed","template":"page-zaunsysteme-details.php","meta":{"_acf_changed":false,"footnotes":""},"class_list":["post-22385","page","type-page","status-publish","hentry"],"acf":[],"yoast_head":"<!-- This site is optimized with the Yoast SEO plugin v27.3 - https:\/\/yoast.com\/product\/yoast-seo-wordpress\/ -->\n<title>T-kusy | BLECHA Aluprofile<\/title>\n<meta name=\"description\" content=\"Objevte na\u0161e vysoce kvalitn\u00ed T-kusy vyroben\u00e9 z hlin\u00edku. Na\u0161e hlin\u00edkov\u00e9 T-kusy jsou ide\u00e1ln\u00ed volbou pro konstrukce, kde jsou vy\u017eadov\u00e1ny odbo\u010dky a spoje. Se \u0161irokou \u0161k\u00e1lou odpali\u0161\u0165, v\u010detn\u011b redukovan\u00fdch odpali\u0161\u0165, v\u00e1m nab\u00edz\u00edme n\u00e1stroje k vytvo\u0159en\u00ed flexibiln\u00edch a stabiln\u00edch struktur. Na\u0161e hlin\u00edkov\u00e9 T-kusy spl\u0148uj\u00ed nejvy\u0161\u0161\u00ed standardy kvality a jsou z\u00e1kladem pro odoln\u00e9 a p\u0159esn\u00e9 konstrukce.\" \/>\n<meta name=\"robots\" content=\"index, follow, max-snippet:-1, max-image-preview:large, max-video-preview:-1\" \/>\n<link rel=\"canonical\" href=\"https:\/\/www.blecha.at\/cs\/produkty\/fittings\/t-kusy\/\" \/>\n<meta property=\"og:locale\" content=\"cs_CZ\" \/>\n<meta property=\"og:type\" content=\"article\" \/>\n<meta property=\"og:title\" content=\"T-kusy | BLECHA Aluprofile\" \/>\n<meta property=\"og:description\" content=\"Objevte na\u0161e vysoce kvalitn\u00ed T-kusy vyroben\u00e9 z hlin\u00edku. Na\u0161e hlin\u00edkov\u00e9 T-kusy jsou ide\u00e1ln\u00ed volbou pro konstrukce, kde jsou vy\u017eadov\u00e1ny odbo\u010dky a spoje. Se \u0161irokou \u0161k\u00e1lou odpali\u0161\u0165, v\u010detn\u011b redukovan\u00fdch odpali\u0161\u0165, v\u00e1m nab\u00edz\u00edme n\u00e1stroje k vytvo\u0159en\u00ed flexibiln\u00edch a stabiln\u00edch struktur. Na\u0161e hlin\u00edkov\u00e9 T-kusy spl\u0148uj\u00ed nejvy\u0161\u0161\u00ed standardy kvality a jsou z\u00e1kladem pro odoln\u00e9 a p\u0159esn\u00e9 konstrukce.\" \/>\n<meta property=\"og:url\" content=\"https:\/\/www.blecha.at\/cs\/produkty\/fittings\/t-kusy\/\" \/>\n<meta property=\"og:site_name\" content=\"BLECHA\" \/>\n<meta property=\"article:modified_time\" content=\"2024-01-31T08:08:07+00:00\" \/>\n<meta property=\"og:image\" content=\"https:\/\/www.blecha.at\/wp-content\/uploads\/2021\/02\/blecha-unternehmen-auswahl-gebaeude-3-scaled.jpg\" \/>\n\t<meta property=\"og:image:width\" content=\"2560\" \/>\n\t<meta property=\"og:image:height\" content=\"1642\" \/>\n\t<meta property=\"og:image:type\" content=\"image\/jpeg\" \/>\n<meta name=\"twitter:card\" content=\"summary_large_image\" \/>\n<script type=\"application\/ld+json\" class=\"yoast-schema-graph\">{\"@context\":\"https:\\\/\\\/schema.org\",\"@graph\":[{\"@type\":\"WebPage\",\"@id\":\"https:\\\/\\\/www.blecha.at\\\/cs\\\/produkty\\\/fittings\\\/t-kusy\\\/\",\"url\":\"https:\\\/\\\/www.blecha.at\\\/cs\\\/produkty\\\/fittings\\\/t-kusy\\\/\",\"name\":\"T-kusy | BLECHA Aluprofile\",\"isPartOf\":{\"@id\":\"https:\\\/\\\/www.blecha.at\\\/#website\"},\"datePublished\":\"2023-02-01T09:44:02+00:00\",\"dateModified\":\"2024-01-31T08:08:07+00:00\",\"description\":\"Objevte na\u0161e vysoce kvalitn\u00ed T-kusy vyroben\u00e9 z hlin\u00edku. Na\u0161e hlin\u00edkov\u00e9 T-kusy jsou ide\u00e1ln\u00ed volbou pro konstrukce, kde jsou vy\u017eadov\u00e1ny odbo\u010dky a spoje. Se \u0161irokou \u0161k\u00e1lou odpali\u0161\u0165, v\u010detn\u011b redukovan\u00fdch odpali\u0161\u0165, v\u00e1m nab\u00edz\u00edme n\u00e1stroje k vytvo\u0159en\u00ed flexibiln\u00edch a stabiln\u00edch struktur. Na\u0161e hlin\u00edkov\u00e9 T-kusy spl\u0148uj\u00ed nejvy\u0161\u0161\u00ed standardy kvality a jsou z\u00e1kladem pro odoln\u00e9 a p\u0159esn\u00e9 konstrukce.\",\"breadcrumb\":{\"@id\":\"https:\\\/\\\/www.blecha.at\\\/cs\\\/produkty\\\/fittings\\\/t-kusy\\\/#breadcrumb\"},\"inLanguage\":\"cs\",\"potentialAction\":[{\"@type\":\"ReadAction\",\"target\":[\"https:\\\/\\\/www.blecha.at\\\/cs\\\/produkty\\\/fittings\\\/t-kusy\\\/\"]}]},{\"@type\":\"BreadcrumbList\",\"@id\":\"https:\\\/\\\/www.blecha.at\\\/cs\\\/produkty\\\/fittings\\\/t-kusy\\\/#breadcrumb\",\"itemListElement\":[{\"@type\":\"ListItem\",\"position\":1,\"name\":\"Home\",\"item\":\"https:\\\/\\\/www.blecha.at\\\/cs\\\/\"},{\"@type\":\"ListItem\",\"position\":2,\"name\":\"Produkty\",\"item\":\"https:\\\/\\\/www.blecha.at\\\/cs\\\/produkty\\\/\"},{\"@type\":\"ListItem\",\"position\":3,\"name\":\"Tvarovky\",\"item\":\"https:\\\/\\\/www.blecha.at\\\/cs\\\/produkty\\\/fittings\\\/\"},{\"@type\":\"ListItem\",\"position\":4,\"name\":\"T-kusy\"}]},{\"@type\":\"WebSite\",\"@id\":\"https:\\\/\\\/www.blecha.at\\\/#website\",\"url\":\"https:\\\/\\\/www.blecha.at\\\/\",\"name\":\"BLECHA\",\"description\":\"Eine weitere WordPress-Website\",\"potentialAction\":[{\"@type\":\"SearchAction\",\"target\":{\"@type\":\"EntryPoint\",\"urlTemplate\":\"https:\\\/\\\/www.blecha.at\\\/?s={search_term_string}\"},\"query-input\":{\"@type\":\"PropertyValueSpecification\",\"valueRequired\":true,\"valueName\":\"search_term_string\"}}],\"inLanguage\":\"cs\"}]}<\/script>\n<!-- \/ Yoast SEO plugin. -->","yoast_head_json":{"title":"T-kusy | BLECHA Aluprofile","description":"Objevte na\u0161e vysoce kvalitn\u00ed T-kusy vyroben\u00e9 z hlin\u00edku. Na\u0161e hlin\u00edkov\u00e9 T-kusy jsou ide\u00e1ln\u00ed volbou pro konstrukce, kde jsou vy\u017eadov\u00e1ny odbo\u010dky a spoje. Se \u0161irokou \u0161k\u00e1lou odpali\u0161\u0165, v\u010detn\u011b redukovan\u00fdch odpali\u0161\u0165, v\u00e1m nab\u00edz\u00edme n\u00e1stroje k vytvo\u0159en\u00ed flexibiln\u00edch a stabiln\u00edch struktur. Na\u0161e hlin\u00edkov\u00e9 T-kusy spl\u0148uj\u00ed nejvy\u0161\u0161\u00ed standardy kvality a jsou z\u00e1kladem pro odoln\u00e9 a p\u0159esn\u00e9 konstrukce.","robots":{"index":"index","follow":"follow","max-snippet":"max-snippet:-1","max-image-preview":"max-image-preview:large","max-video-preview":"max-video-preview:-1"},"canonical":"https:\/\/www.blecha.at\/cs\/produkty\/fittings\/t-kusy\/","og_locale":"cs_CZ","og_type":"article","og_title":"T-kusy | BLECHA Aluprofile","og_description":"Objevte na\u0161e vysoce kvalitn\u00ed T-kusy vyroben\u00e9 z hlin\u00edku. Na\u0161e hlin\u00edkov\u00e9 T-kusy jsou ide\u00e1ln\u00ed volbou pro konstrukce, kde jsou vy\u017eadov\u00e1ny odbo\u010dky a spoje. Se \u0161irokou \u0161k\u00e1lou odpali\u0161\u0165, v\u010detn\u011b redukovan\u00fdch odpali\u0161\u0165, v\u00e1m nab\u00edz\u00edme n\u00e1stroje k vytvo\u0159en\u00ed flexibiln\u00edch a stabiln\u00edch struktur. Na\u0161e hlin\u00edkov\u00e9 T-kusy spl\u0148uj\u00ed nejvy\u0161\u0161\u00ed standardy kvality a jsou z\u00e1kladem pro odoln\u00e9 a p\u0159esn\u00e9 konstrukce.","og_url":"https:\/\/www.blecha.at\/cs\/produkty\/fittings\/t-kusy\/","og_site_name":"BLECHA","article_modified_time":"2024-01-31T08:08:07+00:00","og_image":[{"width":2560,"height":1642,"url":"https:\/\/www.blecha.at\/wp-content\/uploads\/2021\/02\/blecha-unternehmen-auswahl-gebaeude-3-scaled.jpg","type":"image\/jpeg"}],"twitter_card":"summary_large_image","schema":{"@context":"https:\/\/schema.org","@graph":[{"@type":"WebPage","@id":"https:\/\/www.blecha.at\/cs\/produkty\/fittings\/t-kusy\/","url":"https:\/\/www.blecha.at\/cs\/produkty\/fittings\/t-kusy\/","name":"T-kusy | BLECHA Aluprofile","isPartOf":{"@id":"https:\/\/www.blecha.at\/#website"},"datePublished":"2023-02-01T09:44:02+00:00","dateModified":"2024-01-31T08:08:07+00:00","description":"Objevte na\u0161e vysoce kvalitn\u00ed T-kusy vyroben\u00e9 z hlin\u00edku. Na\u0161e hlin\u00edkov\u00e9 T-kusy jsou ide\u00e1ln\u00ed volbou pro konstrukce, kde jsou vy\u017eadov\u00e1ny odbo\u010dky a spoje. Se \u0161irokou \u0161k\u00e1lou odpali\u0161\u0165, v\u010detn\u011b redukovan\u00fdch odpali\u0161\u0165, v\u00e1m nab\u00edz\u00edme n\u00e1stroje k vytvo\u0159en\u00ed flexibiln\u00edch a stabiln\u00edch struktur. Na\u0161e hlin\u00edkov\u00e9 T-kusy spl\u0148uj\u00ed nejvy\u0161\u0161\u00ed standardy kvality a jsou z\u00e1kladem pro odoln\u00e9 a p\u0159esn\u00e9 konstrukce.","breadcrumb":{"@id":"https:\/\/www.blecha.at\/cs\/produkty\/fittings\/t-kusy\/#breadcrumb"},"inLanguage":"cs","potentialAction":[{"@type":"ReadAction","target":["https:\/\/www.blecha.at\/cs\/produkty\/fittings\/t-kusy\/"]}]},{"@type":"BreadcrumbList","@id":"https:\/\/www.blecha.at\/cs\/produkty\/fittings\/t-kusy\/#breadcrumb","itemListElement":[{"@type":"ListItem","position":1,"name":"Home","item":"https:\/\/www.blecha.at\/cs\/"},{"@type":"ListItem","position":2,"name":"Produkty","item":"https:\/\/www.blecha.at\/cs\/produkty\/"},{"@type":"ListItem","position":3,"name":"Tvarovky","item":"https:\/\/www.blecha.at\/cs\/produkty\/fittings\/"},{"@type":"ListItem","position":4,"name":"T-kusy"}]},{"@type":"WebSite","@id":"https:\/\/www.blecha.at\/#website","url":"https:\/\/www.blecha.at\/","name":"BLECHA","description":"Eine weitere WordPress-Website","potentialAction":[{"@type":"SearchAction","target":{"@type":"EntryPoint","urlTemplate":"https:\/\/www.blecha.at\/?s={search_term_string}"},"query-input":{"@type":"PropertyValueSpecification","valueRequired":true,"valueName":"search_term_string"}}],"inLanguage":"cs"}]}},"_links":{"self":[{"href":"https:\/\/www.blecha.at\/cs\/wp-json\/wp\/v2\/pages\/22385","targetHints":{"allow":["GET"]}}],"collection":[{"href":"https:\/\/www.blecha.at\/cs\/wp-json\/wp\/v2\/pages"}],"about":[{"href":"https:\/\/www.blecha.at\/cs\/wp-json\/wp\/v2\/types\/page"}],"author":[{"embeddable":true,"href":"https:\/\/www.blecha.at\/cs\/wp-json\/wp\/v2\/users\/2"}],"replies":[{"embeddable":true,"href":"https:\/\/www.blecha.at\/cs\/wp-json\/wp\/v2\/comments?post=22385"}],"version-history":[{"count":31,"href":"https:\/\/www.blecha.at\/cs\/wp-json\/wp\/v2\/pages\/22385\/revisions"}],"predecessor-version":[{"id":26843,"href":"https:\/\/www.blecha.at\/cs\/wp-json\/wp\/v2\/pages\/22385\/revisions\/26843"}],"up":[{"embeddable":true,"href":"https:\/\/www.blecha.at\/cs\/wp-json\/wp\/v2\/pages\/26611"}],"wp:attachment":[{"href":"https:\/\/www.blecha.at\/cs\/wp-json\/wp\/v2\/media?parent=22385"}],"curies":[{"name":"wp","href":"https:\/\/api.w.org\/{rel}","templated":true}]}}

<!-- This site is optimized with the Yoast SEO plugin v27.3 - https://yoast.com/product/yoast-seo-wordpress/ -->
<title>T-kusy | BLECHA Aluprofile</title>
<meta name="description" content="Objevte naše vysoce kvalitní T-kusy vyrobené z hliníku. Naše hliníkové T-kusy jsou ideální volbou pro konstrukce, kde jsou vyžadovány odbočky a spoje. Se širokou škálou odpališť, včetně redukovaných odpališť, vám nabízíme nástroje k vytvoření flexibilních a stabilních struktur. Naše hliníkové T-kusy splňují nejvyšší standardy kvality a jsou základem pro odolné a přesné konstrukce." />
<meta name="robots" content="index, follow, max-snippet:-1, max-image-preview:large, max-video-preview:-1" />
<link rel="canonical" href="https://www.blecha.at/cs/produkty/fittings/t-kusy/" />
<meta property="og:locale" content="cs_CZ" />
<meta property="og:type" content="article" />
<meta property="og:title" content="T-kusy | BLECHA Aluprofile" />
<meta property="og:description" content="Objevte naše vysoce kvalitní T-kusy vyrobené z hliníku. Naše hliníkové T-kusy jsou ideální volbou pro konstrukce, kde jsou vyžadovány odbočky a spoje. Se širokou škálou odpališť, včetně redukovaných odpališť, vám nabízíme nástroje k vytvoření flexibilních a stabilních struktur. Naše hliníkové T-kusy splňují nejvyšší standardy kvality a jsou základem pro odolné a přesné konstrukce." />
<meta property="og:url" content="https://www.blecha.at/cs/produkty/fittings/t-kusy/" />
<meta property="og:site_name" content="BLECHA" />
<meta property="article:modified_time" content="2024-01-31T08:08:07+00:00" />
<meta property="og:image" content="https://www.blecha.at/wp-content/uploads/2021/02/blecha-unternehmen-auswahl-gebaeude-3-scaled.jpg" />
	<meta property="og:image:width" content="2560" />
	<meta property="og:image:height" content="1642" />
	<meta property="og:image:type" content="image/jpeg" />
<meta name="twitter:card" content="summary_large_image" />
<script type="application/ld+json" class="yoast-schema-graph">{"@context":"https:\/\/schema.org","@graph":[{"@type":"WebPage","@id":"https:\/\/www.blecha.at\/cs\/produkty\/fittings\/t-kusy\/","url":"https:\/\/www.blecha.at\/cs\/produkty\/fittings\/t-kusy\/","name":"T-kusy | BLECHA Aluprofile","isPartOf":{"@id":"https:\/\/www.blecha.at\/#website"},"datePublished":"2023-02-01T09:44:02+00:00","dateModified":"2024-01-31T08:08:07+00:00","description":"Objevte naše vysoce kvalitní T-kusy vyrobené z hliníku. Naše hliníkové T-kusy jsou ideální volbou pro konstrukce, kde jsou vyžadovány odbočky a spoje. Se širokou škálou odpališť, včetně redukovaných odpališť, vám nabízíme nástroje k vytvoření flexibilních a stabilních struktur. Naše hliníkové T-kusy splňují nejvyšší standardy kvality a jsou základem pro odolné a přesné konstrukce.","breadcrumb":{"@id":"https:\/\/www.blecha.at\/cs\/produkty\/fittings\/t-kusy\/#breadcrumb"},"inLanguage":"cs","potentialAction":[{"@type":"ReadAction","target":["https:\/\/www.blecha.at\/cs\/produkty\/fittings\/t-kusy\/"]}]},{"@type":"BreadcrumbList","@id":"https:\/\/www.blecha.at\/cs\/produkty\/fittings\/t-kusy\/#breadcrumb","itemListElement":[{"@type":"ListItem","position":1,"name":"Home","item":"https:\/\/www.blecha.at\/cs\/"},{"@type":"ListItem","position":2,"name":"Produkty","item":"https:\/\/www.blecha.at\/cs\/produkty\/"},{"@type":"ListItem","position":3,"name":"Tvarovky","item":"https:\/\/www.blecha.at\/cs\/produkty\/fittings\/"},{"@type":"ListItem","position":4,"name":"T-kusy"}]},{"@type":"WebSite","@id":"https:\/\/www.blecha.at\/#website","url":"https:\/\/www.blecha.at\/","name":"BLECHA","description":"Eine weitere WordPress-Website","potentialAction":[{"@type":"SearchAction","target":{"@type":"EntryPoint","urlTemplate":"https:\/\/www.blecha.at\/?s={search_term_string}"},"query-input":{"@type":"PropertyValueSpecification","valueRequired":true,"valueName":"search_term_string"}}],"inLanguage":"cs"}]}</script>
<!-- / Yoast SEO plugin. -->

Objevte naše vysoce kvalitní T-kusy vyrobené z hliníku. Naše hliníkové T-kusy jsou ideální volbou pro konstrukce, kde jsou vyžadovány odbočky a spoje. Se širokou škálou odpališť, včetně redukovaných odpališť, vám nabízíme nástroje k vytvoření flexibilních a stabilních struktur. Naše hliníkové T-kusy splňují nejvyšší standardy kvality a jsou základem pro odolné a přesné konstrukce.
