{"id":5565,"date":"2021-01-22T23:18:28","date_gmt":"2021-01-22T22:18:28","guid":{"rendered":"https:\/\/www.blecha.at\/produits\/bleche-und-platten\/"},"modified":"2022-02-22T13:51:07","modified_gmt":"2022-02-22T12:51:07","slug":"bleche-und-platten","status":"publish","type":"page","link":"https:\/\/www.blecha.at\/fr\/produits\/bleche-und-platten\/","title":{"rendered":"T\u00f4les et plaques"},"content":{"rendered":"\n<section id=\"sectionTwo\" class=\"mt-lg-n11 py-8 py-md-11 px-lg-9 border-left border-right border-right-lg-none bg-white\">\n\n\n<div class=\"wp-bootstrap-blocks-container container-fluid mb-0\">\n\t\n<div class=\"wp-bootstrap-blocks-row row\">\n\t\n\n<div class=\"col-12 col-md-10\">\n\t\t\t\n\n<h2 class=\"text-secondary scroll-fade-bottom-up visibility-hidden wp-block-heading\" id=\"toles-d-aluminium-stables-plaque-d-aluminium-et-aluminium-pur-revetu-anodise-ou-perfore\">T\u00f4les d&rsquo;aluminium stables, <br>plaque d&rsquo;aluminium et aluminium pur. <br>Rev\u00eatu, anodis\u00e9 ou perfor\u00e9.<\/h2>\n\n\n\n<p class=\"scroll-fade-bottom-up visibility-hidden\">Trouvez la bonne t\u00f4le d&rsquo;aluminium.&nbsp; Nous vous promettons de faciliter votre recherche. Que vous recherchiez des t\u00f4les ou des plaques d&rsquo;aluminium, des t\u00f4les lisses, des t\u00f4les gaufr\u00e9es, des t\u00f4les en aluminium pur ou en alliage d&rsquo;aluminium et de magn\u00e9sium, des t\u00f4les anodis\u00e9es et thermo laqu\u00e9es, des t\u00f4les perfor\u00e9es (perforations carr\u00e9es et perforations rondes) dans les formats 2000 x 1000 mm, 2500 x 1250 mm, 3000 x 1500 mm et 4000 x 2000 mm, consultez nos conseillers, nous trouverons certainement la bonne solution. Recevez vos produits en t\u00f4les et en plaques, combin\u00e9s de mani\u00e8re compacte en une seule livraison avec votre commande de profil\u00e9s.<\/p>\n\n\t<\/div>\n\n<\/div>\n\n<\/div>\n\n\n\n<\/section>\n\n\n\n<section data-jarallax=\"\" data-speed=\".8\" class=\"py-12 py-md-13 overlay overlay-black overlay-40 bg-cover jarallax\" style=\"background-image: url(\/wp-content\/uploads\/2021\/01\/blecha-aluminium-profile.jpg);\">\n  <div class=\"container\">\n    <div class=\"row mx-auto\">\n      <div class=\"col-12 col-md-10\">\n        <!-- Blockquote -->\n        <blockquote class=\"blockquote mb-0\"> \n          \n          <!-- Text -->\n          <p class=\"h2 text-white text-left font-regular scroll-fade-bottom-up visibility-hidden\">Si Blecha ne l&rsquo;a pas, alors personne ne l&rsquo;a. Parcourez notre gamme et trouvez les t\u00f4les et les plaques que vous d\u00e9sirez.\n<\/p>\n\n\n<div class=\"wp-bootstrap-blocks-button\">\n\t<a\n\t\thref=\"https:\/\/www.aluprofil.at\/fr\/toles-et-plaques\/toles-et-plaques\/\"\n\t\t\t\t\t\tclass=\"btn mt-4 scroll-fade-bottom-up visibility-hidden btn-secondary\"\n\t>\n\t\tVers la gamme\t<\/a>\n<\/div>\n\n\n\n<\/blockquote>\n      <\/div>\n    <\/div>\n  <\/div>\n<\/section>\n","protected":false},"excerpt":{"rendered":"Si Blecha ne l&rsquo;a pas, alors personne ne l&rsquo;a. Parcourez notre gamme et trouvez les t\u00f4les et les plaques que vous d\u00e9sirez.","protected":false},"author":2,"featured_media":5567,"parent":5412,"menu_order":0,"comment_status":"closed","ping_status":"closed","template":"page-produkte.php","meta":{"_acf_changed":false,"footnotes":""},"class_list":["post-5565","page","type-page","status-publish","has-post-thumbnail","hentry"],"acf":[],"yoast_head":"<!-- This site is optimized with the Yoast SEO plugin v27.3 - https:\/\/yoast.com\/product\/yoast-seo-wordpress\/ -->\n<title>T\u00f4les et plaques | BLECHA<\/title>\n<meta name=\"description\" content=\"T\u00f4les d&#039;aluminium stables, plaques d&#039;aluminium et aluminium pur dans diff\u00e9rents mod\u00e8les rev\u00eatu, anodis\u00e9 ou perfor\u00e9.\" \/>\n<meta name=\"robots\" content=\"index, follow, max-snippet:-1, max-image-preview:large, max-video-preview:-1\" \/>\n<link rel=\"canonical\" href=\"https:\/\/www.blecha.at\/fr\/produits\/bleche-und-platten\/\" \/>\n<meta property=\"og:locale\" content=\"fr_FR\" \/>\n<meta property=\"og:type\" content=\"article\" \/>\n<meta property=\"og:title\" content=\"T\u00f4les et plaques | BLECHA\" \/>\n<meta property=\"og:description\" content=\"T\u00f4les d&#039;aluminium stables, plaques d&#039;aluminium et aluminium pur dans diff\u00e9rents mod\u00e8les rev\u00eatu, anodis\u00e9 ou perfor\u00e9.\" \/>\n<meta property=\"og:url\" content=\"https:\/\/www.blecha.at\/fr\/produits\/bleche-und-platten\/\" \/>\n<meta property=\"og:site_name\" content=\"BLECHA\" \/>\n<meta property=\"article:modified_time\" content=\"2022-02-22T12:51:07+00:00\" \/>\n<meta property=\"og:image\" content=\"https:\/\/www.blecha.at\/wp-content\/uploads\/2021\/03\/blecha-bleche-und-platten-1-thumbnail.jpg\" \/>\n\t<meta property=\"og:image:width\" content=\"1600\" \/>\n\t<meta property=\"og:image:height\" content=\"1600\" \/>\n\t<meta property=\"og:image:type\" content=\"image\/jpeg\" \/>\n<meta name=\"twitter:card\" content=\"summary_large_image\" \/>\n<meta name=\"twitter:label1\" content=\"Dur\u00e9e de lecture estim\u00e9e\" \/>\n\t<meta name=\"twitter:data1\" content=\"1 minute\" \/>\n<script type=\"application\/ld+json\" class=\"yoast-schema-graph\">{\"@context\":\"https:\\\/\\\/schema.org\",\"@graph\":[{\"@type\":\"WebPage\",\"@id\":\"https:\\\/\\\/www.blecha.at\\\/fr\\\/produits\\\/bleche-und-platten\\\/\",\"url\":\"https:\\\/\\\/www.blecha.at\\\/fr\\\/produits\\\/bleche-und-platten\\\/\",\"name\":\"T\u00f4les et plaques | BLECHA\",\"isPartOf\":{\"@id\":\"https:\\\/\\\/www.blecha.at\\\/#website\"},\"primaryImageOfPage\":{\"@id\":\"https:\\\/\\\/www.blecha.at\\\/fr\\\/produits\\\/bleche-und-platten\\\/#primaryimage\"},\"image\":{\"@id\":\"https:\\\/\\\/www.blecha.at\\\/fr\\\/produits\\\/bleche-und-platten\\\/#primaryimage\"},\"thumbnailUrl\":\"https:\\\/\\\/www.blecha.at\\\/wp-content\\\/uploads\\\/2021\\\/03\\\/blecha-bleche-und-platten-1-thumbnail.jpg\",\"datePublished\":\"2021-01-22T22:18:28+00:00\",\"dateModified\":\"2022-02-22T12:51:07+00:00\",\"description\":\"T\u00f4les d'aluminium stables, plaques d'aluminium et aluminium pur dans diff\u00e9rents mod\u00e8les rev\u00eatu, anodis\u00e9 ou perfor\u00e9.\",\"breadcrumb\":{\"@id\":\"https:\\\/\\\/www.blecha.at\\\/fr\\\/produits\\\/bleche-und-platten\\\/#breadcrumb\"},\"inLanguage\":\"fr-FR\",\"potentialAction\":[{\"@type\":\"ReadAction\",\"target\":[\"https:\\\/\\\/www.blecha.at\\\/fr\\\/produits\\\/bleche-und-platten\\\/\"]}]},{\"@type\":\"ImageObject\",\"inLanguage\":\"fr-FR\",\"@id\":\"https:\\\/\\\/www.blecha.at\\\/fr\\\/produits\\\/bleche-und-platten\\\/#primaryimage\",\"url\":\"https:\\\/\\\/www.blecha.at\\\/wp-content\\\/uploads\\\/2021\\\/03\\\/blecha-bleche-und-platten-1-thumbnail.jpg\",\"contentUrl\":\"https:\\\/\\\/www.blecha.at\\\/wp-content\\\/uploads\\\/2021\\\/03\\\/blecha-bleche-und-platten-1-thumbnail.jpg\",\"width\":1600,\"height\":1600},{\"@type\":\"BreadcrumbList\",\"@id\":\"https:\\\/\\\/www.blecha.at\\\/fr\\\/produits\\\/bleche-und-platten\\\/#breadcrumb\",\"itemListElement\":[{\"@type\":\"ListItem\",\"position\":1,\"name\":\"Home\",\"item\":\"https:\\\/\\\/www.blecha.at\\\/fr\\\/\"},{\"@type\":\"ListItem\",\"position\":2,\"name\":\"Produits\",\"item\":\"https:\\\/\\\/www.blecha.at\\\/fr\\\/produits\\\/\"},{\"@type\":\"ListItem\",\"position\":3,\"name\":\"T\u00f4les et plaques\"}]},{\"@type\":\"WebSite\",\"@id\":\"https:\\\/\\\/www.blecha.at\\\/#website\",\"url\":\"https:\\\/\\\/www.blecha.at\\\/\",\"name\":\"BLECHA\",\"description\":\"Eine weitere WordPress-Website\",\"potentialAction\":[{\"@type\":\"SearchAction\",\"target\":{\"@type\":\"EntryPoint\",\"urlTemplate\":\"https:\\\/\\\/www.blecha.at\\\/?s={search_term_string}\"},\"query-input\":{\"@type\":\"PropertyValueSpecification\",\"valueRequired\":true,\"valueName\":\"search_term_string\"}}],\"inLanguage\":\"fr-FR\"}]}<\/script>\n<!-- \/ Yoast SEO plugin. -->","yoast_head_json":{"title":"T\u00f4les et plaques | BLECHA","description":"T\u00f4les d'aluminium stables, plaques d'aluminium et aluminium pur dans diff\u00e9rents mod\u00e8les rev\u00eatu, anodis\u00e9 ou perfor\u00e9.","robots":{"index":"index","follow":"follow","max-snippet":"max-snippet:-1","max-image-preview":"max-image-preview:large","max-video-preview":"max-video-preview:-1"},"canonical":"https:\/\/www.blecha.at\/fr\/produits\/bleche-und-platten\/","og_locale":"fr_FR","og_type":"article","og_title":"T\u00f4les et plaques | BLECHA","og_description":"T\u00f4les d'aluminium stables, plaques d'aluminium et aluminium pur dans diff\u00e9rents mod\u00e8les rev\u00eatu, anodis\u00e9 ou perfor\u00e9.","og_url":"https:\/\/www.blecha.at\/fr\/produits\/bleche-und-platten\/","og_site_name":"BLECHA","article_modified_time":"2022-02-22T12:51:07+00:00","og_image":[{"width":1600,"height":1600,"url":"https:\/\/www.blecha.at\/wp-content\/uploads\/2021\/03\/blecha-bleche-und-platten-1-thumbnail.jpg","type":"image\/jpeg"}],"twitter_card":"summary_large_image","twitter_misc":{"Dur\u00e9e de lecture estim\u00e9e":"1 minute"},"schema":{"@context":"https:\/\/schema.org","@graph":[{"@type":"WebPage","@id":"https:\/\/www.blecha.at\/fr\/produits\/bleche-und-platten\/","url":"https:\/\/www.blecha.at\/fr\/produits\/bleche-und-platten\/","name":"T\u00f4les et plaques | BLECHA","isPartOf":{"@id":"https:\/\/www.blecha.at\/#website"},"primaryImageOfPage":{"@id":"https:\/\/www.blecha.at\/fr\/produits\/bleche-und-platten\/#primaryimage"},"image":{"@id":"https:\/\/www.blecha.at\/fr\/produits\/bleche-und-platten\/#primaryimage"},"thumbnailUrl":"https:\/\/www.blecha.at\/wp-content\/uploads\/2021\/03\/blecha-bleche-und-platten-1-thumbnail.jpg","datePublished":"2021-01-22T22:18:28+00:00","dateModified":"2022-02-22T12:51:07+00:00","description":"T\u00f4les d'aluminium stables, plaques d'aluminium et aluminium pur dans diff\u00e9rents mod\u00e8les rev\u00eatu, anodis\u00e9 ou perfor\u00e9.","breadcrumb":{"@id":"https:\/\/www.blecha.at\/fr\/produits\/bleche-und-platten\/#breadcrumb"},"inLanguage":"fr-FR","potentialAction":[{"@type":"ReadAction","target":["https:\/\/www.blecha.at\/fr\/produits\/bleche-und-platten\/"]}]},{"@type":"ImageObject","inLanguage":"fr-FR","@id":"https:\/\/www.blecha.at\/fr\/produits\/bleche-und-platten\/#primaryimage","url":"https:\/\/www.blecha.at\/wp-content\/uploads\/2021\/03\/blecha-bleche-und-platten-1-thumbnail.jpg","contentUrl":"https:\/\/www.blecha.at\/wp-content\/uploads\/2021\/03\/blecha-bleche-und-platten-1-thumbnail.jpg","width":1600,"height":1600},{"@type":"BreadcrumbList","@id":"https:\/\/www.blecha.at\/fr\/produits\/bleche-und-platten\/#breadcrumb","itemListElement":[{"@type":"ListItem","position":1,"name":"Home","item":"https:\/\/www.blecha.at\/fr\/"},{"@type":"ListItem","position":2,"name":"Produits","item":"https:\/\/www.blecha.at\/fr\/produits\/"},{"@type":"ListItem","position":3,"name":"T\u00f4les et plaques"}]},{"@type":"WebSite","@id":"https:\/\/www.blecha.at\/#website","url":"https:\/\/www.blecha.at\/","name":"BLECHA","description":"Eine weitere WordPress-Website","potentialAction":[{"@type":"SearchAction","target":{"@type":"EntryPoint","urlTemplate":"https:\/\/www.blecha.at\/?s={search_term_string}"},"query-input":{"@type":"PropertyValueSpecification","valueRequired":true,"valueName":"search_term_string"}}],"inLanguage":"fr-FR"}]}},"_links":{"self":[{"href":"https:\/\/www.blecha.at\/fr\/wp-json\/wp\/v2\/pages\/5565","targetHints":{"allow":["GET"]}}],"collection":[{"href":"https:\/\/www.blecha.at\/fr\/wp-json\/wp\/v2\/pages"}],"about":[{"href":"https:\/\/www.blecha.at\/fr\/wp-json\/wp\/v2\/types\/page"}],"author":[{"embeddable":true,"href":"https:\/\/www.blecha.at\/fr\/wp-json\/wp\/v2\/users\/2"}],"replies":[{"embeddable":true,"href":"https:\/\/www.blecha.at\/fr\/wp-json\/wp\/v2\/comments?post=5565"}],"version-history":[{"count":7,"href":"https:\/\/www.blecha.at\/fr\/wp-json\/wp\/v2\/pages\/5565\/revisions"}],"predecessor-version":[{"id":14393,"href":"https:\/\/www.blecha.at\/fr\/wp-json\/wp\/v2\/pages\/5565\/revisions\/14393"}],"up":[{"embeddable":true,"href":"https:\/\/www.blecha.at\/fr\/wp-json\/wp\/v2\/pages\/5412"}],"wp:featuredmedia":[{"embeddable":true,"href":"https:\/\/www.blecha.at\/fr\/wp-json\/wp\/v2\/media\/5567"}],"wp:attachment":[{"href":"https:\/\/www.blecha.at\/fr\/wp-json\/wp\/v2\/media?parent=5565"}],"curies":[{"name":"wp","href":"https:\/\/api.w.org\/{rel}","templated":true}]}}

Tôles et plaques

<section id="sectionTwo" class="mt-lg-n11 py-8 py-md-11 px-lg-9 border-left border-right border-right-lg-none bg-white">


<div class="wp-bootstrap-blocks-container container-fluid mb-0">
	
<div class="wp-bootstrap-blocks-row row">
	

<div class="col-12 col-md-10">
			

<h2 class="text-secondary scroll-fade-bottom-up visibility-hidden wp-block-heading" id="toles-d-aluminium-stables-plaque-d-aluminium-et-aluminium-pur-revetu-anodise-ou-perfore">Tôles d&rsquo;aluminium stables, <br>plaque d&rsquo;aluminium et aluminium pur. <br>Revêtu, anodisé ou perforé.</h2>



<p class="scroll-fade-bottom-up visibility-hidden">Trouvez la bonne tôle d&rsquo;aluminium.&nbsp; Nous vous promettons de faciliter votre recherche. Que vous recherchiez des tôles ou des plaques d&rsquo;aluminium, des tôles lisses, des tôles gaufrées, des tôles en aluminium pur ou en alliage d&rsquo;aluminium et de magnésium, des tôles anodisées et thermo laquées, des tôles perforées (perforations carrées et perforations rondes) dans les formats 2000 x 1000 mm, 2500 x 1250 mm, 3000 x 1500 mm et 4000 x 2000 mm, consultez nos conseillers, nous trouverons certainement la bonne solution. Recevez vos produits en tôles et en plaques, combinés de manière compacte en une seule livraison avec votre commande de profilés.</p>

	</div>

</div>

</div>



</section>



<section data-jarallax="" data-speed=".8" class="py-12 py-md-13 overlay overlay-black overlay-40 bg-cover jarallax" style="background-image: url(/wp-content/uploads/2021/01/blecha-aluminium-profile.jpg);">
  <div class="container">
    <div class="row mx-auto">
      <div class="col-12 col-md-10">
        <!-- Blockquote -->
        <blockquote class="blockquote mb-0"> 
          
          <!-- Text -->
          <p class="h2 text-white text-left font-regular scroll-fade-bottom-up visibility-hidden">Si Blecha ne l&rsquo;a pas, alors personne ne l&rsquo;a. Parcourez notre gamme et trouvez les tôles et les plaques que vous désirez.
</p>


<div class="wp-bootstrap-blocks-button">
	<a
		href="https://www.aluprofil.at/fr/toles-et-plaques/toles-et-plaques/"
						class="btn mt-4 scroll-fade-bottom-up visibility-hidden btn-secondary"
	>
		Vers la gamme	</a>
</div>



</blockquote>
      </div>
    </div>
  </div>
</section>

Si Blecha ne l&rsquo;a pas, alors personne ne l&rsquo;a. Parcourez notre gamme et trouvez les tôles et les plaques que vous désirez.

<!-- This site is optimized with the Yoast SEO plugin v27.3 - https://yoast.com/product/yoast-seo-wordpress/ -->
<title>Tôles et plaques | BLECHA</title>
<meta name="description" content="Tôles d&#039;aluminium stables, plaques d&#039;aluminium et aluminium pur dans différents modèles revêtu, anodisé ou perforé." />
<meta name="robots" content="index, follow, max-snippet:-1, max-image-preview:large, max-video-preview:-1" />
<link rel="canonical" href="https://www.blecha.at/fr/produits/bleche-und-platten/" />
<meta property="og:locale" content="fr_FR" />
<meta property="og:type" content="article" />
<meta property="og:title" content="Tôles et plaques | BLECHA" />
<meta property="og:description" content="Tôles d&#039;aluminium stables, plaques d&#039;aluminium et aluminium pur dans différents modèles revêtu, anodisé ou perforé." />
<meta property="og:url" content="https://www.blecha.at/fr/produits/bleche-und-platten/" />
<meta property="og:site_name" content="BLECHA" />
<meta property="article:modified_time" content="2022-02-22T12:51:07+00:00" />
<meta property="og:image" content="https://www.blecha.at/wp-content/uploads/2021/03/blecha-bleche-und-platten-1-thumbnail.jpg" />
	<meta property="og:image:width" content="1600" />
	<meta property="og:image:height" content="1600" />
	<meta property="og:image:type" content="image/jpeg" />
<meta name="twitter:card" content="summary_large_image" />
<meta name="twitter:label1" content="Durée de lecture estimée" />
	<meta name="twitter:data1" content="1 minute" />
<script type="application/ld+json" class="yoast-schema-graph">{"@context":"https:\/\/schema.org","@graph":[{"@type":"WebPage","@id":"https:\/\/www.blecha.at\/fr\/produits\/bleche-und-platten\/","url":"https:\/\/www.blecha.at\/fr\/produits\/bleche-und-platten\/","name":"Tôles et plaques | BLECHA","isPartOf":{"@id":"https:\/\/www.blecha.at\/#website"},"primaryImageOfPage":{"@id":"https:\/\/www.blecha.at\/fr\/produits\/bleche-und-platten\/#primaryimage"},"image":{"@id":"https:\/\/www.blecha.at\/fr\/produits\/bleche-und-platten\/#primaryimage"},"thumbnailUrl":"https:\/\/www.blecha.at\/wp-content\/uploads\/2021\/03\/blecha-bleche-und-platten-1-thumbnail.jpg","datePublished":"2021-01-22T22:18:28+00:00","dateModified":"2022-02-22T12:51:07+00:00","description":"Tôles d'aluminium stables, plaques d'aluminium et aluminium pur dans différents modèles revêtu, anodisé ou perforé.","breadcrumb":{"@id":"https:\/\/www.blecha.at\/fr\/produits\/bleche-und-platten\/#breadcrumb"},"inLanguage":"fr-FR","potentialAction":[{"@type":"ReadAction","target":["https:\/\/www.blecha.at\/fr\/produits\/bleche-und-platten\/"]}]},{"@type":"ImageObject","inLanguage":"fr-FR","@id":"https:\/\/www.blecha.at\/fr\/produits\/bleche-und-platten\/#primaryimage","url":"https:\/\/www.blecha.at\/wp-content\/uploads\/2021\/03\/blecha-bleche-und-platten-1-thumbnail.jpg","contentUrl":"https:\/\/www.blecha.at\/wp-content\/uploads\/2021\/03\/blecha-bleche-und-platten-1-thumbnail.jpg","width":1600,"height":1600},{"@type":"BreadcrumbList","@id":"https:\/\/www.blecha.at\/fr\/produits\/bleche-und-platten\/#breadcrumb","itemListElement":[{"@type":"ListItem","position":1,"name":"Home","item":"https:\/\/www.blecha.at\/fr\/"},{"@type":"ListItem","position":2,"name":"Produits","item":"https:\/\/www.blecha.at\/fr\/produits\/"},{"@type":"ListItem","position":3,"name":"Tôles et plaques"}]},{"@type":"WebSite","@id":"https:\/\/www.blecha.at\/#website","url":"https:\/\/www.blecha.at\/","name":"BLECHA","description":"Eine weitere WordPress-Website","potentialAction":[{"@type":"SearchAction","target":{"@type":"EntryPoint","urlTemplate":"https:\/\/www.blecha.at\/?s={search_term_string}"},"query-input":{"@type":"PropertyValueSpecification","valueRequired":true,"valueName":"search_term_string"}}],"inLanguage":"fr-FR"}]}</script>
<!-- / Yoast SEO plugin. -->

Tôles et plaques | BLECHA

Tôles d'aluminium stables, plaques d'aluminium et aluminium pur dans différents modèles revêtu, anodisé ou perforé.
