{"id":22258,"date":"2023-10-18T10:11:38","date_gmt":"2023-10-18T08:11:38","guid":{"rendered":"https:\/\/www.blecha.at\/?page_id=22258"},"modified":"2025-11-12T14:16:15","modified_gmt":"2025-11-12T13:16:15","slug":"reklamtechnika","status":"publish","type":"page","link":"https:\/\/www.blecha.at\/hu\/termekek\/specialis-profilok\/reklamtechnika\/","title":{"rendered":"Rekl\u00e1mtechnika"},"content":{"rendered":"","protected":false},"excerpt":{"rendered":"","protected":false},"author":2,"featured_media":0,"parent":5829,"menu_order":0,"comment_status":"closed","ping_status":"closed","template":"page-zaunsysteme-details.php","meta":{"_acf_changed":false,"footnotes":""},"class_list":["post-22258","page","type-page","status-publish","hentry"],"acf":[],"yoast_head":"<!-- This site is optimized with the Yoast SEO plugin v27.3 - https:\/\/yoast.com\/product\/yoast-seo-wordpress\/ -->\n<title>Alu profilok rekl\u00e1mtechnik\u00e1hoz \u2013 Azonnal el\u00e9rhet\u0151 | BLECHA<\/title>\n<meta name=\"description\" content=\"Pr\u00e9mium profilok rekl\u00e1mt\u00e1bl\u00e1khoz, vil\u00e1g\u00edt\u00f3 dobozokhoz \u00e9s displayekhez. Prec\u00edz, sokoldal\u00fa, rakt\u00e1rr\u00f3l azonnal.\" \/>\n<meta name=\"robots\" content=\"index, follow, max-snippet:-1, max-image-preview:large, max-video-preview:-1\" \/>\n<link rel=\"canonical\" href=\"https:\/\/www.blecha.at\/hu\/termekek\/specialis-profilok\/reklamtechnika\/\" \/>\n<meta property=\"og:locale\" content=\"hu_HU\" \/>\n<meta property=\"og:type\" content=\"article\" \/>\n<meta property=\"og:title\" content=\"Alu profilok rekl\u00e1mtechnik\u00e1hoz \u2013 Azonnal el\u00e9rhet\u0151 | BLECHA\" \/>\n<meta property=\"og:description\" content=\"Pr\u00e9mium profilok rekl\u00e1mt\u00e1bl\u00e1khoz, vil\u00e1g\u00edt\u00f3 dobozokhoz \u00e9s displayekhez. Prec\u00edz, sokoldal\u00fa, rakt\u00e1rr\u00f3l azonnal.\" \/>\n<meta property=\"og:url\" content=\"https:\/\/www.blecha.at\/hu\/termekek\/specialis-profilok\/reklamtechnika\/\" \/>\n<meta property=\"og:site_name\" content=\"BLECHA\" \/>\n<meta property=\"article:modified_time\" content=\"2025-11-12T13:16:15+00:00\" \/>\n<meta property=\"og:image\" content=\"https:\/\/www.blecha.at\/wp-content\/uploads\/2021\/02\/blecha-unternehmen-auswahl-gebaeude-3-scaled.jpg\" \/>\n\t<meta property=\"og:image:width\" content=\"2560\" \/>\n\t<meta property=\"og:image:height\" content=\"1642\" \/>\n\t<meta property=\"og:image:type\" content=\"image\/jpeg\" \/>\n<meta name=\"twitter:card\" content=\"summary_large_image\" \/>\n<script type=\"application\/ld+json\" class=\"yoast-schema-graph\">{\"@context\":\"https:\\\/\\\/schema.org\",\"@graph\":[{\"@type\":\"WebPage\",\"@id\":\"https:\\\/\\\/www.blecha.at\\\/hu\\\/termekek\\\/specialis-profilok\\\/reklamtechnika\\\/\",\"url\":\"https:\\\/\\\/www.blecha.at\\\/hu\\\/termekek\\\/specialis-profilok\\\/reklamtechnika\\\/\",\"name\":\"Alu profilok rekl\u00e1mtechnik\u00e1hoz \u2013 Azonnal el\u00e9rhet\u0151 | BLECHA\",\"isPartOf\":{\"@id\":\"https:\\\/\\\/www.blecha.at\\\/#website\"},\"datePublished\":\"2023-10-18T08:11:38+00:00\",\"dateModified\":\"2025-11-12T13:16:15+00:00\",\"description\":\"Pr\u00e9mium profilok rekl\u00e1mt\u00e1bl\u00e1khoz, vil\u00e1g\u00edt\u00f3 dobozokhoz \u00e9s displayekhez. Prec\u00edz, sokoldal\u00fa, rakt\u00e1rr\u00f3l azonnal.\",\"breadcrumb\":{\"@id\":\"https:\\\/\\\/www.blecha.at\\\/hu\\\/termekek\\\/specialis-profilok\\\/reklamtechnika\\\/#breadcrumb\"},\"inLanguage\":\"hu\",\"potentialAction\":[{\"@type\":\"ReadAction\",\"target\":[\"https:\\\/\\\/www.blecha.at\\\/hu\\\/termekek\\\/specialis-profilok\\\/reklamtechnika\\\/\"]}]},{\"@type\":\"BreadcrumbList\",\"@id\":\"https:\\\/\\\/www.blecha.at\\\/hu\\\/termekek\\\/specialis-profilok\\\/reklamtechnika\\\/#breadcrumb\",\"itemListElement\":[{\"@type\":\"ListItem\",\"position\":1,\"name\":\"Home\",\"item\":\"https:\\\/\\\/www.blecha.at\\\/hu\\\/\"},{\"@type\":\"ListItem\",\"position\":2,\"name\":\"Term\u00e9kek\",\"item\":\"https:\\\/\\\/www.blecha.at\\\/hu\\\/termekek\\\/\"},{\"@type\":\"ListItem\",\"position\":3,\"name\":\"Speci\u00e1lis profilok\",\"item\":\"https:\\\/\\\/www.blecha.at\\\/hu\\\/termekek\\\/specialis-profilok\\\/\"},{\"@type\":\"ListItem\",\"position\":4,\"name\":\"Rekl\u00e1mtechnika\"}]},{\"@type\":\"WebSite\",\"@id\":\"https:\\\/\\\/www.blecha.at\\\/#website\",\"url\":\"https:\\\/\\\/www.blecha.at\\\/\",\"name\":\"BLECHA\",\"description\":\"Eine weitere WordPress-Website\",\"potentialAction\":[{\"@type\":\"SearchAction\",\"target\":{\"@type\":\"EntryPoint\",\"urlTemplate\":\"https:\\\/\\\/www.blecha.at\\\/?s={search_term_string}\"},\"query-input\":{\"@type\":\"PropertyValueSpecification\",\"valueRequired\":true,\"valueName\":\"search_term_string\"}}],\"inLanguage\":\"hu\"}]}<\/script>\n<!-- \/ Yoast SEO plugin. -->","yoast_head_json":{"title":"Alu profilok rekl\u00e1mtechnik\u00e1hoz \u2013 Azonnal el\u00e9rhet\u0151 | BLECHA","description":"Pr\u00e9mium profilok rekl\u00e1mt\u00e1bl\u00e1khoz, vil\u00e1g\u00edt\u00f3 dobozokhoz \u00e9s displayekhez. Prec\u00edz, sokoldal\u00fa, rakt\u00e1rr\u00f3l azonnal.","robots":{"index":"index","follow":"follow","max-snippet":"max-snippet:-1","max-image-preview":"max-image-preview:large","max-video-preview":"max-video-preview:-1"},"canonical":"https:\/\/www.blecha.at\/hu\/termekek\/specialis-profilok\/reklamtechnika\/","og_locale":"hu_HU","og_type":"article","og_title":"Alu profilok rekl\u00e1mtechnik\u00e1hoz \u2013 Azonnal el\u00e9rhet\u0151 | BLECHA","og_description":"Pr\u00e9mium profilok rekl\u00e1mt\u00e1bl\u00e1khoz, vil\u00e1g\u00edt\u00f3 dobozokhoz \u00e9s displayekhez. Prec\u00edz, sokoldal\u00fa, rakt\u00e1rr\u00f3l azonnal.","og_url":"https:\/\/www.blecha.at\/hu\/termekek\/specialis-profilok\/reklamtechnika\/","og_site_name":"BLECHA","article_modified_time":"2025-11-12T13:16:15+00:00","og_image":[{"width":2560,"height":1642,"url":"https:\/\/www.blecha.at\/wp-content\/uploads\/2021\/02\/blecha-unternehmen-auswahl-gebaeude-3-scaled.jpg","type":"image\/jpeg"}],"twitter_card":"summary_large_image","schema":{"@context":"https:\/\/schema.org","@graph":[{"@type":"WebPage","@id":"https:\/\/www.blecha.at\/hu\/termekek\/specialis-profilok\/reklamtechnika\/","url":"https:\/\/www.blecha.at\/hu\/termekek\/specialis-profilok\/reklamtechnika\/","name":"Alu profilok rekl\u00e1mtechnik\u00e1hoz \u2013 Azonnal el\u00e9rhet\u0151 | BLECHA","isPartOf":{"@id":"https:\/\/www.blecha.at\/#website"},"datePublished":"2023-10-18T08:11:38+00:00","dateModified":"2025-11-12T13:16:15+00:00","description":"Pr\u00e9mium profilok rekl\u00e1mt\u00e1bl\u00e1khoz, vil\u00e1g\u00edt\u00f3 dobozokhoz \u00e9s displayekhez. Prec\u00edz, sokoldal\u00fa, rakt\u00e1rr\u00f3l azonnal.","breadcrumb":{"@id":"https:\/\/www.blecha.at\/hu\/termekek\/specialis-profilok\/reklamtechnika\/#breadcrumb"},"inLanguage":"hu","potentialAction":[{"@type":"ReadAction","target":["https:\/\/www.blecha.at\/hu\/termekek\/specialis-profilok\/reklamtechnika\/"]}]},{"@type":"BreadcrumbList","@id":"https:\/\/www.blecha.at\/hu\/termekek\/specialis-profilok\/reklamtechnika\/#breadcrumb","itemListElement":[{"@type":"ListItem","position":1,"name":"Home","item":"https:\/\/www.blecha.at\/hu\/"},{"@type":"ListItem","position":2,"name":"Term\u00e9kek","item":"https:\/\/www.blecha.at\/hu\/termekek\/"},{"@type":"ListItem","position":3,"name":"Speci\u00e1lis profilok","item":"https:\/\/www.blecha.at\/hu\/termekek\/specialis-profilok\/"},{"@type":"ListItem","position":4,"name":"Rekl\u00e1mtechnika"}]},{"@type":"WebSite","@id":"https:\/\/www.blecha.at\/#website","url":"https:\/\/www.blecha.at\/","name":"BLECHA","description":"Eine weitere WordPress-Website","potentialAction":[{"@type":"SearchAction","target":{"@type":"EntryPoint","urlTemplate":"https:\/\/www.blecha.at\/?s={search_term_string}"},"query-input":{"@type":"PropertyValueSpecification","valueRequired":true,"valueName":"search_term_string"}}],"inLanguage":"hu"}]}},"_links":{"self":[{"href":"https:\/\/www.blecha.at\/hu\/wp-json\/wp\/v2\/pages\/22258","targetHints":{"allow":["GET"]}}],"collection":[{"href":"https:\/\/www.blecha.at\/hu\/wp-json\/wp\/v2\/pages"}],"about":[{"href":"https:\/\/www.blecha.at\/hu\/wp-json\/wp\/v2\/types\/page"}],"author":[{"embeddable":true,"href":"https:\/\/www.blecha.at\/hu\/wp-json\/wp\/v2\/users\/2"}],"replies":[{"embeddable":true,"href":"https:\/\/www.blecha.at\/hu\/wp-json\/wp\/v2\/comments?post=22258"}],"version-history":[{"count":6,"href":"https:\/\/www.blecha.at\/hu\/wp-json\/wp\/v2\/pages\/22258\/revisions"}],"predecessor-version":[{"id":31277,"href":"https:\/\/www.blecha.at\/hu\/wp-json\/wp\/v2\/pages\/22258\/revisions\/31277"}],"up":[{"embeddable":true,"href":"https:\/\/www.blecha.at\/hu\/wp-json\/wp\/v2\/pages\/5829"}],"wp:attachment":[{"href":"https:\/\/www.blecha.at\/hu\/wp-json\/wp\/v2\/media?parent=22258"}],"curies":[{"name":"wp","href":"https:\/\/api.w.org\/{rel}","templated":true}]}}

Reklámtechnika

<!-- This site is optimized with the Yoast SEO plugin v27.3 - https://yoast.com/product/yoast-seo-wordpress/ -->
<title>Alu profilok reklámtechnikához – Azonnal elérhető | BLECHA</title>
<meta name="description" content="Prémium profilok reklámtáblákhoz, világító dobozokhoz és displayekhez. Precíz, sokoldalú, raktárról azonnal." />
<meta name="robots" content="index, follow, max-snippet:-1, max-image-preview:large, max-video-preview:-1" />
<link rel="canonical" href="https://www.blecha.at/hu/termekek/specialis-profilok/reklamtechnika/" />
<meta property="og:locale" content="hu_HU" />
<meta property="og:type" content="article" />
<meta property="og:title" content="Alu profilok reklámtechnikához – Azonnal elérhető | BLECHA" />
<meta property="og:description" content="Prémium profilok reklámtáblákhoz, világító dobozokhoz és displayekhez. Precíz, sokoldalú, raktárról azonnal." />
<meta property="og:url" content="https://www.blecha.at/hu/termekek/specialis-profilok/reklamtechnika/" />
<meta property="og:site_name" content="BLECHA" />
<meta property="article:modified_time" content="2025-11-12T13:16:15+00:00" />
<meta property="og:image" content="https://www.blecha.at/wp-content/uploads/2021/02/blecha-unternehmen-auswahl-gebaeude-3-scaled.jpg" />
	<meta property="og:image:width" content="2560" />
	<meta property="og:image:height" content="1642" />
	<meta property="og:image:type" content="image/jpeg" />
<meta name="twitter:card" content="summary_large_image" />
<script type="application/ld+json" class="yoast-schema-graph">{"@context":"https:\/\/schema.org","@graph":[{"@type":"WebPage","@id":"https:\/\/www.blecha.at\/hu\/termekek\/specialis-profilok\/reklamtechnika\/","url":"https:\/\/www.blecha.at\/hu\/termekek\/specialis-profilok\/reklamtechnika\/","name":"Alu profilok reklámtechnikához – Azonnal elérhető | BLECHA","isPartOf":{"@id":"https:\/\/www.blecha.at\/#website"},"datePublished":"2023-10-18T08:11:38+00:00","dateModified":"2025-11-12T13:16:15+00:00","description":"Prémium profilok reklámtáblákhoz, világító dobozokhoz és displayekhez. Precíz, sokoldalú, raktárról azonnal.","breadcrumb":{"@id":"https:\/\/www.blecha.at\/hu\/termekek\/specialis-profilok\/reklamtechnika\/#breadcrumb"},"inLanguage":"hu","potentialAction":[{"@type":"ReadAction","target":["https:\/\/www.blecha.at\/hu\/termekek\/specialis-profilok\/reklamtechnika\/"]}]},{"@type":"BreadcrumbList","@id":"https:\/\/www.blecha.at\/hu\/termekek\/specialis-profilok\/reklamtechnika\/#breadcrumb","itemListElement":[{"@type":"ListItem","position":1,"name":"Home","item":"https:\/\/www.blecha.at\/hu\/"},{"@type":"ListItem","position":2,"name":"Termékek","item":"https:\/\/www.blecha.at\/hu\/termekek\/"},{"@type":"ListItem","position":3,"name":"Speciális profilok","item":"https:\/\/www.blecha.at\/hu\/termekek\/specialis-profilok\/"},{"@type":"ListItem","position":4,"name":"Reklámtechnika"}]},{"@type":"WebSite","@id":"https:\/\/www.blecha.at\/#website","url":"https:\/\/www.blecha.at\/","name":"BLECHA","description":"Eine weitere WordPress-Website","potentialAction":[{"@type":"SearchAction","target":{"@type":"EntryPoint","urlTemplate":"https:\/\/www.blecha.at\/?s={search_term_string}"},"query-input":{"@type":"PropertyValueSpecification","valueRequired":true,"valueName":"search_term_string"}}],"inLanguage":"hu"}]}</script>
<!-- / Yoast SEO plugin. -->

Alu profilok reklámtechnikához – Azonnal elérhető | BLECHA

Prémium profilok reklámtáblákhoz, világító dobozokhoz és displayekhez. Precíz, sokoldalú, raktárról azonnal.

Termékek

Speciális profilok
