{"id":22388,"date":"2023-02-01T10:44:02","date_gmt":"2023-02-01T09:44:02","guid":{"rendered":"https:\/\/www.blecha.at\/?page_id=22388"},"modified":"2024-01-31T09:13:36","modified_gmt":"2024-01-31T08:13:36","slug":"t-darabok","status":"publish","type":"page","link":"https:\/\/www.blecha.at\/hu\/termekek\/fittings\/t-darabok\/","title":{"rendered":"T-darabok"},"content":{"rendered":"","protected":false},"excerpt":{"rendered":"","protected":false},"author":2,"featured_media":0,"parent":26618,"menu_order":0,"comment_status":"closed","ping_status":"closed","template":"page-zaunsysteme-details.php","meta":{"_acf_changed":false,"footnotes":""},"class_list":["post-22388","page","type-page","status-publish","hentry"],"acf":[],"yoast_head":"<!-- This site is optimized with the Yoast SEO plugin v27.3 - https:\/\/yoast.com\/product\/yoast-seo-wordpress\/ -->\n<title>T-darabok | BLECHA Aluprofile<\/title>\n<meta name=\"description\" content=\"Fedezze fel kiv\u00e1l\u00f3 min\u0151s\u00e9g\u0171 alum\u00edniumb\u00f3l k\u00e9sz\u00fclt T-darabjainkat. Alum\u00ednium p\u00f3l\u00f3ink \u200b\u200bide\u00e1lis v\u00e1laszt\u00e1s olyan szerkezetekhez, ahol \u00e1gak \u00e9s csatlakoz\u00e1sok sz\u00fcks\u00e9gesek. A p\u00f3l\u00f3k sz\u00e9les v\u00e1laszt\u00e9k\u00e1val, bele\u00e9rtve a cs\u00f6kkentett p\u00f3l\u00f3kat is, eszk\u00f6z\u00f6ket k\u00edn\u00e1lunk rugalmas \u00e9s stabil szerkezetek l\u00e9trehoz\u00e1s\u00e1hoz. Alum\u00ednium T-darabjaink megfelelnek a legmagasabb min\u0151s\u00e9gi el\u0151\u00edr\u00e1soknak, \u00e9s a tart\u00f3s \u00e9s prec\u00edz kialak\u00edt\u00e1s alapj\u00e1t k\u00e9pezik.\" \/>\n<meta name=\"robots\" content=\"index, follow, max-snippet:-1, max-image-preview:large, max-video-preview:-1\" \/>\n<link rel=\"canonical\" href=\"https:\/\/www.blecha.at\/hu\/termekek\/fittings\/t-darabok\/\" \/>\n<meta property=\"og:locale\" content=\"hu_HU\" \/>\n<meta property=\"og:type\" content=\"article\" \/>\n<meta property=\"og:title\" content=\"T-darabok | BLECHA Aluprofile\" \/>\n<meta property=\"og:description\" content=\"Fedezze fel kiv\u00e1l\u00f3 min\u0151s\u00e9g\u0171 alum\u00edniumb\u00f3l k\u00e9sz\u00fclt T-darabjainkat. Alum\u00ednium p\u00f3l\u00f3ink \u200b\u200bide\u00e1lis v\u00e1laszt\u00e1s olyan szerkezetekhez, ahol \u00e1gak \u00e9s csatlakoz\u00e1sok sz\u00fcks\u00e9gesek. A p\u00f3l\u00f3k sz\u00e9les v\u00e1laszt\u00e9k\u00e1val, bele\u00e9rtve a cs\u00f6kkentett p\u00f3l\u00f3kat is, eszk\u00f6z\u00f6ket k\u00edn\u00e1lunk rugalmas \u00e9s stabil szerkezetek l\u00e9trehoz\u00e1s\u00e1hoz. Alum\u00ednium T-darabjaink megfelelnek a legmagasabb min\u0151s\u00e9gi el\u0151\u00edr\u00e1soknak, \u00e9s a tart\u00f3s \u00e9s prec\u00edz kialak\u00edt\u00e1s alapj\u00e1t k\u00e9pezik.\" \/>\n<meta property=\"og:url\" content=\"https:\/\/www.blecha.at\/hu\/termekek\/fittings\/t-darabok\/\" \/>\n<meta property=\"og:site_name\" content=\"BLECHA\" \/>\n<meta property=\"article:modified_time\" content=\"2024-01-31T08:13:36+00:00\" \/>\n<meta property=\"og:image\" content=\"https:\/\/www.blecha.at\/wp-content\/uploads\/2021\/02\/blecha-unternehmen-auswahl-gebaeude-3-scaled.jpg\" \/>\n\t<meta property=\"og:image:width\" content=\"2560\" \/>\n\t<meta property=\"og:image:height\" content=\"1642\" \/>\n\t<meta property=\"og:image:type\" content=\"image\/jpeg\" \/>\n<meta name=\"twitter:card\" content=\"summary_large_image\" \/>\n<script type=\"application\/ld+json\" class=\"yoast-schema-graph\">{\"@context\":\"https:\\\/\\\/schema.org\",\"@graph\":[{\"@type\":\"WebPage\",\"@id\":\"https:\\\/\\\/www.blecha.at\\\/hu\\\/termekek\\\/fittings\\\/t-darabok\\\/\",\"url\":\"https:\\\/\\\/www.blecha.at\\\/hu\\\/termekek\\\/fittings\\\/t-darabok\\\/\",\"name\":\"T-darabok | BLECHA Aluprofile\",\"isPartOf\":{\"@id\":\"https:\\\/\\\/www.blecha.at\\\/#website\"},\"datePublished\":\"2023-02-01T09:44:02+00:00\",\"dateModified\":\"2024-01-31T08:13:36+00:00\",\"description\":\"Fedezze fel kiv\u00e1l\u00f3 min\u0151s\u00e9g\u0171 alum\u00edniumb\u00f3l k\u00e9sz\u00fclt T-darabjainkat. Alum\u00ednium p\u00f3l\u00f3ink \u200b\u200bide\u00e1lis v\u00e1laszt\u00e1s olyan szerkezetekhez, ahol \u00e1gak \u00e9s csatlakoz\u00e1sok sz\u00fcks\u00e9gesek. A p\u00f3l\u00f3k sz\u00e9les v\u00e1laszt\u00e9k\u00e1val, bele\u00e9rtve a cs\u00f6kkentett p\u00f3l\u00f3kat is, eszk\u00f6z\u00f6ket k\u00edn\u00e1lunk rugalmas \u00e9s stabil szerkezetek l\u00e9trehoz\u00e1s\u00e1hoz. Alum\u00ednium T-darabjaink megfelelnek a legmagasabb min\u0151s\u00e9gi el\u0151\u00edr\u00e1soknak, \u00e9s a tart\u00f3s \u00e9s prec\u00edz kialak\u00edt\u00e1s alapj\u00e1t k\u00e9pezik.\",\"breadcrumb\":{\"@id\":\"https:\\\/\\\/www.blecha.at\\\/hu\\\/termekek\\\/fittings\\\/t-darabok\\\/#breadcrumb\"},\"inLanguage\":\"hu\",\"potentialAction\":[{\"@type\":\"ReadAction\",\"target\":[\"https:\\\/\\\/www.blecha.at\\\/hu\\\/termekek\\\/fittings\\\/t-darabok\\\/\"]}]},{\"@type\":\"BreadcrumbList\",\"@id\":\"https:\\\/\\\/www.blecha.at\\\/hu\\\/termekek\\\/fittings\\\/t-darabok\\\/#breadcrumb\",\"itemListElement\":[{\"@type\":\"ListItem\",\"position\":1,\"name\":\"Home\",\"item\":\"https:\\\/\\\/www.blecha.at\\\/hu\\\/\"},{\"@type\":\"ListItem\",\"position\":2,\"name\":\"Term\u00e9kek\",\"item\":\"https:\\\/\\\/www.blecha.at\\\/hu\\\/termekek\\\/\"},{\"@type\":\"ListItem\",\"position\":3,\"name\":\"Fittingek\",\"item\":\"https:\\\/\\\/www.blecha.at\\\/hu\\\/termekek\\\/fittings\\\/\"},{\"@type\":\"ListItem\",\"position\":4,\"name\":\"T-darabok\"}]},{\"@type\":\"WebSite\",\"@id\":\"https:\\\/\\\/www.blecha.at\\\/#website\",\"url\":\"https:\\\/\\\/www.blecha.at\\\/\",\"name\":\"BLECHA\",\"description\":\"Eine weitere WordPress-Website\",\"potentialAction\":[{\"@type\":\"SearchAction\",\"target\":{\"@type\":\"EntryPoint\",\"urlTemplate\":\"https:\\\/\\\/www.blecha.at\\\/?s={search_term_string}\"},\"query-input\":{\"@type\":\"PropertyValueSpecification\",\"valueRequired\":true,\"valueName\":\"search_term_string\"}}],\"inLanguage\":\"hu\"}]}<\/script>\n<!-- \/ Yoast SEO plugin. -->","yoast_head_json":{"title":"T-darabok | BLECHA Aluprofile","description":"Fedezze fel kiv\u00e1l\u00f3 min\u0151s\u00e9g\u0171 alum\u00edniumb\u00f3l k\u00e9sz\u00fclt T-darabjainkat. Alum\u00ednium p\u00f3l\u00f3ink \u200b\u200bide\u00e1lis v\u00e1laszt\u00e1s olyan szerkezetekhez, ahol \u00e1gak \u00e9s csatlakoz\u00e1sok sz\u00fcks\u00e9gesek. A p\u00f3l\u00f3k sz\u00e9les v\u00e1laszt\u00e9k\u00e1val, bele\u00e9rtve a cs\u00f6kkentett p\u00f3l\u00f3kat is, eszk\u00f6z\u00f6ket k\u00edn\u00e1lunk rugalmas \u00e9s stabil szerkezetek l\u00e9trehoz\u00e1s\u00e1hoz. Alum\u00ednium T-darabjaink megfelelnek a legmagasabb min\u0151s\u00e9gi el\u0151\u00edr\u00e1soknak, \u00e9s a tart\u00f3s \u00e9s prec\u00edz kialak\u00edt\u00e1s alapj\u00e1t k\u00e9pezik.","robots":{"index":"index","follow":"follow","max-snippet":"max-snippet:-1","max-image-preview":"max-image-preview:large","max-video-preview":"max-video-preview:-1"},"canonical":"https:\/\/www.blecha.at\/hu\/termekek\/fittings\/t-darabok\/","og_locale":"hu_HU","og_type":"article","og_title":"T-darabok | BLECHA Aluprofile","og_description":"Fedezze fel kiv\u00e1l\u00f3 min\u0151s\u00e9g\u0171 alum\u00edniumb\u00f3l k\u00e9sz\u00fclt T-darabjainkat. Alum\u00ednium p\u00f3l\u00f3ink \u200b\u200bide\u00e1lis v\u00e1laszt\u00e1s olyan szerkezetekhez, ahol \u00e1gak \u00e9s csatlakoz\u00e1sok sz\u00fcks\u00e9gesek. A p\u00f3l\u00f3k sz\u00e9les v\u00e1laszt\u00e9k\u00e1val, bele\u00e9rtve a cs\u00f6kkentett p\u00f3l\u00f3kat is, eszk\u00f6z\u00f6ket k\u00edn\u00e1lunk rugalmas \u00e9s stabil szerkezetek l\u00e9trehoz\u00e1s\u00e1hoz. Alum\u00ednium T-darabjaink megfelelnek a legmagasabb min\u0151s\u00e9gi el\u0151\u00edr\u00e1soknak, \u00e9s a tart\u00f3s \u00e9s prec\u00edz kialak\u00edt\u00e1s alapj\u00e1t k\u00e9pezik.","og_url":"https:\/\/www.blecha.at\/hu\/termekek\/fittings\/t-darabok\/","og_site_name":"BLECHA","article_modified_time":"2024-01-31T08:13:36+00:00","og_image":[{"width":2560,"height":1642,"url":"https:\/\/www.blecha.at\/wp-content\/uploads\/2021\/02\/blecha-unternehmen-auswahl-gebaeude-3-scaled.jpg","type":"image\/jpeg"}],"twitter_card":"summary_large_image","schema":{"@context":"https:\/\/schema.org","@graph":[{"@type":"WebPage","@id":"https:\/\/www.blecha.at\/hu\/termekek\/fittings\/t-darabok\/","url":"https:\/\/www.blecha.at\/hu\/termekek\/fittings\/t-darabok\/","name":"T-darabok | BLECHA Aluprofile","isPartOf":{"@id":"https:\/\/www.blecha.at\/#website"},"datePublished":"2023-02-01T09:44:02+00:00","dateModified":"2024-01-31T08:13:36+00:00","description":"Fedezze fel kiv\u00e1l\u00f3 min\u0151s\u00e9g\u0171 alum\u00edniumb\u00f3l k\u00e9sz\u00fclt T-darabjainkat. Alum\u00ednium p\u00f3l\u00f3ink \u200b\u200bide\u00e1lis v\u00e1laszt\u00e1s olyan szerkezetekhez, ahol \u00e1gak \u00e9s csatlakoz\u00e1sok sz\u00fcks\u00e9gesek. A p\u00f3l\u00f3k sz\u00e9les v\u00e1laszt\u00e9k\u00e1val, bele\u00e9rtve a cs\u00f6kkentett p\u00f3l\u00f3kat is, eszk\u00f6z\u00f6ket k\u00edn\u00e1lunk rugalmas \u00e9s stabil szerkezetek l\u00e9trehoz\u00e1s\u00e1hoz. Alum\u00ednium T-darabjaink megfelelnek a legmagasabb min\u0151s\u00e9gi el\u0151\u00edr\u00e1soknak, \u00e9s a tart\u00f3s \u00e9s prec\u00edz kialak\u00edt\u00e1s alapj\u00e1t k\u00e9pezik.","breadcrumb":{"@id":"https:\/\/www.blecha.at\/hu\/termekek\/fittings\/t-darabok\/#breadcrumb"},"inLanguage":"hu","potentialAction":[{"@type":"ReadAction","target":["https:\/\/www.blecha.at\/hu\/termekek\/fittings\/t-darabok\/"]}]},{"@type":"BreadcrumbList","@id":"https:\/\/www.blecha.at\/hu\/termekek\/fittings\/t-darabok\/#breadcrumb","itemListElement":[{"@type":"ListItem","position":1,"name":"Home","item":"https:\/\/www.blecha.at\/hu\/"},{"@type":"ListItem","position":2,"name":"Term\u00e9kek","item":"https:\/\/www.blecha.at\/hu\/termekek\/"},{"@type":"ListItem","position":3,"name":"Fittingek","item":"https:\/\/www.blecha.at\/hu\/termekek\/fittings\/"},{"@type":"ListItem","position":4,"name":"T-darabok"}]},{"@type":"WebSite","@id":"https:\/\/www.blecha.at\/#website","url":"https:\/\/www.blecha.at\/","name":"BLECHA","description":"Eine weitere WordPress-Website","potentialAction":[{"@type":"SearchAction","target":{"@type":"EntryPoint","urlTemplate":"https:\/\/www.blecha.at\/?s={search_term_string}"},"query-input":{"@type":"PropertyValueSpecification","valueRequired":true,"valueName":"search_term_string"}}],"inLanguage":"hu"}]}},"_links":{"self":[{"href":"https:\/\/www.blecha.at\/hu\/wp-json\/wp\/v2\/pages\/22388","targetHints":{"allow":["GET"]}}],"collection":[{"href":"https:\/\/www.blecha.at\/hu\/wp-json\/wp\/v2\/pages"}],"about":[{"href":"https:\/\/www.blecha.at\/hu\/wp-json\/wp\/v2\/types\/page"}],"author":[{"embeddable":true,"href":"https:\/\/www.blecha.at\/hu\/wp-json\/wp\/v2\/users\/2"}],"replies":[{"embeddable":true,"href":"https:\/\/www.blecha.at\/hu\/wp-json\/wp\/v2\/comments?post=22388"}],"version-history":[{"count":30,"href":"https:\/\/www.blecha.at\/hu\/wp-json\/wp\/v2\/pages\/22388\/revisions"}],"predecessor-version":[{"id":26847,"href":"https:\/\/www.blecha.at\/hu\/wp-json\/wp\/v2\/pages\/22388\/revisions\/26847"}],"up":[{"embeddable":true,"href":"https:\/\/www.blecha.at\/hu\/wp-json\/wp\/v2\/pages\/26618"}],"wp:attachment":[{"href":"https:\/\/www.blecha.at\/hu\/wp-json\/wp\/v2\/media?parent=22388"}],"curies":[{"name":"wp","href":"https:\/\/api.w.org\/{rel}","templated":true}]}}

<!-- This site is optimized with the Yoast SEO plugin v27.3 - https://yoast.com/product/yoast-seo-wordpress/ -->
<title>T-darabok | BLECHA Aluprofile</title>
<meta name="description" content="Fedezze fel kiváló minőségű alumíniumból készült T-darabjainkat. Alumínium pólóink ​​ideális választás olyan szerkezetekhez, ahol ágak és csatlakozások szükségesek. A pólók széles választékával, beleértve a csökkentett pólókat is, eszközöket kínálunk rugalmas és stabil szerkezetek létrehozásához. Alumínium T-darabjaink megfelelnek a legmagasabb minőségi előírásoknak, és a tartós és precíz kialakítás alapját képezik." />
<meta name="robots" content="index, follow, max-snippet:-1, max-image-preview:large, max-video-preview:-1" />
<link rel="canonical" href="https://www.blecha.at/hu/termekek/fittings/t-darabok/" />
<meta property="og:locale" content="hu_HU" />
<meta property="og:type" content="article" />
<meta property="og:title" content="T-darabok | BLECHA Aluprofile" />
<meta property="og:description" content="Fedezze fel kiváló minőségű alumíniumból készült T-darabjainkat. Alumínium pólóink ​​ideális választás olyan szerkezetekhez, ahol ágak és csatlakozások szükségesek. A pólók széles választékával, beleértve a csökkentett pólókat is, eszközöket kínálunk rugalmas és stabil szerkezetek létrehozásához. Alumínium T-darabjaink megfelelnek a legmagasabb minőségi előírásoknak, és a tartós és precíz kialakítás alapját képezik." />
<meta property="og:url" content="https://www.blecha.at/hu/termekek/fittings/t-darabok/" />
<meta property="og:site_name" content="BLECHA" />
<meta property="article:modified_time" content="2024-01-31T08:13:36+00:00" />
<meta property="og:image" content="https://www.blecha.at/wp-content/uploads/2021/02/blecha-unternehmen-auswahl-gebaeude-3-scaled.jpg" />
	<meta property="og:image:width" content="2560" />
	<meta property="og:image:height" content="1642" />
	<meta property="og:image:type" content="image/jpeg" />
<meta name="twitter:card" content="summary_large_image" />
<script type="application/ld+json" class="yoast-schema-graph">{"@context":"https:\/\/schema.org","@graph":[{"@type":"WebPage","@id":"https:\/\/www.blecha.at\/hu\/termekek\/fittings\/t-darabok\/","url":"https:\/\/www.blecha.at\/hu\/termekek\/fittings\/t-darabok\/","name":"T-darabok | BLECHA Aluprofile","isPartOf":{"@id":"https:\/\/www.blecha.at\/#website"},"datePublished":"2023-02-01T09:44:02+00:00","dateModified":"2024-01-31T08:13:36+00:00","description":"Fedezze fel kiváló minőségű alumíniumból készült T-darabjainkat. Alumínium pólóink ​​ideális választás olyan szerkezetekhez, ahol ágak és csatlakozások szükségesek. A pólók széles választékával, beleértve a csökkentett pólókat is, eszközöket kínálunk rugalmas és stabil szerkezetek létrehozásához. Alumínium T-darabjaink megfelelnek a legmagasabb minőségi előírásoknak, és a tartós és precíz kialakítás alapját képezik.","breadcrumb":{"@id":"https:\/\/www.blecha.at\/hu\/termekek\/fittings\/t-darabok\/#breadcrumb"},"inLanguage":"hu","potentialAction":[{"@type":"ReadAction","target":["https:\/\/www.blecha.at\/hu\/termekek\/fittings\/t-darabok\/"]}]},{"@type":"BreadcrumbList","@id":"https:\/\/www.blecha.at\/hu\/termekek\/fittings\/t-darabok\/#breadcrumb","itemListElement":[{"@type":"ListItem","position":1,"name":"Home","item":"https:\/\/www.blecha.at\/hu\/"},{"@type":"ListItem","position":2,"name":"Termékek","item":"https:\/\/www.blecha.at\/hu\/termekek\/"},{"@type":"ListItem","position":3,"name":"Fittingek","item":"https:\/\/www.blecha.at\/hu\/termekek\/fittings\/"},{"@type":"ListItem","position":4,"name":"T-darabok"}]},{"@type":"WebSite","@id":"https:\/\/www.blecha.at\/#website","url":"https:\/\/www.blecha.at\/","name":"BLECHA","description":"Eine weitere WordPress-Website","potentialAction":[{"@type":"SearchAction","target":{"@type":"EntryPoint","urlTemplate":"https:\/\/www.blecha.at\/?s={search_term_string}"},"query-input":{"@type":"PropertyValueSpecification","valueRequired":true,"valueName":"search_term_string"}}],"inLanguage":"hu"}]}</script>
<!-- / Yoast SEO plugin. -->

Fedezze fel kiváló minőségű alumíniumból készült T-darabjainkat. Alumínium pólóink ​​ideális választás olyan szerkezetekhez, ahol ágak és csatlakozások szükségesek. A pólók széles választékával, beleértve a csökkentett pólókat is, eszközöket kínálunk rugalmas és stabil szerkezetek létrehozásához. Alumínium T-darabjaink megfelelnek a legmagasabb minőségi előírásoknak, és a tartós és precíz kialakítás alapját képezik.

Termékek
