{"id":4285,"date":"2020-10-09T14:01:10","date_gmt":"2020-10-09T12:01:10","guid":{"rendered":"https:\/\/www.blecha.at\/agb\/"},"modified":"2022-06-30T13:09:36","modified_gmt":"2022-06-30T11:09:36","slug":"asf","status":"publish","type":"page","link":"https:\/\/www.blecha.at\/hu\/asf\/","title":{"rendered":"\u00c1LTAL\u00c1NOS SZERZ\u0150D\u00c9SI FELT\u00c9TELEK"},"content":{"rendered":"","protected":false},"excerpt":{"rendered":"","protected":false},"author":2,"featured_media":0,"parent":0,"menu_order":0,"comment_status":"closed","ping_status":"closed","template":"page-agb.php","meta":{"_acf_changed":false,"footnotes":""},"class_list":["post-4285","page","type-page","status-publish","hentry"],"acf":[],"yoast_head":"<!-- This site is optimized with the Yoast SEO plugin v27.3 - https:\/\/yoast.com\/product\/yoast-seo-wordpress\/ -->\n<title>\u00c1ltal\u00e1nos szerz\u0151d\u00e9si felt\u00e9telek | BLECHA<\/title>\n<meta name=\"description\" content=\"Az \u00e1ltal\u00e1nos szerz\u0151d\u00e9si felt\u00e9teleink az k\u00f6vetkez\u0151 oldalakon tal\u00e1ljhat\u00f3ak. Tov\u00e1bbi k\u00e9rd\u00e9s eset\u00e9n k\u00e9rj\u00fcl vegye fel vel\u00fcnk a kapcsolatot.\" \/>\n<meta name=\"robots\" content=\"index, follow, max-snippet:-1, max-image-preview:large, max-video-preview:-1\" \/>\n<link rel=\"canonical\" href=\"https:\/\/www.blecha.at\/hu\/asf\/\" \/>\n<meta property=\"og:locale\" content=\"hu_HU\" \/>\n<meta property=\"og:type\" content=\"article\" \/>\n<meta property=\"og:title\" content=\"\u00c1ltal\u00e1nos szerz\u0151d\u00e9si felt\u00e9telek | BLECHA\" \/>\n<meta property=\"og:description\" content=\"Az \u00e1ltal\u00e1nos szerz\u0151d\u00e9si felt\u00e9teleink az k\u00f6vetkez\u0151 oldalakon tal\u00e1ljhat\u00f3ak. Tov\u00e1bbi k\u00e9rd\u00e9s eset\u00e9n k\u00e9rj\u00fcl vegye fel vel\u00fcnk a kapcsolatot.\" \/>\n<meta property=\"og:url\" content=\"https:\/\/www.blecha.at\/hu\/asf\/\" \/>\n<meta property=\"og:site_name\" content=\"BLECHA\" \/>\n<meta property=\"article:modified_time\" content=\"2022-06-30T11:09:36+00:00\" \/>\n<meta property=\"og:image\" content=\"https:\/\/www.blecha.at\/wp-content\/uploads\/2021\/02\/blecha-unternehmen-auswahl-gebaeude-3-scaled.jpg\" \/>\n\t<meta property=\"og:image:width\" content=\"2560\" \/>\n\t<meta property=\"og:image:height\" content=\"1642\" \/>\n\t<meta property=\"og:image:type\" content=\"image\/jpeg\" \/>\n<meta name=\"twitter:card\" content=\"summary_large_image\" \/>\n<script type=\"application\/ld+json\" class=\"yoast-schema-graph\">{\"@context\":\"https:\\\/\\\/schema.org\",\"@graph\":[{\"@type\":\"WebPage\",\"@id\":\"https:\\\/\\\/www.blecha.at\\\/hu\\\/asf\\\/\",\"url\":\"https:\\\/\\\/www.blecha.at\\\/hu\\\/asf\\\/\",\"name\":\"\u00c1ltal\u00e1nos szerz\u0151d\u00e9si felt\u00e9telek | BLECHA\",\"isPartOf\":{\"@id\":\"https:\\\/\\\/www.blecha.at\\\/#website\"},\"datePublished\":\"2020-10-09T12:01:10+00:00\",\"dateModified\":\"2022-06-30T11:09:36+00:00\",\"description\":\"Az \u00e1ltal\u00e1nos szerz\u0151d\u00e9si felt\u00e9teleink az k\u00f6vetkez\u0151 oldalakon tal\u00e1ljhat\u00f3ak. Tov\u00e1bbi k\u00e9rd\u00e9s eset\u00e9n k\u00e9rj\u00fcl vegye fel vel\u00fcnk a kapcsolatot.\",\"breadcrumb\":{\"@id\":\"https:\\\/\\\/www.blecha.at\\\/hu\\\/asf\\\/#breadcrumb\"},\"inLanguage\":\"hu\",\"potentialAction\":[{\"@type\":\"ReadAction\",\"target\":[\"https:\\\/\\\/www.blecha.at\\\/hu\\\/asf\\\/\"]}]},{\"@type\":\"BreadcrumbList\",\"@id\":\"https:\\\/\\\/www.blecha.at\\\/hu\\\/asf\\\/#breadcrumb\",\"itemListElement\":[{\"@type\":\"ListItem\",\"position\":1,\"name\":\"Home\",\"item\":\"https:\\\/\\\/www.blecha.at\\\/hu\\\/\"},{\"@type\":\"ListItem\",\"position\":2,\"name\":\"\u00c1LTAL\u00c1NOS SZERZ\u0150D\u00c9SI FELT\u00c9TELEK\"}]},{\"@type\":\"WebSite\",\"@id\":\"https:\\\/\\\/www.blecha.at\\\/#website\",\"url\":\"https:\\\/\\\/www.blecha.at\\\/\",\"name\":\"BLECHA\",\"description\":\"Eine weitere WordPress-Website\",\"potentialAction\":[{\"@type\":\"SearchAction\",\"target\":{\"@type\":\"EntryPoint\",\"urlTemplate\":\"https:\\\/\\\/www.blecha.at\\\/?s={search_term_string}\"},\"query-input\":{\"@type\":\"PropertyValueSpecification\",\"valueRequired\":true,\"valueName\":\"search_term_string\"}}],\"inLanguage\":\"hu\"}]}<\/script>\n<!-- \/ Yoast SEO plugin. -->","yoast_head_json":{"title":"\u00c1ltal\u00e1nos szerz\u0151d\u00e9si felt\u00e9telek | BLECHA","description":"Az \u00e1ltal\u00e1nos szerz\u0151d\u00e9si felt\u00e9teleink az k\u00f6vetkez\u0151 oldalakon tal\u00e1ljhat\u00f3ak. Tov\u00e1bbi k\u00e9rd\u00e9s eset\u00e9n k\u00e9rj\u00fcl vegye fel vel\u00fcnk a kapcsolatot.","robots":{"index":"index","follow":"follow","max-snippet":"max-snippet:-1","max-image-preview":"max-image-preview:large","max-video-preview":"max-video-preview:-1"},"canonical":"https:\/\/www.blecha.at\/hu\/asf\/","og_locale":"hu_HU","og_type":"article","og_title":"\u00c1ltal\u00e1nos szerz\u0151d\u00e9si felt\u00e9telek | BLECHA","og_description":"Az \u00e1ltal\u00e1nos szerz\u0151d\u00e9si felt\u00e9teleink az k\u00f6vetkez\u0151 oldalakon tal\u00e1ljhat\u00f3ak. Tov\u00e1bbi k\u00e9rd\u00e9s eset\u00e9n k\u00e9rj\u00fcl vegye fel vel\u00fcnk a kapcsolatot.","og_url":"https:\/\/www.blecha.at\/hu\/asf\/","og_site_name":"BLECHA","article_modified_time":"2022-06-30T11:09:36+00:00","og_image":[{"width":2560,"height":1642,"url":"https:\/\/www.blecha.at\/wp-content\/uploads\/2021\/02\/blecha-unternehmen-auswahl-gebaeude-3-scaled.jpg","type":"image\/jpeg"}],"twitter_card":"summary_large_image","schema":{"@context":"https:\/\/schema.org","@graph":[{"@type":"WebPage","@id":"https:\/\/www.blecha.at\/hu\/asf\/","url":"https:\/\/www.blecha.at\/hu\/asf\/","name":"\u00c1ltal\u00e1nos szerz\u0151d\u00e9si felt\u00e9telek | BLECHA","isPartOf":{"@id":"https:\/\/www.blecha.at\/#website"},"datePublished":"2020-10-09T12:01:10+00:00","dateModified":"2022-06-30T11:09:36+00:00","description":"Az \u00e1ltal\u00e1nos szerz\u0151d\u00e9si felt\u00e9teleink az k\u00f6vetkez\u0151 oldalakon tal\u00e1ljhat\u00f3ak. Tov\u00e1bbi k\u00e9rd\u00e9s eset\u00e9n k\u00e9rj\u00fcl vegye fel vel\u00fcnk a kapcsolatot.","breadcrumb":{"@id":"https:\/\/www.blecha.at\/hu\/asf\/#breadcrumb"},"inLanguage":"hu","potentialAction":[{"@type":"ReadAction","target":["https:\/\/www.blecha.at\/hu\/asf\/"]}]},{"@type":"BreadcrumbList","@id":"https:\/\/www.blecha.at\/hu\/asf\/#breadcrumb","itemListElement":[{"@type":"ListItem","position":1,"name":"Home","item":"https:\/\/www.blecha.at\/hu\/"},{"@type":"ListItem","position":2,"name":"\u00c1LTAL\u00c1NOS SZERZ\u0150D\u00c9SI FELT\u00c9TELEK"}]},{"@type":"WebSite","@id":"https:\/\/www.blecha.at\/#website","url":"https:\/\/www.blecha.at\/","name":"BLECHA","description":"Eine weitere WordPress-Website","potentialAction":[{"@type":"SearchAction","target":{"@type":"EntryPoint","urlTemplate":"https:\/\/www.blecha.at\/?s={search_term_string}"},"query-input":{"@type":"PropertyValueSpecification","valueRequired":true,"valueName":"search_term_string"}}],"inLanguage":"hu"}]}},"_links":{"self":[{"href":"https:\/\/www.blecha.at\/hu\/wp-json\/wp\/v2\/pages\/4285","targetHints":{"allow":["GET"]}}],"collection":[{"href":"https:\/\/www.blecha.at\/hu\/wp-json\/wp\/v2\/pages"}],"about":[{"href":"https:\/\/www.blecha.at\/hu\/wp-json\/wp\/v2\/types\/page"}],"author":[{"embeddable":true,"href":"https:\/\/www.blecha.at\/hu\/wp-json\/wp\/v2\/users\/2"}],"replies":[{"embeddable":true,"href":"https:\/\/www.blecha.at\/hu\/wp-json\/wp\/v2\/comments?post=4285"}],"version-history":[{"count":7,"href":"https:\/\/www.blecha.at\/hu\/wp-json\/wp\/v2\/pages\/4285\/revisions"}],"predecessor-version":[{"id":15875,"href":"https:\/\/www.blecha.at\/hu\/wp-json\/wp\/v2\/pages\/4285\/revisions\/15875"}],"wp:attachment":[{"href":"https:\/\/www.blecha.at\/hu\/wp-json\/wp\/v2\/media?parent=4285"}],"curies":[{"name":"wp","href":"https:\/\/api.w.org\/{rel}","templated":true}]}}

ÁLTALÁNOS SZERZŐDÉSI FELTÉTELEK

<!-- This site is optimized with the Yoast SEO plugin v27.3 - https://yoast.com/product/yoast-seo-wordpress/ -->
<title>Általános szerződési feltételek | BLECHA</title>
<meta name="description" content="Az általános szerződési feltételeink az következő oldalakon találjhatóak. További kérdés esetén kérjül vegye fel velünk a kapcsolatot." />
<meta name="robots" content="index, follow, max-snippet:-1, max-image-preview:large, max-video-preview:-1" />
<link rel="canonical" href="https://www.blecha.at/hu/asf/" />
<meta property="og:locale" content="hu_HU" />
<meta property="og:type" content="article" />
<meta property="og:title" content="Általános szerződési feltételek | BLECHA" />
<meta property="og:description" content="Az általános szerződési feltételeink az következő oldalakon találjhatóak. További kérdés esetén kérjül vegye fel velünk a kapcsolatot." />
<meta property="og:url" content="https://www.blecha.at/hu/asf/" />
<meta property="og:site_name" content="BLECHA" />
<meta property="article:modified_time" content="2022-06-30T11:09:36+00:00" />
<meta property="og:image" content="https://www.blecha.at/wp-content/uploads/2021/02/blecha-unternehmen-auswahl-gebaeude-3-scaled.jpg" />
	<meta property="og:image:width" content="2560" />
	<meta property="og:image:height" content="1642" />
	<meta property="og:image:type" content="image/jpeg" />
<meta name="twitter:card" content="summary_large_image" />
<script type="application/ld+json" class="yoast-schema-graph">{"@context":"https:\/\/schema.org","@graph":[{"@type":"WebPage","@id":"https:\/\/www.blecha.at\/hu\/asf\/","url":"https:\/\/www.blecha.at\/hu\/asf\/","name":"Általános szerződési feltételek | BLECHA","isPartOf":{"@id":"https:\/\/www.blecha.at\/#website"},"datePublished":"2020-10-09T12:01:10+00:00","dateModified":"2022-06-30T11:09:36+00:00","description":"Az általános szerződési feltételeink az következő oldalakon találjhatóak. További kérdés esetén kérjül vegye fel velünk a kapcsolatot.","breadcrumb":{"@id":"https:\/\/www.blecha.at\/hu\/asf\/#breadcrumb"},"inLanguage":"hu","potentialAction":[{"@type":"ReadAction","target":["https:\/\/www.blecha.at\/hu\/asf\/"]}]},{"@type":"BreadcrumbList","@id":"https:\/\/www.blecha.at\/hu\/asf\/#breadcrumb","itemListElement":[{"@type":"ListItem","position":1,"name":"Home","item":"https:\/\/www.blecha.at\/hu\/"},{"@type":"ListItem","position":2,"name":"ÁLTALÁNOS SZERZŐDÉSI FELTÉTELEK"}]},{"@type":"WebSite","@id":"https:\/\/www.blecha.at\/#website","url":"https:\/\/www.blecha.at\/","name":"BLECHA","description":"Eine weitere WordPress-Website","potentialAction":[{"@type":"SearchAction","target":{"@type":"EntryPoint","urlTemplate":"https:\/\/www.blecha.at\/?s={search_term_string}"},"query-input":{"@type":"PropertyValueSpecification","valueRequired":true,"valueName":"search_term_string"}}],"inLanguage":"hu"}]}</script>
<!-- / Yoast SEO plugin. -->

Általános szerződési feltételek | BLECHA

Az általános szerződési feltételeink az következő oldalakon találjhatóak. További kérdés esetén kérjül vegye fel velünk a kapcsolatot.
