{"id":22273,"date":"2023-09-13T16:08:43","date_gmt":"2023-09-13T14:08:43","guid":{"rendered":"https:\/\/www.blecha.at\/?page_id=22273"},"modified":"2026-02-09T16:19:32","modified_gmt":"2026-02-09T15:19:32","slug":"budowa-wolier","status":"publish","type":"page","link":"https:\/\/www.blecha.at\/pl\/produkty\/profile-specjalne\/budowa-wolier\/","title":{"rendered":"Budowa wolier"},"content":{"rendered":"","protected":false},"excerpt":{"rendered":"","protected":false},"author":2,"featured_media":0,"parent":5889,"menu_order":0,"comment_status":"closed","ping_status":"closed","template":"page-zaunsysteme-details.php","meta":{"_acf_changed":false,"footnotes":""},"class_list":["post-22273","page","type-page","status-publish","hentry"],"acf":[],"yoast_head":"<!-- This site is optimized with the Yoast SEO plugin v27.3 - https:\/\/yoast.com\/product\/yoast-seo-wordpress\/ -->\n<title>Budowa wolier | BLECHA Aluprofile<\/title>\n<meta name=\"description\" content=\"Odkryj nasze wysokiej jako\u015bci profile aluminiowe do budowy wolier. Nasze specjalnie opracowane profile s\u0105 idealnym wyborem do budowy wolier i klatek. Dzi\u0119ki szerokiej gamie profili, w tym profili wolierowych i klatkowych, oferujemy Pa\u0144stwu narz\u0119dzia do tworzenia bezpiecznych i trwa\u0142ych wolier.\" \/>\n<meta name=\"robots\" content=\"index, follow, max-snippet:-1, max-image-preview:large, max-video-preview:-1\" \/>\n<link rel=\"canonical\" href=\"https:\/\/www.blecha.at\/pl\/produkty\/profile-specjalne\/budowa-wolier\/\" \/>\n<meta property=\"og:locale\" content=\"pl_PL\" \/>\n<meta property=\"og:type\" content=\"article\" \/>\n<meta property=\"og:title\" content=\"Budowa wolier | BLECHA Aluprofile\" \/>\n<meta property=\"og:description\" content=\"Odkryj nasze wysokiej jako\u015bci profile aluminiowe do budowy wolier. Nasze specjalnie opracowane profile s\u0105 idealnym wyborem do budowy wolier i klatek. Dzi\u0119ki szerokiej gamie profili, w tym profili wolierowych i klatkowych, oferujemy Pa\u0144stwu narz\u0119dzia do tworzenia bezpiecznych i trwa\u0142ych wolier.\" \/>\n<meta property=\"og:url\" content=\"https:\/\/www.blecha.at\/pl\/produkty\/profile-specjalne\/budowa-wolier\/\" \/>\n<meta property=\"og:site_name\" content=\"BLECHA\" \/>\n<meta property=\"article:modified_time\" content=\"2026-02-09T15:19:32+00:00\" \/>\n<meta property=\"og:image\" content=\"https:\/\/www.blecha.at\/wp-content\/uploads\/2021\/02\/blecha-unternehmen-auswahl-gebaeude-3-scaled.jpg\" \/>\n\t<meta property=\"og:image:width\" content=\"2560\" \/>\n\t<meta property=\"og:image:height\" content=\"1642\" \/>\n\t<meta property=\"og:image:type\" content=\"image\/jpeg\" \/>\n<meta name=\"twitter:card\" content=\"summary_large_image\" \/>\n<script type=\"application\/ld+json\" class=\"yoast-schema-graph\">{\"@context\":\"https:\\\/\\\/schema.org\",\"@graph\":[{\"@type\":\"WebPage\",\"@id\":\"https:\\\/\\\/www.blecha.at\\\/pl\\\/produkty\\\/profile-specjalne\\\/budowa-wolier\\\/\",\"url\":\"https:\\\/\\\/www.blecha.at\\\/pl\\\/produkty\\\/profile-specjalne\\\/budowa-wolier\\\/\",\"name\":\"Budowa wolier | BLECHA Aluprofile\",\"isPartOf\":{\"@id\":\"https:\\\/\\\/www.blecha.at\\\/#website\"},\"datePublished\":\"2023-09-13T14:08:43+00:00\",\"dateModified\":\"2026-02-09T15:19:32+00:00\",\"description\":\"Odkryj nasze wysokiej jako\u015bci profile aluminiowe do budowy wolier. Nasze specjalnie opracowane profile s\u0105 idealnym wyborem do budowy wolier i klatek. Dzi\u0119ki szerokiej gamie profili, w tym profili wolierowych i klatkowych, oferujemy Pa\u0144stwu narz\u0119dzia do tworzenia bezpiecznych i trwa\u0142ych wolier.\",\"breadcrumb\":{\"@id\":\"https:\\\/\\\/www.blecha.at\\\/pl\\\/produkty\\\/profile-specjalne\\\/budowa-wolier\\\/#breadcrumb\"},\"inLanguage\":\"pl-PL\",\"potentialAction\":[{\"@type\":\"ReadAction\",\"target\":[\"https:\\\/\\\/www.blecha.at\\\/pl\\\/produkty\\\/profile-specjalne\\\/budowa-wolier\\\/\"]}]},{\"@type\":\"BreadcrumbList\",\"@id\":\"https:\\\/\\\/www.blecha.at\\\/pl\\\/produkty\\\/profile-specjalne\\\/budowa-wolier\\\/#breadcrumb\",\"itemListElement\":[{\"@type\":\"ListItem\",\"position\":1,\"name\":\"Home\",\"item\":\"https:\\\/\\\/www.blecha.at\\\/pl\\\/\"},{\"@type\":\"ListItem\",\"position\":2,\"name\":\"Produkty\",\"item\":\"https:\\\/\\\/www.blecha.at\\\/pl\\\/produkty\\\/\"},{\"@type\":\"ListItem\",\"position\":3,\"name\":\"Profile specjalne\",\"item\":\"https:\\\/\\\/www.blecha.at\\\/pl\\\/produkty\\\/profile-specjalne\\\/\"},{\"@type\":\"ListItem\",\"position\":4,\"name\":\"Budowa wolier\"}]},{\"@type\":\"WebSite\",\"@id\":\"https:\\\/\\\/www.blecha.at\\\/#website\",\"url\":\"https:\\\/\\\/www.blecha.at\\\/\",\"name\":\"BLECHA\",\"description\":\"Eine weitere WordPress-Website\",\"potentialAction\":[{\"@type\":\"SearchAction\",\"target\":{\"@type\":\"EntryPoint\",\"urlTemplate\":\"https:\\\/\\\/www.blecha.at\\\/?s={search_term_string}\"},\"query-input\":{\"@type\":\"PropertyValueSpecification\",\"valueRequired\":true,\"valueName\":\"search_term_string\"}}],\"inLanguage\":\"pl-PL\"}]}<\/script>\n<!-- \/ Yoast SEO plugin. -->","yoast_head_json":{"title":"Budowa wolier | BLECHA Aluprofile","description":"Odkryj nasze wysokiej jako\u015bci profile aluminiowe do budowy wolier. Nasze specjalnie opracowane profile s\u0105 idealnym wyborem do budowy wolier i klatek. Dzi\u0119ki szerokiej gamie profili, w tym profili wolierowych i klatkowych, oferujemy Pa\u0144stwu narz\u0119dzia do tworzenia bezpiecznych i trwa\u0142ych wolier.","robots":{"index":"index","follow":"follow","max-snippet":"max-snippet:-1","max-image-preview":"max-image-preview:large","max-video-preview":"max-video-preview:-1"},"canonical":"https:\/\/www.blecha.at\/pl\/produkty\/profile-specjalne\/budowa-wolier\/","og_locale":"pl_PL","og_type":"article","og_title":"Budowa wolier | BLECHA Aluprofile","og_description":"Odkryj nasze wysokiej jako\u015bci profile aluminiowe do budowy wolier. Nasze specjalnie opracowane profile s\u0105 idealnym wyborem do budowy wolier i klatek. Dzi\u0119ki szerokiej gamie profili, w tym profili wolierowych i klatkowych, oferujemy Pa\u0144stwu narz\u0119dzia do tworzenia bezpiecznych i trwa\u0142ych wolier.","og_url":"https:\/\/www.blecha.at\/pl\/produkty\/profile-specjalne\/budowa-wolier\/","og_site_name":"BLECHA","article_modified_time":"2026-02-09T15:19:32+00:00","og_image":[{"width":2560,"height":1642,"url":"https:\/\/www.blecha.at\/wp-content\/uploads\/2021\/02\/blecha-unternehmen-auswahl-gebaeude-3-scaled.jpg","type":"image\/jpeg"}],"twitter_card":"summary_large_image","schema":{"@context":"https:\/\/schema.org","@graph":[{"@type":"WebPage","@id":"https:\/\/www.blecha.at\/pl\/produkty\/profile-specjalne\/budowa-wolier\/","url":"https:\/\/www.blecha.at\/pl\/produkty\/profile-specjalne\/budowa-wolier\/","name":"Budowa wolier | BLECHA Aluprofile","isPartOf":{"@id":"https:\/\/www.blecha.at\/#website"},"datePublished":"2023-09-13T14:08:43+00:00","dateModified":"2026-02-09T15:19:32+00:00","description":"Odkryj nasze wysokiej jako\u015bci profile aluminiowe do budowy wolier. Nasze specjalnie opracowane profile s\u0105 idealnym wyborem do budowy wolier i klatek. Dzi\u0119ki szerokiej gamie profili, w tym profili wolierowych i klatkowych, oferujemy Pa\u0144stwu narz\u0119dzia do tworzenia bezpiecznych i trwa\u0142ych wolier.","breadcrumb":{"@id":"https:\/\/www.blecha.at\/pl\/produkty\/profile-specjalne\/budowa-wolier\/#breadcrumb"},"inLanguage":"pl-PL","potentialAction":[{"@type":"ReadAction","target":["https:\/\/www.blecha.at\/pl\/produkty\/profile-specjalne\/budowa-wolier\/"]}]},{"@type":"BreadcrumbList","@id":"https:\/\/www.blecha.at\/pl\/produkty\/profile-specjalne\/budowa-wolier\/#breadcrumb","itemListElement":[{"@type":"ListItem","position":1,"name":"Home","item":"https:\/\/www.blecha.at\/pl\/"},{"@type":"ListItem","position":2,"name":"Produkty","item":"https:\/\/www.blecha.at\/pl\/produkty\/"},{"@type":"ListItem","position":3,"name":"Profile specjalne","item":"https:\/\/www.blecha.at\/pl\/produkty\/profile-specjalne\/"},{"@type":"ListItem","position":4,"name":"Budowa wolier"}]},{"@type":"WebSite","@id":"https:\/\/www.blecha.at\/#website","url":"https:\/\/www.blecha.at\/","name":"BLECHA","description":"Eine weitere WordPress-Website","potentialAction":[{"@type":"SearchAction","target":{"@type":"EntryPoint","urlTemplate":"https:\/\/www.blecha.at\/?s={search_term_string}"},"query-input":{"@type":"PropertyValueSpecification","valueRequired":true,"valueName":"search_term_string"}}],"inLanguage":"pl-PL"}]}},"_links":{"self":[{"href":"https:\/\/www.blecha.at\/pl\/wp-json\/wp\/v2\/pages\/22273","targetHints":{"allow":["GET"]}}],"collection":[{"href":"https:\/\/www.blecha.at\/pl\/wp-json\/wp\/v2\/pages"}],"about":[{"href":"https:\/\/www.blecha.at\/pl\/wp-json\/wp\/v2\/types\/page"}],"author":[{"embeddable":true,"href":"https:\/\/www.blecha.at\/pl\/wp-json\/wp\/v2\/users\/2"}],"replies":[{"embeddable":true,"href":"https:\/\/www.blecha.at\/pl\/wp-json\/wp\/v2\/comments?post=22273"}],"version-history":[{"count":7,"href":"https:\/\/www.blecha.at\/pl\/wp-json\/wp\/v2\/pages\/22273\/revisions"}],"predecessor-version":[{"id":31865,"href":"https:\/\/www.blecha.at\/pl\/wp-json\/wp\/v2\/pages\/22273\/revisions\/31865"}],"up":[{"embeddable":true,"href":"https:\/\/www.blecha.at\/pl\/wp-json\/wp\/v2\/pages\/5889"}],"wp:attachment":[{"href":"https:\/\/www.blecha.at\/pl\/wp-json\/wp\/v2\/media?parent=22273"}],"curies":[{"name":"wp","href":"https:\/\/api.w.org\/{rel}","templated":true}]}}

<!-- This site is optimized with the Yoast SEO plugin v27.3 - https://yoast.com/product/yoast-seo-wordpress/ -->
<title>Budowa wolier | BLECHA Aluprofile</title>
<meta name="description" content="Odkryj nasze wysokiej jakości profile aluminiowe do budowy wolier. Nasze specjalnie opracowane profile są idealnym wyborem do budowy wolier i klatek. Dzięki szerokiej gamie profili, w tym profili wolierowych i klatkowych, oferujemy Państwu narzędzia do tworzenia bezpiecznych i trwałych wolier." />
<meta name="robots" content="index, follow, max-snippet:-1, max-image-preview:large, max-video-preview:-1" />
<link rel="canonical" href="https://www.blecha.at/pl/produkty/profile-specjalne/budowa-wolier/" />
<meta property="og:locale" content="pl_PL" />
<meta property="og:type" content="article" />
<meta property="og:title" content="Budowa wolier | BLECHA Aluprofile" />
<meta property="og:description" content="Odkryj nasze wysokiej jakości profile aluminiowe do budowy wolier. Nasze specjalnie opracowane profile są idealnym wyborem do budowy wolier i klatek. Dzięki szerokiej gamie profili, w tym profili wolierowych i klatkowych, oferujemy Państwu narzędzia do tworzenia bezpiecznych i trwałych wolier." />
<meta property="og:url" content="https://www.blecha.at/pl/produkty/profile-specjalne/budowa-wolier/" />
<meta property="og:site_name" content="BLECHA" />
<meta property="article:modified_time" content="2026-02-09T15:19:32+00:00" />
<meta property="og:image" content="https://www.blecha.at/wp-content/uploads/2021/02/blecha-unternehmen-auswahl-gebaeude-3-scaled.jpg" />
	<meta property="og:image:width" content="2560" />
	<meta property="og:image:height" content="1642" />
	<meta property="og:image:type" content="image/jpeg" />
<meta name="twitter:card" content="summary_large_image" />
<script type="application/ld+json" class="yoast-schema-graph">{"@context":"https:\/\/schema.org","@graph":[{"@type":"WebPage","@id":"https:\/\/www.blecha.at\/pl\/produkty\/profile-specjalne\/budowa-wolier\/","url":"https:\/\/www.blecha.at\/pl\/produkty\/profile-specjalne\/budowa-wolier\/","name":"Budowa wolier | BLECHA Aluprofile","isPartOf":{"@id":"https:\/\/www.blecha.at\/#website"},"datePublished":"2023-09-13T14:08:43+00:00","dateModified":"2026-02-09T15:19:32+00:00","description":"Odkryj nasze wysokiej jakości profile aluminiowe do budowy wolier. Nasze specjalnie opracowane profile są idealnym wyborem do budowy wolier i klatek. Dzięki szerokiej gamie profili, w tym profili wolierowych i klatkowych, oferujemy Państwu narzędzia do tworzenia bezpiecznych i trwałych wolier.","breadcrumb":{"@id":"https:\/\/www.blecha.at\/pl\/produkty\/profile-specjalne\/budowa-wolier\/#breadcrumb"},"inLanguage":"pl-PL","potentialAction":[{"@type":"ReadAction","target":["https:\/\/www.blecha.at\/pl\/produkty\/profile-specjalne\/budowa-wolier\/"]}]},{"@type":"BreadcrumbList","@id":"https:\/\/www.blecha.at\/pl\/produkty\/profile-specjalne\/budowa-wolier\/#breadcrumb","itemListElement":[{"@type":"ListItem","position":1,"name":"Home","item":"https:\/\/www.blecha.at\/pl\/"},{"@type":"ListItem","position":2,"name":"Produkty","item":"https:\/\/www.blecha.at\/pl\/produkty\/"},{"@type":"ListItem","position":3,"name":"Profile specjalne","item":"https:\/\/www.blecha.at\/pl\/produkty\/profile-specjalne\/"},{"@type":"ListItem","position":4,"name":"Budowa wolier"}]},{"@type":"WebSite","@id":"https:\/\/www.blecha.at\/#website","url":"https:\/\/www.blecha.at\/","name":"BLECHA","description":"Eine weitere WordPress-Website","potentialAction":[{"@type":"SearchAction","target":{"@type":"EntryPoint","urlTemplate":"https:\/\/www.blecha.at\/?s={search_term_string}"},"query-input":{"@type":"PropertyValueSpecification","valueRequired":true,"valueName":"search_term_string"}}],"inLanguage":"pl-PL"}]}</script>
<!-- / Yoast SEO plugin. -->

Odkryj nasze wysokiej jakości profile aluminiowe do budowy wolier. Nasze specjalnie opracowane profile są idealnym wyborem do budowy wolier i klatek. Dzięki szerokiej gamie profili, w tym profili wolierowych i klatkowych, oferujemy Państwu narzędzia do tworzenia bezpiecznych i trwałych wolier.
