{"id":22394,"date":"2023-02-01T10:44:02","date_gmt":"2023-02-01T09:44:02","guid":{"rendered":"https:\/\/www.blecha.at\/?page_id=22394"},"modified":"2024-01-31T09:20:30","modified_gmt":"2024-01-31T08:20:30","slug":"t-kusy","status":"publish","type":"page","link":"https:\/\/www.blecha.at\/sk\/produkty\/fittings\/t-kusy\/","title":{"rendered":"T-kusy"},"content":{"rendered":"","protected":false},"excerpt":{"rendered":"","protected":false},"author":2,"featured_media":0,"parent":26630,"menu_order":0,"comment_status":"closed","ping_status":"closed","template":"page-zaunsysteme-details.php","meta":{"_acf_changed":false,"footnotes":""},"class_list":["post-22394","page","type-page","status-publish","hentry"],"acf":[],"yoast_head":"<!-- This site is optimized with the Yoast SEO plugin v27.3 - https:\/\/yoast.com\/product\/yoast-seo-wordpress\/ -->\n<title>T-kusy | BLECHA Aluprofile<\/title>\n<meta name=\"description\" content=\"Objavte na\u0161e vysokokvalitn\u00e9 T-kusy vyroben\u00e9 z hlin\u00edka. Na\u0161e hlin\u00edkov\u00e9 T-kusy s\u00fa ide\u00e1lnou vo\u013ebou pre kon\u0161trukcie, kde s\u00fa potrebn\u00e9 odbo\u010dky a spoje. So \u0161irokou \u0161k\u00e1lou odpal\u00edsk, vr\u00e1tane redukovan\u00fdch odpal\u00edsk, v\u00e1m pon\u00fakame n\u00e1stroje na vytv\u00e1ranie flexibiln\u00fdch a stabiln\u00fdch \u0161trukt\u00far. Na\u0161e hlin\u00edkov\u00e9 T-kusy sp\u013a\u0148aj\u00fa najvy\u0161\u0161ie \u0161tandardy kvality a s\u00fa z\u00e1kladom pre odoln\u00e9 a presn\u00e9 kon\u0161trukcie.\" \/>\n<meta name=\"robots\" content=\"index, follow, max-snippet:-1, max-image-preview:large, max-video-preview:-1\" \/>\n<link rel=\"canonical\" href=\"https:\/\/www.blecha.at\/sk\/produkty\/fittings\/t-kusy\/\" \/>\n<meta property=\"og:locale\" content=\"sk_SK\" \/>\n<meta property=\"og:type\" content=\"article\" \/>\n<meta property=\"og:title\" content=\"T-kusy | BLECHA Aluprofile\" \/>\n<meta property=\"og:description\" content=\"Objavte na\u0161e vysokokvalitn\u00e9 T-kusy vyroben\u00e9 z hlin\u00edka. Na\u0161e hlin\u00edkov\u00e9 T-kusy s\u00fa ide\u00e1lnou vo\u013ebou pre kon\u0161trukcie, kde s\u00fa potrebn\u00e9 odbo\u010dky a spoje. So \u0161irokou \u0161k\u00e1lou odpal\u00edsk, vr\u00e1tane redukovan\u00fdch odpal\u00edsk, v\u00e1m pon\u00fakame n\u00e1stroje na vytv\u00e1ranie flexibiln\u00fdch a stabiln\u00fdch \u0161trukt\u00far. Na\u0161e hlin\u00edkov\u00e9 T-kusy sp\u013a\u0148aj\u00fa najvy\u0161\u0161ie \u0161tandardy kvality a s\u00fa z\u00e1kladom pre odoln\u00e9 a presn\u00e9 kon\u0161trukcie.\" \/>\n<meta property=\"og:url\" content=\"https:\/\/www.blecha.at\/sk\/produkty\/fittings\/t-kusy\/\" \/>\n<meta property=\"og:site_name\" content=\"BLECHA\" \/>\n<meta property=\"article:modified_time\" content=\"2024-01-31T08:20:30+00:00\" \/>\n<meta property=\"og:image\" content=\"https:\/\/www.blecha.at\/wp-content\/uploads\/2021\/02\/blecha-unternehmen-auswahl-gebaeude-3-scaled.jpg\" \/>\n\t<meta property=\"og:image:width\" content=\"2560\" \/>\n\t<meta property=\"og:image:height\" content=\"1642\" \/>\n\t<meta property=\"og:image:type\" content=\"image\/jpeg\" \/>\n<meta name=\"twitter:card\" content=\"summary_large_image\" \/>\n<script type=\"application\/ld+json\" class=\"yoast-schema-graph\">{\"@context\":\"https:\\\/\\\/schema.org\",\"@graph\":[{\"@type\":\"WebPage\",\"@id\":\"https:\\\/\\\/www.blecha.at\\\/sk\\\/produkty\\\/fittings\\\/t-kusy\\\/\",\"url\":\"https:\\\/\\\/www.blecha.at\\\/sk\\\/produkty\\\/fittings\\\/t-kusy\\\/\",\"name\":\"T-kusy | BLECHA Aluprofile\",\"isPartOf\":{\"@id\":\"https:\\\/\\\/www.blecha.at\\\/#website\"},\"datePublished\":\"2023-02-01T09:44:02+00:00\",\"dateModified\":\"2024-01-31T08:20:30+00:00\",\"description\":\"Objavte na\u0161e vysokokvalitn\u00e9 T-kusy vyroben\u00e9 z hlin\u00edka. Na\u0161e hlin\u00edkov\u00e9 T-kusy s\u00fa ide\u00e1lnou vo\u013ebou pre kon\u0161trukcie, kde s\u00fa potrebn\u00e9 odbo\u010dky a spoje. So \u0161irokou \u0161k\u00e1lou odpal\u00edsk, vr\u00e1tane redukovan\u00fdch odpal\u00edsk, v\u00e1m pon\u00fakame n\u00e1stroje na vytv\u00e1ranie flexibiln\u00fdch a stabiln\u00fdch \u0161trukt\u00far. Na\u0161e hlin\u00edkov\u00e9 T-kusy sp\u013a\u0148aj\u00fa najvy\u0161\u0161ie \u0161tandardy kvality a s\u00fa z\u00e1kladom pre odoln\u00e9 a presn\u00e9 kon\u0161trukcie.\",\"breadcrumb\":{\"@id\":\"https:\\\/\\\/www.blecha.at\\\/sk\\\/produkty\\\/fittings\\\/t-kusy\\\/#breadcrumb\"},\"inLanguage\":\"sk-SK\",\"potentialAction\":[{\"@type\":\"ReadAction\",\"target\":[\"https:\\\/\\\/www.blecha.at\\\/sk\\\/produkty\\\/fittings\\\/t-kusy\\\/\"]}]},{\"@type\":\"BreadcrumbList\",\"@id\":\"https:\\\/\\\/www.blecha.at\\\/sk\\\/produkty\\\/fittings\\\/t-kusy\\\/#breadcrumb\",\"itemListElement\":[{\"@type\":\"ListItem\",\"position\":1,\"name\":\"Home\",\"item\":\"https:\\\/\\\/www.blecha.at\\\/sk\\\/\"},{\"@type\":\"ListItem\",\"position\":2,\"name\":\"Produkty\",\"item\":\"https:\\\/\\\/www.blecha.at\\\/sk\\\/produkty\\\/\"},{\"@type\":\"ListItem\",\"position\":3,\"name\":\"Tvarovky\",\"item\":\"https:\\\/\\\/www.blecha.at\\\/sk\\\/produkty\\\/fittings\\\/\"},{\"@type\":\"ListItem\",\"position\":4,\"name\":\"T-kusy\"}]},{\"@type\":\"WebSite\",\"@id\":\"https:\\\/\\\/www.blecha.at\\\/#website\",\"url\":\"https:\\\/\\\/www.blecha.at\\\/\",\"name\":\"BLECHA\",\"description\":\"Eine weitere WordPress-Website\",\"potentialAction\":[{\"@type\":\"SearchAction\",\"target\":{\"@type\":\"EntryPoint\",\"urlTemplate\":\"https:\\\/\\\/www.blecha.at\\\/?s={search_term_string}\"},\"query-input\":{\"@type\":\"PropertyValueSpecification\",\"valueRequired\":true,\"valueName\":\"search_term_string\"}}],\"inLanguage\":\"sk-SK\"}]}<\/script>\n<!-- \/ Yoast SEO plugin. -->","yoast_head_json":{"title":"T-kusy | BLECHA Aluprofile","description":"Objavte na\u0161e vysokokvalitn\u00e9 T-kusy vyroben\u00e9 z hlin\u00edka. Na\u0161e hlin\u00edkov\u00e9 T-kusy s\u00fa ide\u00e1lnou vo\u013ebou pre kon\u0161trukcie, kde s\u00fa potrebn\u00e9 odbo\u010dky a spoje. So \u0161irokou \u0161k\u00e1lou odpal\u00edsk, vr\u00e1tane redukovan\u00fdch odpal\u00edsk, v\u00e1m pon\u00fakame n\u00e1stroje na vytv\u00e1ranie flexibiln\u00fdch a stabiln\u00fdch \u0161trukt\u00far. Na\u0161e hlin\u00edkov\u00e9 T-kusy sp\u013a\u0148aj\u00fa najvy\u0161\u0161ie \u0161tandardy kvality a s\u00fa z\u00e1kladom pre odoln\u00e9 a presn\u00e9 kon\u0161trukcie.","robots":{"index":"index","follow":"follow","max-snippet":"max-snippet:-1","max-image-preview":"max-image-preview:large","max-video-preview":"max-video-preview:-1"},"canonical":"https:\/\/www.blecha.at\/sk\/produkty\/fittings\/t-kusy\/","og_locale":"sk_SK","og_type":"article","og_title":"T-kusy | BLECHA Aluprofile","og_description":"Objavte na\u0161e vysokokvalitn\u00e9 T-kusy vyroben\u00e9 z hlin\u00edka. Na\u0161e hlin\u00edkov\u00e9 T-kusy s\u00fa ide\u00e1lnou vo\u013ebou pre kon\u0161trukcie, kde s\u00fa potrebn\u00e9 odbo\u010dky a spoje. So \u0161irokou \u0161k\u00e1lou odpal\u00edsk, vr\u00e1tane redukovan\u00fdch odpal\u00edsk, v\u00e1m pon\u00fakame n\u00e1stroje na vytv\u00e1ranie flexibiln\u00fdch a stabiln\u00fdch \u0161trukt\u00far. Na\u0161e hlin\u00edkov\u00e9 T-kusy sp\u013a\u0148aj\u00fa najvy\u0161\u0161ie \u0161tandardy kvality a s\u00fa z\u00e1kladom pre odoln\u00e9 a presn\u00e9 kon\u0161trukcie.","og_url":"https:\/\/www.blecha.at\/sk\/produkty\/fittings\/t-kusy\/","og_site_name":"BLECHA","article_modified_time":"2024-01-31T08:20:30+00:00","og_image":[{"width":2560,"height":1642,"url":"https:\/\/www.blecha.at\/wp-content\/uploads\/2021\/02\/blecha-unternehmen-auswahl-gebaeude-3-scaled.jpg","type":"image\/jpeg"}],"twitter_card":"summary_large_image","schema":{"@context":"https:\/\/schema.org","@graph":[{"@type":"WebPage","@id":"https:\/\/www.blecha.at\/sk\/produkty\/fittings\/t-kusy\/","url":"https:\/\/www.blecha.at\/sk\/produkty\/fittings\/t-kusy\/","name":"T-kusy | BLECHA Aluprofile","isPartOf":{"@id":"https:\/\/www.blecha.at\/#website"},"datePublished":"2023-02-01T09:44:02+00:00","dateModified":"2024-01-31T08:20:30+00:00","description":"Objavte na\u0161e vysokokvalitn\u00e9 T-kusy vyroben\u00e9 z hlin\u00edka. Na\u0161e hlin\u00edkov\u00e9 T-kusy s\u00fa ide\u00e1lnou vo\u013ebou pre kon\u0161trukcie, kde s\u00fa potrebn\u00e9 odbo\u010dky a spoje. So \u0161irokou \u0161k\u00e1lou odpal\u00edsk, vr\u00e1tane redukovan\u00fdch odpal\u00edsk, v\u00e1m pon\u00fakame n\u00e1stroje na vytv\u00e1ranie flexibiln\u00fdch a stabiln\u00fdch \u0161trukt\u00far. Na\u0161e hlin\u00edkov\u00e9 T-kusy sp\u013a\u0148aj\u00fa najvy\u0161\u0161ie \u0161tandardy kvality a s\u00fa z\u00e1kladom pre odoln\u00e9 a presn\u00e9 kon\u0161trukcie.","breadcrumb":{"@id":"https:\/\/www.blecha.at\/sk\/produkty\/fittings\/t-kusy\/#breadcrumb"},"inLanguage":"sk-SK","potentialAction":[{"@type":"ReadAction","target":["https:\/\/www.blecha.at\/sk\/produkty\/fittings\/t-kusy\/"]}]},{"@type":"BreadcrumbList","@id":"https:\/\/www.blecha.at\/sk\/produkty\/fittings\/t-kusy\/#breadcrumb","itemListElement":[{"@type":"ListItem","position":1,"name":"Home","item":"https:\/\/www.blecha.at\/sk\/"},{"@type":"ListItem","position":2,"name":"Produkty","item":"https:\/\/www.blecha.at\/sk\/produkty\/"},{"@type":"ListItem","position":3,"name":"Tvarovky","item":"https:\/\/www.blecha.at\/sk\/produkty\/fittings\/"},{"@type":"ListItem","position":4,"name":"T-kusy"}]},{"@type":"WebSite","@id":"https:\/\/www.blecha.at\/#website","url":"https:\/\/www.blecha.at\/","name":"BLECHA","description":"Eine weitere WordPress-Website","potentialAction":[{"@type":"SearchAction","target":{"@type":"EntryPoint","urlTemplate":"https:\/\/www.blecha.at\/?s={search_term_string}"},"query-input":{"@type":"PropertyValueSpecification","valueRequired":true,"valueName":"search_term_string"}}],"inLanguage":"sk-SK"}]}},"_links":{"self":[{"href":"https:\/\/www.blecha.at\/sk\/wp-json\/wp\/v2\/pages\/22394","targetHints":{"allow":["GET"]}}],"collection":[{"href":"https:\/\/www.blecha.at\/sk\/wp-json\/wp\/v2\/pages"}],"about":[{"href":"https:\/\/www.blecha.at\/sk\/wp-json\/wp\/v2\/types\/page"}],"author":[{"embeddable":true,"href":"https:\/\/www.blecha.at\/sk\/wp-json\/wp\/v2\/users\/2"}],"replies":[{"embeddable":true,"href":"https:\/\/www.blecha.at\/sk\/wp-json\/wp\/v2\/comments?post=22394"}],"version-history":[{"count":33,"href":"https:\/\/www.blecha.at\/sk\/wp-json\/wp\/v2\/pages\/22394\/revisions"}],"predecessor-version":[{"id":26854,"href":"https:\/\/www.blecha.at\/sk\/wp-json\/wp\/v2\/pages\/22394\/revisions\/26854"}],"up":[{"embeddable":true,"href":"https:\/\/www.blecha.at\/sk\/wp-json\/wp\/v2\/pages\/26630"}],"wp:attachment":[{"href":"https:\/\/www.blecha.at\/sk\/wp-json\/wp\/v2\/media?parent=22394"}],"curies":[{"name":"wp","href":"https:\/\/api.w.org\/{rel}","templated":true}]}}

<!-- This site is optimized with the Yoast SEO plugin v27.3 - https://yoast.com/product/yoast-seo-wordpress/ -->
<title>T-kusy | BLECHA Aluprofile</title>
<meta name="description" content="Objavte naše vysokokvalitné T-kusy vyrobené z hliníka. Naše hliníkové T-kusy sú ideálnou voľbou pre konštrukcie, kde sú potrebné odbočky a spoje. So širokou škálou odpalísk, vrátane redukovaných odpalísk, vám ponúkame nástroje na vytváranie flexibilných a stabilných štruktúr. Naše hliníkové T-kusy spĺňajú najvyššie štandardy kvality a sú základom pre odolné a presné konštrukcie." />
<meta name="robots" content="index, follow, max-snippet:-1, max-image-preview:large, max-video-preview:-1" />
<link rel="canonical" href="https://www.blecha.at/sk/produkty/fittings/t-kusy/" />
<meta property="og:locale" content="sk_SK" />
<meta property="og:type" content="article" />
<meta property="og:title" content="T-kusy | BLECHA Aluprofile" />
<meta property="og:description" content="Objavte naše vysokokvalitné T-kusy vyrobené z hliníka. Naše hliníkové T-kusy sú ideálnou voľbou pre konštrukcie, kde sú potrebné odbočky a spoje. So širokou škálou odpalísk, vrátane redukovaných odpalísk, vám ponúkame nástroje na vytváranie flexibilných a stabilných štruktúr. Naše hliníkové T-kusy spĺňajú najvyššie štandardy kvality a sú základom pre odolné a presné konštrukcie." />
<meta property="og:url" content="https://www.blecha.at/sk/produkty/fittings/t-kusy/" />
<meta property="og:site_name" content="BLECHA" />
<meta property="article:modified_time" content="2024-01-31T08:20:30+00:00" />
<meta property="og:image" content="https://www.blecha.at/wp-content/uploads/2021/02/blecha-unternehmen-auswahl-gebaeude-3-scaled.jpg" />
	<meta property="og:image:width" content="2560" />
	<meta property="og:image:height" content="1642" />
	<meta property="og:image:type" content="image/jpeg" />
<meta name="twitter:card" content="summary_large_image" />
<script type="application/ld+json" class="yoast-schema-graph">{"@context":"https:\/\/schema.org","@graph":[{"@type":"WebPage","@id":"https:\/\/www.blecha.at\/sk\/produkty\/fittings\/t-kusy\/","url":"https:\/\/www.blecha.at\/sk\/produkty\/fittings\/t-kusy\/","name":"T-kusy | BLECHA Aluprofile","isPartOf":{"@id":"https:\/\/www.blecha.at\/#website"},"datePublished":"2023-02-01T09:44:02+00:00","dateModified":"2024-01-31T08:20:30+00:00","description":"Objavte naše vysokokvalitné T-kusy vyrobené z hliníka. Naše hliníkové T-kusy sú ideálnou voľbou pre konštrukcie, kde sú potrebné odbočky a spoje. So širokou škálou odpalísk, vrátane redukovaných odpalísk, vám ponúkame nástroje na vytváranie flexibilných a stabilných štruktúr. Naše hliníkové T-kusy spĺňajú najvyššie štandardy kvality a sú základom pre odolné a presné konštrukcie.","breadcrumb":{"@id":"https:\/\/www.blecha.at\/sk\/produkty\/fittings\/t-kusy\/#breadcrumb"},"inLanguage":"sk-SK","potentialAction":[{"@type":"ReadAction","target":["https:\/\/www.blecha.at\/sk\/produkty\/fittings\/t-kusy\/"]}]},{"@type":"BreadcrumbList","@id":"https:\/\/www.blecha.at\/sk\/produkty\/fittings\/t-kusy\/#breadcrumb","itemListElement":[{"@type":"ListItem","position":1,"name":"Home","item":"https:\/\/www.blecha.at\/sk\/"},{"@type":"ListItem","position":2,"name":"Produkty","item":"https:\/\/www.blecha.at\/sk\/produkty\/"},{"@type":"ListItem","position":3,"name":"Tvarovky","item":"https:\/\/www.blecha.at\/sk\/produkty\/fittings\/"},{"@type":"ListItem","position":4,"name":"T-kusy"}]},{"@type":"WebSite","@id":"https:\/\/www.blecha.at\/#website","url":"https:\/\/www.blecha.at\/","name":"BLECHA","description":"Eine weitere WordPress-Website","potentialAction":[{"@type":"SearchAction","target":{"@type":"EntryPoint","urlTemplate":"https:\/\/www.blecha.at\/?s={search_term_string}"},"query-input":{"@type":"PropertyValueSpecification","valueRequired":true,"valueName":"search_term_string"}}],"inLanguage":"sk-SK"}]}</script>
<!-- / Yoast SEO plugin. -->

Objavte naše vysokokvalitné T-kusy vyrobené z hliníka. Naše hliníkové T-kusy sú ideálnou voľbou pre konštrukcie, kde sú potrebné odbočky a spoje. So širokou škálou odpalísk, vrátane redukovaných odpalísk, vám ponúkame nástroje na vytváranie flexibilných a stabilných štruktúr. Naše hliníkové T-kusy spĺňajú najvyššie štandardy kvality a sú základom pre odolné a presné konštrukcie.
