{"id":24163,"date":"2023-09-13T17:05:51","date_gmt":"2023-09-13T15:05:51","guid":{"rendered":"https:\/\/www.blecha.at\/produkty\/plechy-a-dosky\/bleche-und-platten\/"},"modified":"2024-06-27T21:10:49","modified_gmt":"2024-06-27T19:10:49","slug":"plechy-a-platne","status":"publish","type":"page","link":"https:\/\/www.blecha.at\/sk\/produkty\/plechy-a-dosky\/plechy-a-platne\/","title":{"rendered":"Plechy a platne"},"content":{"rendered":"","protected":false},"excerpt":{"rendered":"","protected":false},"author":2,"featured_media":0,"parent":5630,"menu_order":0,"comment_status":"closed","ping_status":"closed","template":"page-zaunsysteme-details.php","meta":{"_acf_changed":false,"footnotes":""},"class_list":["post-24163","page","type-page","status-publish","hentry"],"acf":[],"yoast_head":"<!-- This site is optimized with the Yoast SEO plugin v27.3 - https:\/\/yoast.com\/product\/yoast-seo-wordpress\/ -->\n<title>Plechy a platne | BLECHA Aluprofil<\/title>\n<meta name=\"description\" content=\"Pon\u00fakame \u0161irok\u00fd v\u00fdber hlin\u00edkov\u00fdch plechov a hlin\u00edkov\u00fdch platn\u00ed - z \u010dist\u00e9ho hlin\u00edka, s pr\u00e1\u0161kovou povrchovou \u00fapravou, eloxovan\u00e9 alebo dierovan\u00e9\" \/>\n<meta name=\"robots\" content=\"index, follow, max-snippet:-1, max-image-preview:large, max-video-preview:-1\" \/>\n<link rel=\"canonical\" href=\"https:\/\/www.blecha.at\/sk\/produkty\/plechy-a-dosky\/plechy-a-platne\/\" \/>\n<meta property=\"og:locale\" content=\"sk_SK\" \/>\n<meta property=\"og:type\" content=\"article\" \/>\n<meta property=\"og:title\" content=\"Plechy a platne | BLECHA Aluprofil\" \/>\n<meta property=\"og:description\" content=\"Pon\u00fakame \u0161irok\u00fd v\u00fdber hlin\u00edkov\u00fdch plechov a hlin\u00edkov\u00fdch platn\u00ed - z \u010dist\u00e9ho hlin\u00edka, s pr\u00e1\u0161kovou povrchovou \u00fapravou, eloxovan\u00e9 alebo dierovan\u00e9\" \/>\n<meta property=\"og:url\" content=\"https:\/\/www.blecha.at\/sk\/produkty\/plechy-a-dosky\/plechy-a-platne\/\" \/>\n<meta property=\"og:site_name\" content=\"BLECHA\" \/>\n<meta property=\"article:modified_time\" content=\"2024-06-27T19:10:49+00:00\" \/>\n<meta property=\"og:image\" content=\"https:\/\/www.blecha.at\/wp-content\/uploads\/2021\/02\/blecha-unternehmen-auswahl-gebaeude-3-scaled.jpg\" \/>\n\t<meta property=\"og:image:width\" content=\"2560\" \/>\n\t<meta property=\"og:image:height\" content=\"1642\" \/>\n\t<meta property=\"og:image:type\" content=\"image\/jpeg\" \/>\n<meta name=\"twitter:card\" content=\"summary_large_image\" \/>\n<script type=\"application\/ld+json\" class=\"yoast-schema-graph\">{\"@context\":\"https:\\\/\\\/schema.org\",\"@graph\":[{\"@type\":\"WebPage\",\"@id\":\"https:\\\/\\\/www.blecha.at\\\/sk\\\/produkty\\\/plechy-a-dosky\\\/plechy-a-platne\\\/\",\"url\":\"https:\\\/\\\/www.blecha.at\\\/sk\\\/produkty\\\/plechy-a-dosky\\\/plechy-a-platne\\\/\",\"name\":\"Plechy a platne | BLECHA Aluprofil\",\"isPartOf\":{\"@id\":\"https:\\\/\\\/www.blecha.at\\\/#website\"},\"datePublished\":\"2023-09-13T15:05:51+00:00\",\"dateModified\":\"2024-06-27T19:10:49+00:00\",\"description\":\"Pon\u00fakame \u0161irok\u00fd v\u00fdber hlin\u00edkov\u00fdch plechov a hlin\u00edkov\u00fdch platn\u00ed - z \u010dist\u00e9ho hlin\u00edka, s pr\u00e1\u0161kovou povrchovou \u00fapravou, eloxovan\u00e9 alebo dierovan\u00e9\",\"breadcrumb\":{\"@id\":\"https:\\\/\\\/www.blecha.at\\\/sk\\\/produkty\\\/plechy-a-dosky\\\/plechy-a-platne\\\/#breadcrumb\"},\"inLanguage\":\"sk-SK\",\"potentialAction\":[{\"@type\":\"ReadAction\",\"target\":[\"https:\\\/\\\/www.blecha.at\\\/sk\\\/produkty\\\/plechy-a-dosky\\\/plechy-a-platne\\\/\"]}]},{\"@type\":\"BreadcrumbList\",\"@id\":\"https:\\\/\\\/www.blecha.at\\\/sk\\\/produkty\\\/plechy-a-dosky\\\/plechy-a-platne\\\/#breadcrumb\",\"itemListElement\":[{\"@type\":\"ListItem\",\"position\":1,\"name\":\"Home\",\"item\":\"https:\\\/\\\/www.blecha.at\\\/sk\\\/\"},{\"@type\":\"ListItem\",\"position\":2,\"name\":\"Produkty\",\"item\":\"https:\\\/\\\/www.blecha.at\\\/sk\\\/produkty\\\/\"},{\"@type\":\"ListItem\",\"position\":3,\"name\":\"Plechy a dosky\",\"item\":\"https:\\\/\\\/www.blecha.at\\\/sk\\\/produkty\\\/plechy-a-dosky\\\/\"},{\"@type\":\"ListItem\",\"position\":4,\"name\":\"Plechy a platne\"}]},{\"@type\":\"WebSite\",\"@id\":\"https:\\\/\\\/www.blecha.at\\\/#website\",\"url\":\"https:\\\/\\\/www.blecha.at\\\/\",\"name\":\"BLECHA\",\"description\":\"Eine weitere WordPress-Website\",\"potentialAction\":[{\"@type\":\"SearchAction\",\"target\":{\"@type\":\"EntryPoint\",\"urlTemplate\":\"https:\\\/\\\/www.blecha.at\\\/?s={search_term_string}\"},\"query-input\":{\"@type\":\"PropertyValueSpecification\",\"valueRequired\":true,\"valueName\":\"search_term_string\"}}],\"inLanguage\":\"sk-SK\"}]}<\/script>\n<!-- \/ Yoast SEO plugin. -->","yoast_head_json":{"title":"Plechy a platne | BLECHA Aluprofil","description":"Pon\u00fakame \u0161irok\u00fd v\u00fdber hlin\u00edkov\u00fdch plechov a hlin\u00edkov\u00fdch platn\u00ed - z \u010dist\u00e9ho hlin\u00edka, s pr\u00e1\u0161kovou povrchovou \u00fapravou, eloxovan\u00e9 alebo dierovan\u00e9","robots":{"index":"index","follow":"follow","max-snippet":"max-snippet:-1","max-image-preview":"max-image-preview:large","max-video-preview":"max-video-preview:-1"},"canonical":"https:\/\/www.blecha.at\/sk\/produkty\/plechy-a-dosky\/plechy-a-platne\/","og_locale":"sk_SK","og_type":"article","og_title":"Plechy a platne | BLECHA Aluprofil","og_description":"Pon\u00fakame \u0161irok\u00fd v\u00fdber hlin\u00edkov\u00fdch plechov a hlin\u00edkov\u00fdch platn\u00ed - z \u010dist\u00e9ho hlin\u00edka, s pr\u00e1\u0161kovou povrchovou \u00fapravou, eloxovan\u00e9 alebo dierovan\u00e9","og_url":"https:\/\/www.blecha.at\/sk\/produkty\/plechy-a-dosky\/plechy-a-platne\/","og_site_name":"BLECHA","article_modified_time":"2024-06-27T19:10:49+00:00","og_image":[{"width":2560,"height":1642,"url":"https:\/\/www.blecha.at\/wp-content\/uploads\/2021\/02\/blecha-unternehmen-auswahl-gebaeude-3-scaled.jpg","type":"image\/jpeg"}],"twitter_card":"summary_large_image","schema":{"@context":"https:\/\/schema.org","@graph":[{"@type":"WebPage","@id":"https:\/\/www.blecha.at\/sk\/produkty\/plechy-a-dosky\/plechy-a-platne\/","url":"https:\/\/www.blecha.at\/sk\/produkty\/plechy-a-dosky\/plechy-a-platne\/","name":"Plechy a platne | BLECHA Aluprofil","isPartOf":{"@id":"https:\/\/www.blecha.at\/#website"},"datePublished":"2023-09-13T15:05:51+00:00","dateModified":"2024-06-27T19:10:49+00:00","description":"Pon\u00fakame \u0161irok\u00fd v\u00fdber hlin\u00edkov\u00fdch plechov a hlin\u00edkov\u00fdch platn\u00ed - z \u010dist\u00e9ho hlin\u00edka, s pr\u00e1\u0161kovou povrchovou \u00fapravou, eloxovan\u00e9 alebo dierovan\u00e9","breadcrumb":{"@id":"https:\/\/www.blecha.at\/sk\/produkty\/plechy-a-dosky\/plechy-a-platne\/#breadcrumb"},"inLanguage":"sk-SK","potentialAction":[{"@type":"ReadAction","target":["https:\/\/www.blecha.at\/sk\/produkty\/plechy-a-dosky\/plechy-a-platne\/"]}]},{"@type":"BreadcrumbList","@id":"https:\/\/www.blecha.at\/sk\/produkty\/plechy-a-dosky\/plechy-a-platne\/#breadcrumb","itemListElement":[{"@type":"ListItem","position":1,"name":"Home","item":"https:\/\/www.blecha.at\/sk\/"},{"@type":"ListItem","position":2,"name":"Produkty","item":"https:\/\/www.blecha.at\/sk\/produkty\/"},{"@type":"ListItem","position":3,"name":"Plechy a dosky","item":"https:\/\/www.blecha.at\/sk\/produkty\/plechy-a-dosky\/"},{"@type":"ListItem","position":4,"name":"Plechy a platne"}]},{"@type":"WebSite","@id":"https:\/\/www.blecha.at\/#website","url":"https:\/\/www.blecha.at\/","name":"BLECHA","description":"Eine weitere WordPress-Website","potentialAction":[{"@type":"SearchAction","target":{"@type":"EntryPoint","urlTemplate":"https:\/\/www.blecha.at\/?s={search_term_string}"},"query-input":{"@type":"PropertyValueSpecification","valueRequired":true,"valueName":"search_term_string"}}],"inLanguage":"sk-SK"}]}},"_links":{"self":[{"href":"https:\/\/www.blecha.at\/sk\/wp-json\/wp\/v2\/pages\/24163","targetHints":{"allow":["GET"]}}],"collection":[{"href":"https:\/\/www.blecha.at\/sk\/wp-json\/wp\/v2\/pages"}],"about":[{"href":"https:\/\/www.blecha.at\/sk\/wp-json\/wp\/v2\/types\/page"}],"author":[{"embeddable":true,"href":"https:\/\/www.blecha.at\/sk\/wp-json\/wp\/v2\/users\/2"}],"replies":[{"embeddable":true,"href":"https:\/\/www.blecha.at\/sk\/wp-json\/wp\/v2\/comments?post=24163"}],"version-history":[{"count":5,"href":"https:\/\/www.blecha.at\/sk\/wp-json\/wp\/v2\/pages\/24163\/revisions"}],"predecessor-version":[{"id":27804,"href":"https:\/\/www.blecha.at\/sk\/wp-json\/wp\/v2\/pages\/24163\/revisions\/27804"}],"up":[{"embeddable":true,"href":"https:\/\/www.blecha.at\/sk\/wp-json\/wp\/v2\/pages\/5630"}],"wp:attachment":[{"href":"https:\/\/www.blecha.at\/sk\/wp-json\/wp\/v2\/media?parent=24163"}],"curies":[{"name":"wp","href":"https:\/\/api.w.org\/{rel}","templated":true}]}}

<!-- This site is optimized with the Yoast SEO plugin v27.3 - https://yoast.com/product/yoast-seo-wordpress/ -->
<title>Plechy a platne | BLECHA Aluprofil</title>
<meta name="description" content="Ponúkame široký výber hliníkových plechov a hliníkových platní - z čistého hliníka, s práškovou povrchovou úpravou, eloxované alebo dierované" />
<meta name="robots" content="index, follow, max-snippet:-1, max-image-preview:large, max-video-preview:-1" />
<link rel="canonical" href="https://www.blecha.at/sk/produkty/plechy-a-dosky/plechy-a-platne/" />
<meta property="og:locale" content="sk_SK" />
<meta property="og:type" content="article" />
<meta property="og:title" content="Plechy a platne | BLECHA Aluprofil" />
<meta property="og:description" content="Ponúkame široký výber hliníkových plechov a hliníkových platní - z čistého hliníka, s práškovou povrchovou úpravou, eloxované alebo dierované" />
<meta property="og:url" content="https://www.blecha.at/sk/produkty/plechy-a-dosky/plechy-a-platne/" />
<meta property="og:site_name" content="BLECHA" />
<meta property="article:modified_time" content="2024-06-27T19:10:49+00:00" />
<meta property="og:image" content="https://www.blecha.at/wp-content/uploads/2021/02/blecha-unternehmen-auswahl-gebaeude-3-scaled.jpg" />
	<meta property="og:image:width" content="2560" />
	<meta property="og:image:height" content="1642" />
	<meta property="og:image:type" content="image/jpeg" />
<meta name="twitter:card" content="summary_large_image" />
<script type="application/ld+json" class="yoast-schema-graph">{"@context":"https:\/\/schema.org","@graph":[{"@type":"WebPage","@id":"https:\/\/www.blecha.at\/sk\/produkty\/plechy-a-dosky\/plechy-a-platne\/","url":"https:\/\/www.blecha.at\/sk\/produkty\/plechy-a-dosky\/plechy-a-platne\/","name":"Plechy a platne | BLECHA Aluprofil","isPartOf":{"@id":"https:\/\/www.blecha.at\/#website"},"datePublished":"2023-09-13T15:05:51+00:00","dateModified":"2024-06-27T19:10:49+00:00","description":"Ponúkame široký výber hliníkových plechov a hliníkových platní - z čistého hliníka, s práškovou povrchovou úpravou, eloxované alebo dierované","breadcrumb":{"@id":"https:\/\/www.blecha.at\/sk\/produkty\/plechy-a-dosky\/plechy-a-platne\/#breadcrumb"},"inLanguage":"sk-SK","potentialAction":[{"@type":"ReadAction","target":["https:\/\/www.blecha.at\/sk\/produkty\/plechy-a-dosky\/plechy-a-platne\/"]}]},{"@type":"BreadcrumbList","@id":"https:\/\/www.blecha.at\/sk\/produkty\/plechy-a-dosky\/plechy-a-platne\/#breadcrumb","itemListElement":[{"@type":"ListItem","position":1,"name":"Home","item":"https:\/\/www.blecha.at\/sk\/"},{"@type":"ListItem","position":2,"name":"Produkty","item":"https:\/\/www.blecha.at\/sk\/produkty\/"},{"@type":"ListItem","position":3,"name":"Plechy a dosky","item":"https:\/\/www.blecha.at\/sk\/produkty\/plechy-a-dosky\/"},{"@type":"ListItem","position":4,"name":"Plechy a platne"}]},{"@type":"WebSite","@id":"https:\/\/www.blecha.at\/#website","url":"https:\/\/www.blecha.at\/","name":"BLECHA","description":"Eine weitere WordPress-Website","potentialAction":[{"@type":"SearchAction","target":{"@type":"EntryPoint","urlTemplate":"https:\/\/www.blecha.at\/?s={search_term_string}"},"query-input":{"@type":"PropertyValueSpecification","valueRequired":true,"valueName":"search_term_string"}}],"inLanguage":"sk-SK"}]}</script>
<!-- / Yoast SEO plugin. -->

Ponúkame široký výber hliníkových plechov a hliníkových platní - z čistého hliníka, s práškovou povrchovou úpravou, eloxované alebo dierované
