{"id":25056,"date":"2022-12-02T11:54:16","date_gmt":"2022-12-02T10:54:16","guid":{"rendered":"https:\/\/www.blecha.at\/produkty\/specialne-profily\/solar-und-photovoltaik\/"},"modified":"2026-01-26T16:34:28","modified_gmt":"2026-01-26T15:34:28","slug":"solarna-technika-fotovoltaika","status":"publish","type":"page","link":"https:\/\/www.blecha.at\/sk\/produkty\/specialne-profily\/solarna-technika-fotovoltaika\/","title":{"rendered":"Sol\u00e1rna technika\/fotovoltaika"},"content":{"rendered":"","protected":false},"excerpt":{"rendered":"","protected":false},"author":2,"featured_media":0,"parent":6012,"menu_order":0,"comment_status":"closed","ping_status":"closed","template":"page-zaunsysteme-details.php","meta":{"_acf_changed":false,"footnotes":""},"class_list":["post-25056","page","type-page","status-publish","hentry"],"acf":[],"yoast_head":"<!-- This site is optimized with the Yoast SEO plugin v27.3 - https:\/\/yoast.com\/product\/yoast-seo-wordpress\/ -->\n<title>Sol\u00e1rna technika\/fotovoltaika | BLECHA Aluprofile<\/title>\n<meta name=\"description\" content=\"Objavte na\u0161e vysokokvalitn\u00e9 profily pre sol\u00e1rne a fotovoltaick\u00e9 aplik\u00e1cie. N\u00e1\u0161 sortiment zah\u0155\u0148a \u0161peci\u00e1lne vyvinut\u00e9 profily pre sol\u00e1rne a fotovoltaick\u00e9 syst\u00e9my vr\u00e1tane mont\u00e1\u017enych l\u00ed\u0161t, k\u00e1blov\u00fdch l\u00ed\u0161t a z\u00e1str\u010diek.\" \/>\n<meta name=\"robots\" content=\"index, follow, max-snippet:-1, max-image-preview:large, max-video-preview:-1\" \/>\n<link rel=\"canonical\" href=\"https:\/\/www.blecha.at\/sk\/produkty\/specialne-profily\/solarna-technika-fotovoltaika\/\" \/>\n<meta property=\"og:locale\" content=\"sk_SK\" \/>\n<meta property=\"og:type\" content=\"article\" \/>\n<meta property=\"og:title\" content=\"Sol\u00e1rna technika\/fotovoltaika | BLECHA Aluprofile\" \/>\n<meta property=\"og:description\" content=\"Objavte na\u0161e vysokokvalitn\u00e9 profily pre sol\u00e1rne a fotovoltaick\u00e9 aplik\u00e1cie. N\u00e1\u0161 sortiment zah\u0155\u0148a \u0161peci\u00e1lne vyvinut\u00e9 profily pre sol\u00e1rne a fotovoltaick\u00e9 syst\u00e9my vr\u00e1tane mont\u00e1\u017enych l\u00ed\u0161t, k\u00e1blov\u00fdch l\u00ed\u0161t a z\u00e1str\u010diek.\" \/>\n<meta property=\"og:url\" content=\"https:\/\/www.blecha.at\/sk\/produkty\/specialne-profily\/solarna-technika-fotovoltaika\/\" \/>\n<meta property=\"og:site_name\" content=\"BLECHA\" \/>\n<meta property=\"article:modified_time\" content=\"2026-01-26T15:34:28+00:00\" \/>\n<meta property=\"og:image\" content=\"https:\/\/www.blecha.at\/wp-content\/uploads\/2021\/02\/blecha-unternehmen-auswahl-gebaeude-3-scaled.jpg\" \/>\n\t<meta property=\"og:image:width\" content=\"2560\" \/>\n\t<meta property=\"og:image:height\" content=\"1642\" \/>\n\t<meta property=\"og:image:type\" content=\"image\/jpeg\" \/>\n<meta name=\"twitter:card\" content=\"summary_large_image\" \/>\n<script type=\"application\/ld+json\" class=\"yoast-schema-graph\">{\"@context\":\"https:\\\/\\\/schema.org\",\"@graph\":[{\"@type\":\"WebPage\",\"@id\":\"https:\\\/\\\/www.blecha.at\\\/sk\\\/produkty\\\/specialne-profily\\\/solarna-technika-fotovoltaika\\\/\",\"url\":\"https:\\\/\\\/www.blecha.at\\\/sk\\\/produkty\\\/specialne-profily\\\/solarna-technika-fotovoltaika\\\/\",\"name\":\"Sol\u00e1rna technika\\\/fotovoltaika | BLECHA Aluprofile\",\"isPartOf\":{\"@id\":\"https:\\\/\\\/www.blecha.at\\\/#website\"},\"datePublished\":\"2022-12-02T10:54:16+00:00\",\"dateModified\":\"2026-01-26T15:34:28+00:00\",\"description\":\"Objavte na\u0161e vysokokvalitn\u00e9 profily pre sol\u00e1rne a fotovoltaick\u00e9 aplik\u00e1cie. N\u00e1\u0161 sortiment zah\u0155\u0148a \u0161peci\u00e1lne vyvinut\u00e9 profily pre sol\u00e1rne a fotovoltaick\u00e9 syst\u00e9my vr\u00e1tane mont\u00e1\u017enych l\u00ed\u0161t, k\u00e1blov\u00fdch l\u00ed\u0161t a z\u00e1str\u010diek.\",\"breadcrumb\":{\"@id\":\"https:\\\/\\\/www.blecha.at\\\/sk\\\/produkty\\\/specialne-profily\\\/solarna-technika-fotovoltaika\\\/#breadcrumb\"},\"inLanguage\":\"sk-SK\",\"potentialAction\":[{\"@type\":\"ReadAction\",\"target\":[\"https:\\\/\\\/www.blecha.at\\\/sk\\\/produkty\\\/specialne-profily\\\/solarna-technika-fotovoltaika\\\/\"]}]},{\"@type\":\"BreadcrumbList\",\"@id\":\"https:\\\/\\\/www.blecha.at\\\/sk\\\/produkty\\\/specialne-profily\\\/solarna-technika-fotovoltaika\\\/#breadcrumb\",\"itemListElement\":[{\"@type\":\"ListItem\",\"position\":1,\"name\":\"Home\",\"item\":\"https:\\\/\\\/www.blecha.at\\\/sk\\\/\"},{\"@type\":\"ListItem\",\"position\":2,\"name\":\"Produkty\",\"item\":\"https:\\\/\\\/www.blecha.at\\\/sk\\\/produkty\\\/\"},{\"@type\":\"ListItem\",\"position\":3,\"name\":\"\u0160peci\u00e1lne profily\",\"item\":\"https:\\\/\\\/www.blecha.at\\\/sk\\\/produkty\\\/specialne-profily\\\/\"},{\"@type\":\"ListItem\",\"position\":4,\"name\":\"Sol\u00e1rna technika\\\/fotovoltaika\"}]},{\"@type\":\"WebSite\",\"@id\":\"https:\\\/\\\/www.blecha.at\\\/#website\",\"url\":\"https:\\\/\\\/www.blecha.at\\\/\",\"name\":\"BLECHA\",\"description\":\"Eine weitere WordPress-Website\",\"potentialAction\":[{\"@type\":\"SearchAction\",\"target\":{\"@type\":\"EntryPoint\",\"urlTemplate\":\"https:\\\/\\\/www.blecha.at\\\/?s={search_term_string}\"},\"query-input\":{\"@type\":\"PropertyValueSpecification\",\"valueRequired\":true,\"valueName\":\"search_term_string\"}}],\"inLanguage\":\"sk-SK\"}]}<\/script>\n<!-- \/ Yoast SEO plugin. -->","yoast_head_json":{"title":"Sol\u00e1rna technika\/fotovoltaika | BLECHA Aluprofile","description":"Objavte na\u0161e vysokokvalitn\u00e9 profily pre sol\u00e1rne a fotovoltaick\u00e9 aplik\u00e1cie. N\u00e1\u0161 sortiment zah\u0155\u0148a \u0161peci\u00e1lne vyvinut\u00e9 profily pre sol\u00e1rne a fotovoltaick\u00e9 syst\u00e9my vr\u00e1tane mont\u00e1\u017enych l\u00ed\u0161t, k\u00e1blov\u00fdch l\u00ed\u0161t a z\u00e1str\u010diek.","robots":{"index":"index","follow":"follow","max-snippet":"max-snippet:-1","max-image-preview":"max-image-preview:large","max-video-preview":"max-video-preview:-1"},"canonical":"https:\/\/www.blecha.at\/sk\/produkty\/specialne-profily\/solarna-technika-fotovoltaika\/","og_locale":"sk_SK","og_type":"article","og_title":"Sol\u00e1rna technika\/fotovoltaika | BLECHA Aluprofile","og_description":"Objavte na\u0161e vysokokvalitn\u00e9 profily pre sol\u00e1rne a fotovoltaick\u00e9 aplik\u00e1cie. N\u00e1\u0161 sortiment zah\u0155\u0148a \u0161peci\u00e1lne vyvinut\u00e9 profily pre sol\u00e1rne a fotovoltaick\u00e9 syst\u00e9my vr\u00e1tane mont\u00e1\u017enych l\u00ed\u0161t, k\u00e1blov\u00fdch l\u00ed\u0161t a z\u00e1str\u010diek.","og_url":"https:\/\/www.blecha.at\/sk\/produkty\/specialne-profily\/solarna-technika-fotovoltaika\/","og_site_name":"BLECHA","article_modified_time":"2026-01-26T15:34:28+00:00","og_image":[{"width":2560,"height":1642,"url":"https:\/\/www.blecha.at\/wp-content\/uploads\/2021\/02\/blecha-unternehmen-auswahl-gebaeude-3-scaled.jpg","type":"image\/jpeg"}],"twitter_card":"summary_large_image","schema":{"@context":"https:\/\/schema.org","@graph":[{"@type":"WebPage","@id":"https:\/\/www.blecha.at\/sk\/produkty\/specialne-profily\/solarna-technika-fotovoltaika\/","url":"https:\/\/www.blecha.at\/sk\/produkty\/specialne-profily\/solarna-technika-fotovoltaika\/","name":"Sol\u00e1rna technika\/fotovoltaika | BLECHA Aluprofile","isPartOf":{"@id":"https:\/\/www.blecha.at\/#website"},"datePublished":"2022-12-02T10:54:16+00:00","dateModified":"2026-01-26T15:34:28+00:00","description":"Objavte na\u0161e vysokokvalitn\u00e9 profily pre sol\u00e1rne a fotovoltaick\u00e9 aplik\u00e1cie. N\u00e1\u0161 sortiment zah\u0155\u0148a \u0161peci\u00e1lne vyvinut\u00e9 profily pre sol\u00e1rne a fotovoltaick\u00e9 syst\u00e9my vr\u00e1tane mont\u00e1\u017enych l\u00ed\u0161t, k\u00e1blov\u00fdch l\u00ed\u0161t a z\u00e1str\u010diek.","breadcrumb":{"@id":"https:\/\/www.blecha.at\/sk\/produkty\/specialne-profily\/solarna-technika-fotovoltaika\/#breadcrumb"},"inLanguage":"sk-SK","potentialAction":[{"@type":"ReadAction","target":["https:\/\/www.blecha.at\/sk\/produkty\/specialne-profily\/solarna-technika-fotovoltaika\/"]}]},{"@type":"BreadcrumbList","@id":"https:\/\/www.blecha.at\/sk\/produkty\/specialne-profily\/solarna-technika-fotovoltaika\/#breadcrumb","itemListElement":[{"@type":"ListItem","position":1,"name":"Home","item":"https:\/\/www.blecha.at\/sk\/"},{"@type":"ListItem","position":2,"name":"Produkty","item":"https:\/\/www.blecha.at\/sk\/produkty\/"},{"@type":"ListItem","position":3,"name":"\u0160peci\u00e1lne profily","item":"https:\/\/www.blecha.at\/sk\/produkty\/specialne-profily\/"},{"@type":"ListItem","position":4,"name":"Sol\u00e1rna technika\/fotovoltaika"}]},{"@type":"WebSite","@id":"https:\/\/www.blecha.at\/#website","url":"https:\/\/www.blecha.at\/","name":"BLECHA","description":"Eine weitere WordPress-Website","potentialAction":[{"@type":"SearchAction","target":{"@type":"EntryPoint","urlTemplate":"https:\/\/www.blecha.at\/?s={search_term_string}"},"query-input":{"@type":"PropertyValueSpecification","valueRequired":true,"valueName":"search_term_string"}}],"inLanguage":"sk-SK"}]}},"_links":{"self":[{"href":"https:\/\/www.blecha.at\/sk\/wp-json\/wp\/v2\/pages\/25056","targetHints":{"allow":["GET"]}}],"collection":[{"href":"https:\/\/www.blecha.at\/sk\/wp-json\/wp\/v2\/pages"}],"about":[{"href":"https:\/\/www.blecha.at\/sk\/wp-json\/wp\/v2\/types\/page"}],"author":[{"embeddable":true,"href":"https:\/\/www.blecha.at\/sk\/wp-json\/wp\/v2\/users\/2"}],"replies":[{"embeddable":true,"href":"https:\/\/www.blecha.at\/sk\/wp-json\/wp\/v2\/comments?post=25056"}],"version-history":[{"count":5,"href":"https:\/\/www.blecha.at\/sk\/wp-json\/wp\/v2\/pages\/25056\/revisions"}],"predecessor-version":[{"id":31801,"href":"https:\/\/www.blecha.at\/sk\/wp-json\/wp\/v2\/pages\/25056\/revisions\/31801"}],"up":[{"embeddable":true,"href":"https:\/\/www.blecha.at\/sk\/wp-json\/wp\/v2\/pages\/6012"}],"wp:attachment":[{"href":"https:\/\/www.blecha.at\/sk\/wp-json\/wp\/v2\/media?parent=25056"}],"curies":[{"name":"wp","href":"https:\/\/api.w.org\/{rel}","templated":true}]}}

Solárna technika/fotovoltaika

<!-- This site is optimized with the Yoast SEO plugin v27.3 - https://yoast.com/product/yoast-seo-wordpress/ -->
<title>Solárna technika/fotovoltaika | BLECHA Aluprofile</title>
<meta name="description" content="Objavte naše vysokokvalitné profily pre solárne a fotovoltaické aplikácie. Náš sortiment zahŕňa špeciálne vyvinuté profily pre solárne a fotovoltaické systémy vrátane montážnych líšt, káblových líšt a zástrčiek." />
<meta name="robots" content="index, follow, max-snippet:-1, max-image-preview:large, max-video-preview:-1" />
<link rel="canonical" href="https://www.blecha.at/sk/produkty/specialne-profily/solarna-technika-fotovoltaika/" />
<meta property="og:locale" content="sk_SK" />
<meta property="og:type" content="article" />
<meta property="og:title" content="Solárna technika/fotovoltaika | BLECHA Aluprofile" />
<meta property="og:description" content="Objavte naše vysokokvalitné profily pre solárne a fotovoltaické aplikácie. Náš sortiment zahŕňa špeciálne vyvinuté profily pre solárne a fotovoltaické systémy vrátane montážnych líšt, káblových líšt a zástrčiek." />
<meta property="og:url" content="https://www.blecha.at/sk/produkty/specialne-profily/solarna-technika-fotovoltaika/" />
<meta property="og:site_name" content="BLECHA" />
<meta property="article:modified_time" content="2026-01-26T15:34:28+00:00" />
<meta property="og:image" content="https://www.blecha.at/wp-content/uploads/2021/02/blecha-unternehmen-auswahl-gebaeude-3-scaled.jpg" />
	<meta property="og:image:width" content="2560" />
	<meta property="og:image:height" content="1642" />
	<meta property="og:image:type" content="image/jpeg" />
<meta name="twitter:card" content="summary_large_image" />
<script type="application/ld+json" class="yoast-schema-graph">{"@context":"https:\/\/schema.org","@graph":[{"@type":"WebPage","@id":"https:\/\/www.blecha.at\/sk\/produkty\/specialne-profily\/solarna-technika-fotovoltaika\/","url":"https:\/\/www.blecha.at\/sk\/produkty\/specialne-profily\/solarna-technika-fotovoltaika\/","name":"Solárna technika\/fotovoltaika | BLECHA Aluprofile","isPartOf":{"@id":"https:\/\/www.blecha.at\/#website"},"datePublished":"2022-12-02T10:54:16+00:00","dateModified":"2026-01-26T15:34:28+00:00","description":"Objavte naše vysokokvalitné profily pre solárne a fotovoltaické aplikácie. Náš sortiment zahŕňa špeciálne vyvinuté profily pre solárne a fotovoltaické systémy vrátane montážnych líšt, káblových líšt a zástrčiek.","breadcrumb":{"@id":"https:\/\/www.blecha.at\/sk\/produkty\/specialne-profily\/solarna-technika-fotovoltaika\/#breadcrumb"},"inLanguage":"sk-SK","potentialAction":[{"@type":"ReadAction","target":["https:\/\/www.blecha.at\/sk\/produkty\/specialne-profily\/solarna-technika-fotovoltaika\/"]}]},{"@type":"BreadcrumbList","@id":"https:\/\/www.blecha.at\/sk\/produkty\/specialne-profily\/solarna-technika-fotovoltaika\/#breadcrumb","itemListElement":[{"@type":"ListItem","position":1,"name":"Home","item":"https:\/\/www.blecha.at\/sk\/"},{"@type":"ListItem","position":2,"name":"Produkty","item":"https:\/\/www.blecha.at\/sk\/produkty\/"},{"@type":"ListItem","position":3,"name":"Špeciálne profily","item":"https:\/\/www.blecha.at\/sk\/produkty\/specialne-profily\/"},{"@type":"ListItem","position":4,"name":"Solárna technika\/fotovoltaika"}]},{"@type":"WebSite","@id":"https:\/\/www.blecha.at\/#website","url":"https:\/\/www.blecha.at\/","name":"BLECHA","description":"Eine weitere WordPress-Website","potentialAction":[{"@type":"SearchAction","target":{"@type":"EntryPoint","urlTemplate":"https:\/\/www.blecha.at\/?s={search_term_string}"},"query-input":{"@type":"PropertyValueSpecification","valueRequired":true,"valueName":"search_term_string"}}],"inLanguage":"sk-SK"}]}</script>
<!-- / Yoast SEO plugin. -->

Solárna technika/fotovoltaika | BLECHA Aluprofile

Objavte naše vysokokvalitné profily pre solárne a fotovoltaické aplikácie. Náš sortiment zahŕňa špeciálne vyvinuté profily pre solárne a fotovoltaické systémy vrátane montážnych líšt, káblových líšt a zástrčiek.

Špeciálne profily
