{"id":4492,"date":"2020-10-15T18:52:30","date_gmt":"2020-10-15T16:52:30","guid":{"rendered":"https:\/\/www.blecha.at\/karriere\/"},"modified":"2026-03-09T14:55:01","modified_gmt":"2026-03-09T13:55:01","slug":"kariera","status":"publish","type":"page","link":"https:\/\/www.blecha.at\/sk\/kariera\/","title":{"rendered":"Kari\u00e9ra"},"content":{"rendered":"","protected":false},"excerpt":{"rendered":"","protected":false},"author":2,"featured_media":0,"parent":0,"menu_order":0,"comment_status":"closed","ping_status":"closed","template":"page-karriere.php","meta":{"_acf_changed":false,"footnotes":""},"class_list":["post-4492","page","type-page","status-publish","hentry"],"acf":[],"yoast_head":"<!-- This site is optimized with the Yoast SEO plugin v27.3 - https:\/\/yoast.com\/product\/yoast-seo-wordpress\/ -->\n<title>Kari\u00e9ra | BLECHA<\/title>\n<meta name=\"description\" content=\"Neust\u00e1le h\u013ead\u00e1me motivovan\u00fdch zamestnancov pre n\u00e1\u0161 dynamick\u00fd t\u00edm, aby sme mohli na\u0161im z\u00e1kazn\u00edkom ka\u017ed\u00fd de\u0148 pon\u00faka\u0165 tie najlep\u0161ie slu\u017eby.\" \/>\n<meta name=\"robots\" content=\"index, follow, max-snippet:-1, max-image-preview:large, max-video-preview:-1\" \/>\n<link rel=\"canonical\" href=\"https:\/\/www.blecha.at\/sk\/kariera\/\" \/>\n<meta property=\"og:locale\" content=\"sk_SK\" \/>\n<meta property=\"og:type\" content=\"article\" \/>\n<meta property=\"og:title\" content=\"Kari\u00e9ra | BLECHA\" \/>\n<meta property=\"og:description\" content=\"Neust\u00e1le h\u013ead\u00e1me motivovan\u00fdch zamestnancov pre n\u00e1\u0161 dynamick\u00fd t\u00edm, aby sme mohli na\u0161im z\u00e1kazn\u00edkom ka\u017ed\u00fd de\u0148 pon\u00faka\u0165 tie najlep\u0161ie slu\u017eby.\" \/>\n<meta property=\"og:url\" content=\"https:\/\/www.blecha.at\/sk\/kariera\/\" \/>\n<meta property=\"og:site_name\" content=\"BLECHA\" \/>\n<meta property=\"article:modified_time\" content=\"2026-03-09T13:55:01+00:00\" \/>\n<meta property=\"og:image\" content=\"https:\/\/www.blecha.at\/wp-content\/uploads\/2021\/02\/blecha-unternehmen-auswahl-gebaeude-3-scaled.jpg\" \/>\n\t<meta property=\"og:image:width\" content=\"2560\" \/>\n\t<meta property=\"og:image:height\" content=\"1642\" \/>\n\t<meta property=\"og:image:type\" content=\"image\/jpeg\" \/>\n<meta name=\"twitter:card\" content=\"summary_large_image\" \/>\n<script type=\"application\/ld+json\" class=\"yoast-schema-graph\">{\"@context\":\"https:\\\/\\\/schema.org\",\"@graph\":[{\"@type\":\"WebPage\",\"@id\":\"https:\\\/\\\/www.blecha.at\\\/sk\\\/kariera\\\/\",\"url\":\"https:\\\/\\\/www.blecha.at\\\/sk\\\/kariera\\\/\",\"name\":\"Kari\u00e9ra | BLECHA\",\"isPartOf\":{\"@id\":\"https:\\\/\\\/www.blecha.at\\\/#website\"},\"datePublished\":\"2020-10-15T16:52:30+00:00\",\"dateModified\":\"2026-03-09T13:55:01+00:00\",\"description\":\"Neust\u00e1le h\u013ead\u00e1me motivovan\u00fdch zamestnancov pre n\u00e1\u0161 dynamick\u00fd t\u00edm, aby sme mohli na\u0161im z\u00e1kazn\u00edkom ka\u017ed\u00fd de\u0148 pon\u00faka\u0165 tie najlep\u0161ie slu\u017eby.\",\"breadcrumb\":{\"@id\":\"https:\\\/\\\/www.blecha.at\\\/sk\\\/kariera\\\/#breadcrumb\"},\"inLanguage\":\"sk-SK\",\"potentialAction\":[{\"@type\":\"ReadAction\",\"target\":[\"https:\\\/\\\/www.blecha.at\\\/sk\\\/kariera\\\/\"]}]},{\"@type\":\"BreadcrumbList\",\"@id\":\"https:\\\/\\\/www.blecha.at\\\/sk\\\/kariera\\\/#breadcrumb\",\"itemListElement\":[{\"@type\":\"ListItem\",\"position\":1,\"name\":\"Home\",\"item\":\"https:\\\/\\\/www.blecha.at\\\/sk\\\/\"},{\"@type\":\"ListItem\",\"position\":2,\"name\":\"Kari\u00e9ra\"}]},{\"@type\":\"WebSite\",\"@id\":\"https:\\\/\\\/www.blecha.at\\\/#website\",\"url\":\"https:\\\/\\\/www.blecha.at\\\/\",\"name\":\"BLECHA\",\"description\":\"Eine weitere WordPress-Website\",\"potentialAction\":[{\"@type\":\"SearchAction\",\"target\":{\"@type\":\"EntryPoint\",\"urlTemplate\":\"https:\\\/\\\/www.blecha.at\\\/?s={search_term_string}\"},\"query-input\":{\"@type\":\"PropertyValueSpecification\",\"valueRequired\":true,\"valueName\":\"search_term_string\"}}],\"inLanguage\":\"sk-SK\"}]}<\/script>\n<!-- \/ Yoast SEO plugin. -->","yoast_head_json":{"title":"Kari\u00e9ra | BLECHA","description":"Neust\u00e1le h\u013ead\u00e1me motivovan\u00fdch zamestnancov pre n\u00e1\u0161 dynamick\u00fd t\u00edm, aby sme mohli na\u0161im z\u00e1kazn\u00edkom ka\u017ed\u00fd de\u0148 pon\u00faka\u0165 tie najlep\u0161ie slu\u017eby.","robots":{"index":"index","follow":"follow","max-snippet":"max-snippet:-1","max-image-preview":"max-image-preview:large","max-video-preview":"max-video-preview:-1"},"canonical":"https:\/\/www.blecha.at\/sk\/kariera\/","og_locale":"sk_SK","og_type":"article","og_title":"Kari\u00e9ra | BLECHA","og_description":"Neust\u00e1le h\u013ead\u00e1me motivovan\u00fdch zamestnancov pre n\u00e1\u0161 dynamick\u00fd t\u00edm, aby sme mohli na\u0161im z\u00e1kazn\u00edkom ka\u017ed\u00fd de\u0148 pon\u00faka\u0165 tie najlep\u0161ie slu\u017eby.","og_url":"https:\/\/www.blecha.at\/sk\/kariera\/","og_site_name":"BLECHA","article_modified_time":"2026-03-09T13:55:01+00:00","og_image":[{"width":2560,"height":1642,"url":"https:\/\/www.blecha.at\/wp-content\/uploads\/2021\/02\/blecha-unternehmen-auswahl-gebaeude-3-scaled.jpg","type":"image\/jpeg"}],"twitter_card":"summary_large_image","schema":{"@context":"https:\/\/schema.org","@graph":[{"@type":"WebPage","@id":"https:\/\/www.blecha.at\/sk\/kariera\/","url":"https:\/\/www.blecha.at\/sk\/kariera\/","name":"Kari\u00e9ra | BLECHA","isPartOf":{"@id":"https:\/\/www.blecha.at\/#website"},"datePublished":"2020-10-15T16:52:30+00:00","dateModified":"2026-03-09T13:55:01+00:00","description":"Neust\u00e1le h\u013ead\u00e1me motivovan\u00fdch zamestnancov pre n\u00e1\u0161 dynamick\u00fd t\u00edm, aby sme mohli na\u0161im z\u00e1kazn\u00edkom ka\u017ed\u00fd de\u0148 pon\u00faka\u0165 tie najlep\u0161ie slu\u017eby.","breadcrumb":{"@id":"https:\/\/www.blecha.at\/sk\/kariera\/#breadcrumb"},"inLanguage":"sk-SK","potentialAction":[{"@type":"ReadAction","target":["https:\/\/www.blecha.at\/sk\/kariera\/"]}]},{"@type":"BreadcrumbList","@id":"https:\/\/www.blecha.at\/sk\/kariera\/#breadcrumb","itemListElement":[{"@type":"ListItem","position":1,"name":"Home","item":"https:\/\/www.blecha.at\/sk\/"},{"@type":"ListItem","position":2,"name":"Kari\u00e9ra"}]},{"@type":"WebSite","@id":"https:\/\/www.blecha.at\/#website","url":"https:\/\/www.blecha.at\/","name":"BLECHA","description":"Eine weitere WordPress-Website","potentialAction":[{"@type":"SearchAction","target":{"@type":"EntryPoint","urlTemplate":"https:\/\/www.blecha.at\/?s={search_term_string}"},"query-input":{"@type":"PropertyValueSpecification","valueRequired":true,"valueName":"search_term_string"}}],"inLanguage":"sk-SK"}]}},"_links":{"self":[{"href":"https:\/\/www.blecha.at\/sk\/wp-json\/wp\/v2\/pages\/4492","targetHints":{"allow":["GET"]}}],"collection":[{"href":"https:\/\/www.blecha.at\/sk\/wp-json\/wp\/v2\/pages"}],"about":[{"href":"https:\/\/www.blecha.at\/sk\/wp-json\/wp\/v2\/types\/page"}],"author":[{"embeddable":true,"href":"https:\/\/www.blecha.at\/sk\/wp-json\/wp\/v2\/users\/2"}],"replies":[{"embeddable":true,"href":"https:\/\/www.blecha.at\/sk\/wp-json\/wp\/v2\/comments?post=4492"}],"version-history":[{"count":34,"href":"https:\/\/www.blecha.at\/sk\/wp-json\/wp\/v2\/pages\/4492\/revisions"}],"predecessor-version":[{"id":31922,"href":"https:\/\/www.blecha.at\/sk\/wp-json\/wp\/v2\/pages\/4492\/revisions\/31922"}],"wp:attachment":[{"href":"https:\/\/www.blecha.at\/sk\/wp-json\/wp\/v2\/media?parent=4492"}],"curies":[{"name":"wp","href":"https:\/\/api.w.org\/{rel}","templated":true}]}}

Kariéra

<!-- This site is optimized with the Yoast SEO plugin v27.3 - https://yoast.com/product/yoast-seo-wordpress/ -->
<title>Kariéra | BLECHA</title>
<meta name="description" content="Neustále hľadáme motivovaných zamestnancov pre náš dynamický tím, aby sme mohli našim zákazníkom každý deň ponúkať tie najlepšie služby." />
<meta name="robots" content="index, follow, max-snippet:-1, max-image-preview:large, max-video-preview:-1" />
<link rel="canonical" href="https://www.blecha.at/sk/kariera/" />
<meta property="og:locale" content="sk_SK" />
<meta property="og:type" content="article" />
<meta property="og:title" content="Kariéra | BLECHA" />
<meta property="og:description" content="Neustále hľadáme motivovaných zamestnancov pre náš dynamický tím, aby sme mohli našim zákazníkom každý deň ponúkať tie najlepšie služby." />
<meta property="og:url" content="https://www.blecha.at/sk/kariera/" />
<meta property="og:site_name" content="BLECHA" />
<meta property="article:modified_time" content="2026-03-09T13:55:01+00:00" />
<meta property="og:image" content="https://www.blecha.at/wp-content/uploads/2021/02/blecha-unternehmen-auswahl-gebaeude-3-scaled.jpg" />
	<meta property="og:image:width" content="2560" />
	<meta property="og:image:height" content="1642" />
	<meta property="og:image:type" content="image/jpeg" />
<meta name="twitter:card" content="summary_large_image" />
<script type="application/ld+json" class="yoast-schema-graph">{"@context":"https:\/\/schema.org","@graph":[{"@type":"WebPage","@id":"https:\/\/www.blecha.at\/sk\/kariera\/","url":"https:\/\/www.blecha.at\/sk\/kariera\/","name":"Kariéra | BLECHA","isPartOf":{"@id":"https:\/\/www.blecha.at\/#website"},"datePublished":"2020-10-15T16:52:30+00:00","dateModified":"2026-03-09T13:55:01+00:00","description":"Neustále hľadáme motivovaných zamestnancov pre náš dynamický tím, aby sme mohli našim zákazníkom každý deň ponúkať tie najlepšie služby.","breadcrumb":{"@id":"https:\/\/www.blecha.at\/sk\/kariera\/#breadcrumb"},"inLanguage":"sk-SK","potentialAction":[{"@type":"ReadAction","target":["https:\/\/www.blecha.at\/sk\/kariera\/"]}]},{"@type":"BreadcrumbList","@id":"https:\/\/www.blecha.at\/sk\/kariera\/#breadcrumb","itemListElement":[{"@type":"ListItem","position":1,"name":"Home","item":"https:\/\/www.blecha.at\/sk\/"},{"@type":"ListItem","position":2,"name":"Kariéra"}]},{"@type":"WebSite","@id":"https:\/\/www.blecha.at\/#website","url":"https:\/\/www.blecha.at\/","name":"BLECHA","description":"Eine weitere WordPress-Website","potentialAction":[{"@type":"SearchAction","target":{"@type":"EntryPoint","urlTemplate":"https:\/\/www.blecha.at\/?s={search_term_string}"},"query-input":{"@type":"PropertyValueSpecification","valueRequired":true,"valueName":"search_term_string"}}],"inLanguage":"sk-SK"}]}</script>
<!-- / Yoast SEO plugin. -->

Kariéra | BLECHA

Neustále hľadáme motivovaných zamestnancov pre náš dynamický tím, aby sme mohli našim zákazníkom každý deň ponúkať tie najlepšie služby.
