{"id":5630,"date":"2021-01-22T23:18:28","date_gmt":"2021-01-22T22:18:28","guid":{"rendered":"https:\/\/www.blecha.at\/produkty\/bleche-und-platten\/"},"modified":"2022-02-22T15:10:25","modified_gmt":"2022-02-22T14:10:25","slug":"plechy-a-dosky","status":"publish","type":"page","link":"https:\/\/www.blecha.at\/sk\/produkty\/plechy-a-dosky\/","title":{"rendered":"Plechy a dosky"},"content":{"rendered":"\n<section id=\"sectionTwo\" class=\"mt-lg-n11 py-8 py-md-11 px-lg-9 border-left border-right border-right-lg-none bg-white\">\n\n\n<div class=\"wp-bootstrap-blocks-container container-fluid mb-0\">\n\t\n<div class=\"wp-bootstrap-blocks-row row\">\n\t\n\n<div class=\"col-12 col-md-10\">\n\t\t\t\n\n<h2 class=\"text-secondary scroll-fade-bottom-up visibility-hidden wp-block-heading\" id=\"stabilne-hlinikove-plechy-a-dosky-z-cisteho-hliniku-s-povrchovou-upravou-eloxovane-alebo-perforovane\">Stabiln\u00e9 hlin\u00edkov\u00e9 plechy a, dosky z \u010dist\u00e9ho hlin\u00edku. <br>S povrchovou \u00fapravou, eloxovan\u00e9 alebo perforovan\u00e9.<\/h2>\n\n\n\n<p class=\"scroll-fade-bottom-up visibility-hidden\">N\u00e1jdite ten spr\u00e1vny hlin\u00edkov\u00fd plech. Vyh\u013ead\u00e1vanie V\u00e1m u\u013eah\u010d\u00edme. Bez oh\u013eadu na to, \u010di ide o hlin\u00edkov\u00e9 plechy alebo hlin\u00edkov\u00e9 platne, hladk\u00e9 plechy, slzi\u010dkov\u00e9 plechy (proti\u0161mykov\u00e9 plechy, duett alebo quintett), plechy z \u010dist\u00e9ho hlin\u00edka alebo zliatiny hlin\u00edka a hor\u010d\u00edka, eloxovan\u00e9 a pr\u00e1\u0161kovo lakovan\u00e9 plechy, dierovan\u00e9 plechy (\u0161tvorcov\u00e9 a okr\u00fahle otvory) vo form\u00e1toch 2000 x 1000 mm, 2500 x 1250 mm, 3000 x 1500 mm a tie\u017e 4000 x 2000 mm &#8211; porozpr\u00e1vajte sa s na\u0161imi poradcami, zaru\u010dene n\u00e1jdeme spr\u00e1vne rie\u0161enie. Obdr\u017ete Va\u0161e plechy a dosky, kompaktne spojen\u00e9 v jednej dod\u00e1vke &nbsp;k svojej objedn\u00e1vke profilov.<\/p>\n\n\t<\/div>\n\n<\/div>\n\n<\/div>\n\n\n\n<\/section>\n\n\n\n<section data-jarallax=\"\" data-speed=\".8\" class=\"py-12 py-md-13 overlay overlay-black overlay-40 bg-cover jarallax\" style=\"background-image: url(\/wp-content\/uploads\/2021\/01\/blecha-aluminium-profile.jpg);\">\n  <div class=\"container\">\n    <div class=\"row mx-auto\">\n      <div class=\"col-12 col-md-10\">\n        <!-- Blockquote -->\n        <blockquote class=\"blockquote mb-0\"> \n          \n          <!-- Text -->\n          <p class=\"h2 text-white text-left font-regular scroll-fade-bottom-up visibility-hidden\">Ak to nem\u00e1 Blecha, tak to nem\u00e1 nikto. Prezrite si n\u00e1\u0161 sortiment a n\u00e1jdite po\u017eadovan\u00e9 plechy a dosky.<\/p>\n\n\n<div class=\"wp-bootstrap-blocks-button\">\n\t<a\n\t\thref=\"https:\/\/www.aluprofil.at\/sk\/plechy\/plechy-a-platne\/\"\n\t\t\t\t\t\tclass=\"btn mt-4 scroll-fade-bottom-up visibility-hidden btn-secondary\"\n\t>\n\t\tK sortimentu\t<\/a>\n<\/div>\n\n\n\n<\/blockquote>\n      <\/div>\n    <\/div>\n  <\/div>\n<\/section>\n","protected":false},"excerpt":{"rendered":"Ak to nem\u00e1 Blecha, tak to nem\u00e1 nikto. Prezrite si n\u00e1\u0161 sortiment a n\u00e1jdite po\u017eadovan\u00e9 plechy a dosky.","protected":false},"author":2,"featured_media":5632,"parent":5448,"menu_order":0,"comment_status":"closed","ping_status":"closed","template":"page-produkte.php","meta":{"_acf_changed":false,"footnotes":""},"class_list":["post-5630","page","type-page","status-publish","has-post-thumbnail","hentry"],"acf":[],"yoast_head":"<!-- This site is optimized with the Yoast SEO plugin v27.3 - https:\/\/yoast.com\/product\/yoast-seo-wordpress\/ -->\n<title>Plechy a dosky | BLECHA<\/title>\n<meta name=\"description\" content=\"Stabiln\u00e9 hlin\u00edkov\u00e9 plechy, hlin\u00edkov\u00e9 dosky a plechy z \u010dist\u00e9ho hlin\u00edku v r\u00f4znych prevedeniach. S povrchovou \u00fapravou, eloxovan\u00e9 alebo perforovan\u00e9.\" \/>\n<meta name=\"robots\" content=\"index, follow, max-snippet:-1, max-image-preview:large, max-video-preview:-1\" \/>\n<link rel=\"canonical\" href=\"https:\/\/www.blecha.at\/sk\/produkty\/plechy-a-dosky\/\" \/>\n<meta property=\"og:locale\" content=\"sk_SK\" \/>\n<meta property=\"og:type\" content=\"article\" \/>\n<meta property=\"og:title\" content=\"Plechy a dosky | BLECHA\" \/>\n<meta property=\"og:description\" content=\"Stabiln\u00e9 hlin\u00edkov\u00e9 plechy, hlin\u00edkov\u00e9 dosky a plechy z \u010dist\u00e9ho hlin\u00edku v r\u00f4znych prevedeniach. S povrchovou \u00fapravou, eloxovan\u00e9 alebo perforovan\u00e9.\" \/>\n<meta property=\"og:url\" content=\"https:\/\/www.blecha.at\/sk\/produkty\/plechy-a-dosky\/\" \/>\n<meta property=\"og:site_name\" content=\"BLECHA\" \/>\n<meta property=\"article:modified_time\" content=\"2022-02-22T14:10:25+00:00\" \/>\n<meta property=\"og:image\" content=\"https:\/\/www.blecha.at\/wp-content\/uploads\/2021\/03\/blecha-bleche-und-platten-1-thumbnail.jpg\" \/>\n\t<meta property=\"og:image:width\" content=\"1600\" \/>\n\t<meta property=\"og:image:height\" content=\"1600\" \/>\n\t<meta property=\"og:image:type\" content=\"image\/jpeg\" \/>\n<meta name=\"twitter:card\" content=\"summary_large_image\" \/>\n<meta name=\"twitter:label1\" content=\"Predpokladan\u00fd \u010das \u010d\u00edtania\" \/>\n\t<meta name=\"twitter:data1\" content=\"1 min\u00fata\" \/>\n<script type=\"application\/ld+json\" class=\"yoast-schema-graph\">{\"@context\":\"https:\\\/\\\/schema.org\",\"@graph\":[{\"@type\":\"WebPage\",\"@id\":\"https:\\\/\\\/www.blecha.at\\\/sk\\\/produkty\\\/plechy-a-dosky\\\/\",\"url\":\"https:\\\/\\\/www.blecha.at\\\/sk\\\/produkty\\\/plechy-a-dosky\\\/\",\"name\":\"Plechy a dosky | BLECHA\",\"isPartOf\":{\"@id\":\"https:\\\/\\\/www.blecha.at\\\/#website\"},\"primaryImageOfPage\":{\"@id\":\"https:\\\/\\\/www.blecha.at\\\/sk\\\/produkty\\\/plechy-a-dosky\\\/#primaryimage\"},\"image\":{\"@id\":\"https:\\\/\\\/www.blecha.at\\\/sk\\\/produkty\\\/plechy-a-dosky\\\/#primaryimage\"},\"thumbnailUrl\":\"https:\\\/\\\/www.blecha.at\\\/wp-content\\\/uploads\\\/2021\\\/03\\\/blecha-bleche-und-platten-1-thumbnail.jpg\",\"datePublished\":\"2021-01-22T22:18:28+00:00\",\"dateModified\":\"2022-02-22T14:10:25+00:00\",\"description\":\"Stabiln\u00e9 hlin\u00edkov\u00e9 plechy, hlin\u00edkov\u00e9 dosky a plechy z \u010dist\u00e9ho hlin\u00edku v r\u00f4znych prevedeniach. S povrchovou \u00fapravou, eloxovan\u00e9 alebo perforovan\u00e9.\",\"breadcrumb\":{\"@id\":\"https:\\\/\\\/www.blecha.at\\\/sk\\\/produkty\\\/plechy-a-dosky\\\/#breadcrumb\"},\"inLanguage\":\"sk-SK\",\"potentialAction\":[{\"@type\":\"ReadAction\",\"target\":[\"https:\\\/\\\/www.blecha.at\\\/sk\\\/produkty\\\/plechy-a-dosky\\\/\"]}]},{\"@type\":\"ImageObject\",\"inLanguage\":\"sk-SK\",\"@id\":\"https:\\\/\\\/www.blecha.at\\\/sk\\\/produkty\\\/plechy-a-dosky\\\/#primaryimage\",\"url\":\"https:\\\/\\\/www.blecha.at\\\/wp-content\\\/uploads\\\/2021\\\/03\\\/blecha-bleche-und-platten-1-thumbnail.jpg\",\"contentUrl\":\"https:\\\/\\\/www.blecha.at\\\/wp-content\\\/uploads\\\/2021\\\/03\\\/blecha-bleche-und-platten-1-thumbnail.jpg\",\"width\":1600,\"height\":1600},{\"@type\":\"BreadcrumbList\",\"@id\":\"https:\\\/\\\/www.blecha.at\\\/sk\\\/produkty\\\/plechy-a-dosky\\\/#breadcrumb\",\"itemListElement\":[{\"@type\":\"ListItem\",\"position\":1,\"name\":\"Home\",\"item\":\"https:\\\/\\\/www.blecha.at\\\/sk\\\/\"},{\"@type\":\"ListItem\",\"position\":2,\"name\":\"Produkty\",\"item\":\"https:\\\/\\\/www.blecha.at\\\/sk\\\/produkty\\\/\"},{\"@type\":\"ListItem\",\"position\":3,\"name\":\"Plechy a dosky\"}]},{\"@type\":\"WebSite\",\"@id\":\"https:\\\/\\\/www.blecha.at\\\/#website\",\"url\":\"https:\\\/\\\/www.blecha.at\\\/\",\"name\":\"BLECHA\",\"description\":\"Eine weitere WordPress-Website\",\"potentialAction\":[{\"@type\":\"SearchAction\",\"target\":{\"@type\":\"EntryPoint\",\"urlTemplate\":\"https:\\\/\\\/www.blecha.at\\\/?s={search_term_string}\"},\"query-input\":{\"@type\":\"PropertyValueSpecification\",\"valueRequired\":true,\"valueName\":\"search_term_string\"}}],\"inLanguage\":\"sk-SK\"}]}<\/script>\n<!-- \/ Yoast SEO plugin. -->","yoast_head_json":{"title":"Plechy a dosky | BLECHA","description":"Stabiln\u00e9 hlin\u00edkov\u00e9 plechy, hlin\u00edkov\u00e9 dosky a plechy z \u010dist\u00e9ho hlin\u00edku v r\u00f4znych prevedeniach. S povrchovou \u00fapravou, eloxovan\u00e9 alebo perforovan\u00e9.","robots":{"index":"index","follow":"follow","max-snippet":"max-snippet:-1","max-image-preview":"max-image-preview:large","max-video-preview":"max-video-preview:-1"},"canonical":"https:\/\/www.blecha.at\/sk\/produkty\/plechy-a-dosky\/","og_locale":"sk_SK","og_type":"article","og_title":"Plechy a dosky | BLECHA","og_description":"Stabiln\u00e9 hlin\u00edkov\u00e9 plechy, hlin\u00edkov\u00e9 dosky a plechy z \u010dist\u00e9ho hlin\u00edku v r\u00f4znych prevedeniach. S povrchovou \u00fapravou, eloxovan\u00e9 alebo perforovan\u00e9.","og_url":"https:\/\/www.blecha.at\/sk\/produkty\/plechy-a-dosky\/","og_site_name":"BLECHA","article_modified_time":"2022-02-22T14:10:25+00:00","og_image":[{"width":1600,"height":1600,"url":"https:\/\/www.blecha.at\/wp-content\/uploads\/2021\/03\/blecha-bleche-und-platten-1-thumbnail.jpg","type":"image\/jpeg"}],"twitter_card":"summary_large_image","twitter_misc":{"Predpokladan\u00fd \u010das \u010d\u00edtania":"1 min\u00fata"},"schema":{"@context":"https:\/\/schema.org","@graph":[{"@type":"WebPage","@id":"https:\/\/www.blecha.at\/sk\/produkty\/plechy-a-dosky\/","url":"https:\/\/www.blecha.at\/sk\/produkty\/plechy-a-dosky\/","name":"Plechy a dosky | BLECHA","isPartOf":{"@id":"https:\/\/www.blecha.at\/#website"},"primaryImageOfPage":{"@id":"https:\/\/www.blecha.at\/sk\/produkty\/plechy-a-dosky\/#primaryimage"},"image":{"@id":"https:\/\/www.blecha.at\/sk\/produkty\/plechy-a-dosky\/#primaryimage"},"thumbnailUrl":"https:\/\/www.blecha.at\/wp-content\/uploads\/2021\/03\/blecha-bleche-und-platten-1-thumbnail.jpg","datePublished":"2021-01-22T22:18:28+00:00","dateModified":"2022-02-22T14:10:25+00:00","description":"Stabiln\u00e9 hlin\u00edkov\u00e9 plechy, hlin\u00edkov\u00e9 dosky a plechy z \u010dist\u00e9ho hlin\u00edku v r\u00f4znych prevedeniach. S povrchovou \u00fapravou, eloxovan\u00e9 alebo perforovan\u00e9.","breadcrumb":{"@id":"https:\/\/www.blecha.at\/sk\/produkty\/plechy-a-dosky\/#breadcrumb"},"inLanguage":"sk-SK","potentialAction":[{"@type":"ReadAction","target":["https:\/\/www.blecha.at\/sk\/produkty\/plechy-a-dosky\/"]}]},{"@type":"ImageObject","inLanguage":"sk-SK","@id":"https:\/\/www.blecha.at\/sk\/produkty\/plechy-a-dosky\/#primaryimage","url":"https:\/\/www.blecha.at\/wp-content\/uploads\/2021\/03\/blecha-bleche-und-platten-1-thumbnail.jpg","contentUrl":"https:\/\/www.blecha.at\/wp-content\/uploads\/2021\/03\/blecha-bleche-und-platten-1-thumbnail.jpg","width":1600,"height":1600},{"@type":"BreadcrumbList","@id":"https:\/\/www.blecha.at\/sk\/produkty\/plechy-a-dosky\/#breadcrumb","itemListElement":[{"@type":"ListItem","position":1,"name":"Home","item":"https:\/\/www.blecha.at\/sk\/"},{"@type":"ListItem","position":2,"name":"Produkty","item":"https:\/\/www.blecha.at\/sk\/produkty\/"},{"@type":"ListItem","position":3,"name":"Plechy a dosky"}]},{"@type":"WebSite","@id":"https:\/\/www.blecha.at\/#website","url":"https:\/\/www.blecha.at\/","name":"BLECHA","description":"Eine weitere WordPress-Website","potentialAction":[{"@type":"SearchAction","target":{"@type":"EntryPoint","urlTemplate":"https:\/\/www.blecha.at\/?s={search_term_string}"},"query-input":{"@type":"PropertyValueSpecification","valueRequired":true,"valueName":"search_term_string"}}],"inLanguage":"sk-SK"}]}},"_links":{"self":[{"href":"https:\/\/www.blecha.at\/sk\/wp-json\/wp\/v2\/pages\/5630","targetHints":{"allow":["GET"]}}],"collection":[{"href":"https:\/\/www.blecha.at\/sk\/wp-json\/wp\/v2\/pages"}],"about":[{"href":"https:\/\/www.blecha.at\/sk\/wp-json\/wp\/v2\/types\/page"}],"author":[{"embeddable":true,"href":"https:\/\/www.blecha.at\/sk\/wp-json\/wp\/v2\/users\/2"}],"replies":[{"embeddable":true,"href":"https:\/\/www.blecha.at\/sk\/wp-json\/wp\/v2\/comments?post=5630"}],"version-history":[{"count":5,"href":"https:\/\/www.blecha.at\/sk\/wp-json\/wp\/v2\/pages\/5630\/revisions"}],"predecessor-version":[{"id":14401,"href":"https:\/\/www.blecha.at\/sk\/wp-json\/wp\/v2\/pages\/5630\/revisions\/14401"}],"up":[{"embeddable":true,"href":"https:\/\/www.blecha.at\/sk\/wp-json\/wp\/v2\/pages\/5448"}],"wp:featuredmedia":[{"embeddable":true,"href":"https:\/\/www.blecha.at\/sk\/wp-json\/wp\/v2\/media\/5632"}],"wp:attachment":[{"href":"https:\/\/www.blecha.at\/sk\/wp-json\/wp\/v2\/media?parent=5630"}],"curies":[{"name":"wp","href":"https:\/\/api.w.org\/{rel}","templated":true}]}}

<section id="sectionTwo" class="mt-lg-n11 py-8 py-md-11 px-lg-9 border-left border-right border-right-lg-none bg-white">


<div class="wp-bootstrap-blocks-container container-fluid mb-0">
	
<div class="wp-bootstrap-blocks-row row">
	

<div class="col-12 col-md-10">
			

<h2 class="text-secondary scroll-fade-bottom-up visibility-hidden wp-block-heading" id="stabilne-hlinikove-plechy-a-dosky-z-cisteho-hliniku-s-povrchovou-upravou-eloxovane-alebo-perforovane">Stabilné hliníkové plechy a, dosky z čistého hliníku. <br>S povrchovou úpravou, eloxované alebo perforované.</h2>



<p class="scroll-fade-bottom-up visibility-hidden">Nájdite ten správny hliníkový plech. Vyhľadávanie Vám uľahčíme. Bez ohľadu na to, či ide o hliníkové plechy alebo hliníkové platne, hladké plechy, slzičkové plechy (protišmykové plechy, duett alebo quintett), plechy z čistého hliníka alebo zliatiny hliníka a horčíka, eloxované a práškovo lakované plechy, dierované plechy (štvorcové a okrúhle otvory) vo formátoch 2000 x 1000 mm, 2500 x 1250 mm, 3000 x 1500 mm a tiež 4000 x 2000 mm &#8211; porozprávajte sa s našimi poradcami, zaručene nájdeme správne riešenie. Obdržte Vaše plechy a dosky, kompaktne spojené v jednej dodávke &nbsp;k svojej objednávke profilov.</p>

	</div>

</div>

</div>



</section>



<section data-jarallax="" data-speed=".8" class="py-12 py-md-13 overlay overlay-black overlay-40 bg-cover jarallax" style="background-image: url(/wp-content/uploads/2021/01/blecha-aluminium-profile.jpg);">
  <div class="container">
    <div class="row mx-auto">
      <div class="col-12 col-md-10">
        <!-- Blockquote -->
        <blockquote class="blockquote mb-0"> 
          
          <!-- Text -->
          <p class="h2 text-white text-left font-regular scroll-fade-bottom-up visibility-hidden">Ak to nemá Blecha, tak to nemá nikto. Prezrite si náš sortiment a nájdite požadované plechy a dosky.</p>


<div class="wp-bootstrap-blocks-button">
	<a
		href="https://www.aluprofil.at/sk/plechy/plechy-a-platne/"
						class="btn mt-4 scroll-fade-bottom-up visibility-hidden btn-secondary"
	>
		K sortimentu	</a>
</div>



</blockquote>
      </div>
    </div>
  </div>
</section>

Ak to nemá Blecha, tak to nemá nikto. Prezrite si náš sortiment a nájdite požadované plechy a dosky.

<!-- This site is optimized with the Yoast SEO plugin v27.3 - https://yoast.com/product/yoast-seo-wordpress/ -->
<title>Plechy a dosky | BLECHA</title>
<meta name="description" content="Stabilné hliníkové plechy, hliníkové dosky a plechy z čistého hliníku v rôznych prevedeniach. S povrchovou úpravou, eloxované alebo perforované." />
<meta name="robots" content="index, follow, max-snippet:-1, max-image-preview:large, max-video-preview:-1" />
<link rel="canonical" href="https://www.blecha.at/sk/produkty/plechy-a-dosky/" />
<meta property="og:locale" content="sk_SK" />
<meta property="og:type" content="article" />
<meta property="og:title" content="Plechy a dosky | BLECHA" />
<meta property="og:description" content="Stabilné hliníkové plechy, hliníkové dosky a plechy z čistého hliníku v rôznych prevedeniach. S povrchovou úpravou, eloxované alebo perforované." />
<meta property="og:url" content="https://www.blecha.at/sk/produkty/plechy-a-dosky/" />
<meta property="og:site_name" content="BLECHA" />
<meta property="article:modified_time" content="2022-02-22T14:10:25+00:00" />
<meta property="og:image" content="https://www.blecha.at/wp-content/uploads/2021/03/blecha-bleche-und-platten-1-thumbnail.jpg" />
	<meta property="og:image:width" content="1600" />
	<meta property="og:image:height" content="1600" />
	<meta property="og:image:type" content="image/jpeg" />
<meta name="twitter:card" content="summary_large_image" />
<meta name="twitter:label1" content="Predpokladaný čas čítania" />
	<meta name="twitter:data1" content="1 minúta" />
<script type="application/ld+json" class="yoast-schema-graph">{"@context":"https:\/\/schema.org","@graph":[{"@type":"WebPage","@id":"https:\/\/www.blecha.at\/sk\/produkty\/plechy-a-dosky\/","url":"https:\/\/www.blecha.at\/sk\/produkty\/plechy-a-dosky\/","name":"Plechy a dosky | BLECHA","isPartOf":{"@id":"https:\/\/www.blecha.at\/#website"},"primaryImageOfPage":{"@id":"https:\/\/www.blecha.at\/sk\/produkty\/plechy-a-dosky\/#primaryimage"},"image":{"@id":"https:\/\/www.blecha.at\/sk\/produkty\/plechy-a-dosky\/#primaryimage"},"thumbnailUrl":"https:\/\/www.blecha.at\/wp-content\/uploads\/2021\/03\/blecha-bleche-und-platten-1-thumbnail.jpg","datePublished":"2021-01-22T22:18:28+00:00","dateModified":"2022-02-22T14:10:25+00:00","description":"Stabilné hliníkové plechy, hliníkové dosky a plechy z čistého hliníku v rôznych prevedeniach. S povrchovou úpravou, eloxované alebo perforované.","breadcrumb":{"@id":"https:\/\/www.blecha.at\/sk\/produkty\/plechy-a-dosky\/#breadcrumb"},"inLanguage":"sk-SK","potentialAction":[{"@type":"ReadAction","target":["https:\/\/www.blecha.at\/sk\/produkty\/plechy-a-dosky\/"]}]},{"@type":"ImageObject","inLanguage":"sk-SK","@id":"https:\/\/www.blecha.at\/sk\/produkty\/plechy-a-dosky\/#primaryimage","url":"https:\/\/www.blecha.at\/wp-content\/uploads\/2021\/03\/blecha-bleche-und-platten-1-thumbnail.jpg","contentUrl":"https:\/\/www.blecha.at\/wp-content\/uploads\/2021\/03\/blecha-bleche-und-platten-1-thumbnail.jpg","width":1600,"height":1600},{"@type":"BreadcrumbList","@id":"https:\/\/www.blecha.at\/sk\/produkty\/plechy-a-dosky\/#breadcrumb","itemListElement":[{"@type":"ListItem","position":1,"name":"Home","item":"https:\/\/www.blecha.at\/sk\/"},{"@type":"ListItem","position":2,"name":"Produkty","item":"https:\/\/www.blecha.at\/sk\/produkty\/"},{"@type":"ListItem","position":3,"name":"Plechy a dosky"}]},{"@type":"WebSite","@id":"https:\/\/www.blecha.at\/#website","url":"https:\/\/www.blecha.at\/","name":"BLECHA","description":"Eine weitere WordPress-Website","potentialAction":[{"@type":"SearchAction","target":{"@type":"EntryPoint","urlTemplate":"https:\/\/www.blecha.at\/?s={search_term_string}"},"query-input":{"@type":"PropertyValueSpecification","valueRequired":true,"valueName":"search_term_string"}}],"inLanguage":"sk-SK"}]}</script>
<!-- / Yoast SEO plugin. -->

Stabilné hliníkové plechy, hliníkové dosky a plechy z čistého hliníku v rôznych prevedeniach. S povrchovou úpravou, eloxované alebo perforované.

1 minúta
